2001:41d0:303:8699::1 - - [16/Dec/2025:08:02:07 -0500] "GET /templates/?dir=//home/garumycc/pakaiqris15.click&item=overzoopathy.php&action=rename HTTP/1.1" 200 2876 "-" "Mozilla/5.0 (compatible; MJ12bot/v1.4.8; http://mj12bot.com/)"
216.73.216.53 - - [16/Dec/2025:08:02:00 -0500] "GET /templates/?action=edit&dir=%2F%2Fproc%2Fself%2Froot%2Fusr%2Finclude%2Flinux&item=veth.h HTTP/1.1" 200 27666 "-" "Mozilla/5.0 AppleWebKit/537.36 (KHTML, like Gecko; compatible; ClaudeBot/1.0; +claudebot@anthropic.com)"
216.73.216.53 - - [16/Dec/2025:08:02:00 -0500] "GET /templates/?action=view&dir=%2F%2Fproc%2Fself%2Froot%2Fusr%2Finclude%2Flinux&item=media.h HTTP/1.1" 200 30894 "-" "Mozilla/5.0 AppleWebKit/537.36 (KHTML, like Gecko; compatible; ClaudeBot/1.0; +claudebot@anthropic.com)"
216.73.216.53 - - [16/Dec/2025:08:02:00 -0500] "GET /templates/?action=chmod&dir=%2F%2Fopt%2Fcloudlinux%2Fvenv%2Flib64%2Fpython3.11%2Fsite-packages&item=yaml HTTP/1.1" 200 12564 "-" "Mozilla/5.0 AppleWebKit/537.36 (KHTML, like Gecko; compatible; ClaudeBot/1.0; +claudebot@anthropic.com)"
216.73.216.53 - - [16/Dec/2025:08:02:00 -0500] "GET /templates/?action=view&dir=%2F%2Fproc%2Fself%2Froot%2Fusr%2Finclude%2Flinux&item=vhost.h HTTP/1.1" 200 29726 "-" "Mozilla/5.0 AppleWebKit/537.36 (KHTML, like Gecko; compatible; ClaudeBot/1.0; +claudebot@anthropic.com)"
216.73.216.53 - - [16/Dec/2025:08:02:01 -0500] "GET /templates/?action=view&dir=%2F%2Fproc%2Fself%2Froot%2Fusr%2Flib%2Fnode_modules%2Fnpm&item=CONTRIBUTING.md HTTP/1.1" 200 7396 "-" "Mozilla/5.0 AppleWebKit/537.36 (KHTML, like Gecko; compatible; ClaudeBot/1.0; +claudebot@anthropic.com)"
216.73.216.53 - - [16/Dec/2025:08:02:06 -0500] "GET /templates/?action=edit&dir=%2F%2Fproc%2Fself%2Froot%2Flib64%2Fpython3.6%2Fvenv%2Fscripts%2Fposix&item=activate.fish HTTP/1.1" 200 3596 "-" "Mozilla/5.0 AppleWebKit/537.36 (KHTML, like Gecko; compatible; ClaudeBot/1.0; +claudebot@anthropic.com)"
216.73.216.53 - - [16/Dec/2025:08:02:06 -0500] "GET /templates/?action=chmod&dir=%2F%2Fproc%2Fself%2Froot%2Fusr%2Flib%2Fnode_modules%2Fnpm&item=Makefile HTTP/1.1" 200 3640 "-" "Mozilla/5.0 AppleWebKit/537.36 (KHTML, like Gecko; compatible; ClaudeBot/1.0; +claudebot@anthropic.com)"
216.73.216.53 - - [16/Dec/2025:08:02:00 -0500] "GET /templates/?action=edit&dir=%2Fhome%2Fgarumycc%2Flottobiskuat4d.com%2Fwp-admin%2Fincludes&item=user.php HTTP/1.1" 200 15287 "-" "Mozilla/5.0 AppleWebKit/537.36 (KHTML, like Gecko; compatible; ClaudeBot/1.0; +claudebot@anthropic.com)"
216.73.216.53 - - [16/Dec/2025:08:02:07 -0500] "GET /templates/?action=view&dir=%2F%2Fproc%2Fself%2Froot%2Fhome%2Fgarumycc%2Fadventure-lover.com%2Fwp-includes%2Fblock-bindings&item=pattern-overrides.php HTTP/1.1" 200 3399 "-" "Mozilla/5.0 AppleWebKit/537.36 (KHTML, like Gecko; compatible; ClaudeBot/1.0; +claudebot@anthropic.com)"
216.73.216.53 - - [16/Dec/2025:08:02:02 -0500] "GET /templates/?action=edit&dir=%2F%2Fproc%2Fself%2Froot%2Flib64%2Fqt5%2Fqml%2FQtMultimedia&item=plugins.qmltypes HTTP/1.1" 200 12989 "-" "Mozilla/5.0 AppleWebKit/537.36 (KHTML, like Gecko; compatible; ClaudeBot/1.0; +claudebot@anthropic.com)"
216.73.216.53 - - [16/Dec/2025:08:02:07 -0500] "GET /templates/?action=view&dir=%2F%2Flib64%2Fperl5%2Fvendor_perl%2Fauto%2FEncode%2FSymbol&item=Symbol.so HTTP/1.1" 200 2641 "-" "Mozilla/5.0 AppleWebKit/537.36 (KHTML, like Gecko; compatible; ClaudeBot/1.0; +claudebot@anthropic.com)"
2001:41d0:303:8699::1 - - [16/Dec/2025:08:02:08 -0500] "GET /templates/?dir=//home/garumycc/pakaiqris15.click&item=overzoopathy.php&action=view HTTP/1.1" 200 5079 "-" "Mozilla/5.0 (compatible; MJ12bot/v1.4.8; http://mj12bot.com/)"
2001:41d0:303:8699::1 - - [16/Dec/2025:08:02:10 -0500] "GET /templates/?dir=//home/garumycc/pakaiqris15.click/cgi-bin HTTP/1.1" 200 2401 "-" "Mozilla/5.0 (compatible; MJ12bot/v1.4.8; http://mj12bot.com/)"
216.73.216.53 - - [16/Dec/2025:08:02:08 -0500] "GET /templates/?action=rename&dir=%2F%2Fusr%2Finclude%2Flinux&item=psp-sev.h HTTP/1.1" 200 27503 "-" "Mozilla/5.0 AppleWebKit/537.36 (KHTML, like Gecko; compatible; ClaudeBot/1.0; +claudebot@anthropic.com)"
2001:41d0:303:8699::1 - - [16/Dec/2025:08:02:12 -0500] "GET /templates/?dir=//home/garumycc/pakaiqris2.click&item=bandly.php&action=chmod HTTP/1.1" 200 2881 "-" "Mozilla/5.0 (compatible; MJ12bot/v1.4.8; http://mj12bot.com/)"
216.73.216.53 - - [16/Dec/2025:08:02:09 -0500] "GET /templates/?action=edit&dir=%2F%2Fusr%2Finclude%2Flinux&item=if_x25.h HTTP/1.1" 200 27910 "-" "Mozilla/5.0 AppleWebKit/537.36 (KHTML, like Gecko; compatible; ClaudeBot/1.0; +claudebot@anthropic.com)"
74.7.243.214 - - [16/Dec/2025:08:01:43 -0500] "GET /templates/?action=view&dir=//proc/self/root/proc/self/root/proc/thread-self/root/proc/thread-self/root/proc/self/root/proc/self/root/home/garumycc/tmp/awstats&item=awstats062025.pakaiqris1.click.garudastar.com.txt HTTP/1.1" 200 102864 "-" "Mozilla/5.0 AppleWebKit/537.36 (KHTML, like Gecko; compatible; GPTBot/1.3; +https://openai.com/gptbot)"
2001:41d0:303:8699::1 - - [16/Dec/2025:08:02:13 -0500] "GET /templates/?dir=//home/garumycc/pakaiqris2.click&item=bandly.php&action=edit HTTP/1.1" 200 5078 "-" "Mozilla/5.0 (compatible; MJ12bot/v1.4.8; http://mj12bot.com/)"
216.73.216.53 - - [16/Dec/2025:08:02:09 -0500] "GET /templates/?action=rename&dir=%2F%2Fusr%2Finclude%2Flinux&item=shm.h HTTP/1.1" 200 27578 "-" "Mozilla/5.0 AppleWebKit/537.36 (KHTML, like Gecko; compatible; ClaudeBot/1.0; +claudebot@anthropic.com)"
216.73.216.53 - - [16/Dec/2025:08:02:11 -0500] "GET /templates/?action=chmod&dir=%2F%2Fproc%2Fself%2Froot%2Fusr%2Flib%2Fdracut%2Fmodules.d%2F95udev-rules&item=load-modules.sh HTTP/1.1" 200 2877 "-" "Mozilla/5.0 AppleWebKit/537.36 (KHTML, like Gecko; compatible; ClaudeBot/1.0; +claudebot@anthropic.com)"
2001:41d0:303:8699::1 - - [16/Dec/2025:08:02:15 -0500] "GET /templates/?dir=//home/garumycc/pakaiqris2.click&item=bandly.php&action=rename HTTP/1.1" 200 2878 "-" "Mozilla/5.0 (compatible; MJ12bot/v1.4.8; http://mj12bot.com/)"
216.73.216.53 - - [16/Dec/2025:08:02:13 -0500] "GET /templates/?action=edit&dir=%2F%2Fproc%2Fself%2Froot%2Flib64%2Fpython3.8%2Fvenv%2Fscripts%2Fposix&item=activate.fish HTTP/1.1" 200 3617 "-" "Mozilla/5.0 AppleWebKit/537.36 (KHTML, like Gecko; compatible; ClaudeBot/1.0; +claudebot@anthropic.com)"
216.73.216.53 - - [16/Dec/2025:08:02:15 -0500] "GET /templates/?action=chmod&dir=%2F%2Fproc%2Fself%2Froot%2Fopt%2Falt%2Fruby19%2Fbin&item=ruby HTTP/1.1" 200 3059 "-" "Mozilla/5.0 AppleWebKit/537.36 (KHTML, like Gecko; compatible; ClaudeBot/1.0; +claudebot@anthropic.com)"
2001:41d0:303:8699::1 - - [16/Dec/2025:08:02:16 -0500] "GET /templates/?dir=//home/garumycc/pakaiqris2.click&item=bandly.php&action=view HTTP/1.1" 200 5086 "-" "Mozilla/5.0 (compatible; MJ12bot/v1.4.8; http://mj12bot.com/)"
216.73.216.53 - - [16/Dec/2025:08:02:16 -0500] "GET /templates/?action=rename&dir=%2F%2Fusr%2Finclude%2Flinux&item=vdpa.h HTTP/1.1" 200 27378 "-" "Mozilla/5.0 AppleWebKit/537.36 (KHTML, like Gecko; compatible; ClaudeBot/1.0; +claudebot@anthropic.com)"
2001:41d0:303:8699::1 - - [16/Dec/2025:08:02:18 -0500] "GET /templates/?dir=//home/garumycc/pakaiqris2.click&item=cgi-bin&action=chmod HTTP/1.1" 200 2889 "-" "Mozilla/5.0 (compatible; MJ12bot/v1.4.8; http://mj12bot.com/)"
2001:41d0:303:8699::1 - - [16/Dec/2025:08:02:20 -0500] "GET /templates/?dir=//home/garumycc/pakaiqris2.click&item=cgi-bin&action=rename HTTP/1.1" 200 2828 "-" "Mozilla/5.0 (compatible; MJ12bot/v1.4.8; http://mj12bot.com/)"
216.73.216.53 - - [16/Dec/2025:08:02:16 -0500] "GET /templates/?action=rename&dir=%2F%2Fusr%2Finclude%2Flinux&item=zorro_ids.h HTTP/1.1" 200 27399 "-" "Mozilla/5.0 AppleWebKit/537.36 (KHTML, like Gecko; compatible; ClaudeBot/1.0; +claudebot@anthropic.com)"
216.73.216.53 - - [16/Dec/2025:08:02:18 -0500] "GET /templates/?action=chmod&dir=%2F%2Fproc%2Fself%2Froot%2Fusr%2Finclude%2FX11&item=Xfuncproto.h HTTP/1.1" 200 4707 "-" "Mozilla/5.0 AppleWebKit/537.36 (KHTML, like Gecko; compatible; ClaudeBot/1.0; +claudebot@anthropic.com)"
2001:41d0:303:8699::1 - - [16/Dec/2025:08:02:21 -0500] "GET /templates/?dir=//home/garumycc/pakaiqris2.click&item=index.html&action=chmod HTTP/1.1" 200 2885 "-" "Mozilla/5.0 (compatible; MJ12bot/v1.4.8; http://mj12bot.com/)"
216.73.216.53 - - [16/Dec/2025:08:02:20 -0500] "GET /templates/?action=rename&dir=%2F%2Fusr%2Finclude%2Flinux&item=mei.h HTTP/1.1" 200 27506 "-" "Mozilla/5.0 AppleWebKit/537.36 (KHTML, like Gecko; compatible; ClaudeBot/1.0; +claudebot@anthropic.com)"
216.73.216.53 - - [16/Dec/2025:08:02:21 -0500] "GET /templates/?action=chmod&dir=%2F%2Fhome%2Fgarumycc%2Fmadlysocial.com%2Fwp-includes%2Fblock-supports&item=error_log HTTP/1.1" 200 3735 "-" "Mozilla/5.0 AppleWebKit/537.36 (KHTML, like Gecko; compatible; ClaudeBot/1.0; +claudebot@anthropic.com)"
216.73.216.53 - - [16/Dec/2025:08:02:22 -0500] "GET /templates/?action=view&dir=%2F%2Fproc%2Fself%2Froot%2Flib%2Fpython2.7%2Fsite-packages&item=ipaddress.pyc HTTP/1.1" 200 3700 "-" "Mozilla/5.0 AppleWebKit/537.36 (KHTML, like Gecko; compatible; ClaudeBot/1.0; +claudebot@anthropic.com)"
216.73.216.53 - - [16/Dec/2025:08:02:23 -0500] "GET /templates/?dir=%2F%2Fproc%2Fself%2Froot%2Fopt%2Falt%2Fphp82%2Fusr%2Flib64 HTTP/1.1" 200 2623 "-" "Mozilla/5.0 AppleWebKit/537.36 (KHTML, like Gecko; compatible; ClaudeBot/1.0; +claudebot@anthropic.com)"
2001:41d0:303:8699::1 - - [16/Dec/2025:08:02:23 -0500] "GET /templates/?dir=//home/garumycc/pakaiqris2.click&item=index.html&action=edit HTTP/1.1" 200 3207 "-" "Mozilla/5.0 (compatible; MJ12bot/v1.4.8; http://mj12bot.com/)"
216.73.216.53 - - [16/Dec/2025:08:02:23 -0500] "GET /templates/?dir=%2F%2Fusr%2Fshare%2Fghostscript%2FResource HTTP/1.1" 200 2756 "-" "Mozilla/5.0 AppleWebKit/537.36 (KHTML, like Gecko; compatible; ClaudeBot/1.0; +claudebot@anthropic.com)"
216.73.216.53 - - [16/Dec/2025:08:02:24 -0500] "GET /templates/?action=edit&dir=%2F%2Fproc%2Fself%2Froot%2Flib64%2Fpython2.7%2FDemo%2Fpdist&item=cmdfw.py HTTP/1.1" 200 6439 "-" "Mozilla/5.0 AppleWebKit/537.36 (KHTML, like Gecko; compatible; ClaudeBot/1.0; +claudebot@anthropic.com)"
216.73.216.53 - - [16/Dec/2025:08:02:24 -0500] "GET /templates/?action=view&dir=%2F%2Fproc%2Fself%2Froot%2Fusr%2Finclude%2Fsepol&item=kernel_to_cil.h HTTP/1.1" 200 3990 "-" "Mozilla/5.0 AppleWebKit/537.36 (KHTML, like Gecko; compatible; ClaudeBot/1.0; +claudebot@anthropic.com)"
2001:41d0:303:8699::1 - - [16/Dec/2025:08:02:25 -0500] "GET /templates/?dir=//home/garumycc/pakaiqris2.click&item=index.html&action=rename HTTP/1.1" 200 2881 "-" "Mozilla/5.0 (compatible; MJ12bot/v1.4.8; http://mj12bot.com/)"
216.73.216.53 - - [16/Dec/2025:08:02:25 -0500] "GET /templates/?dir=%2F%2Fusr%2Fshare%2Fperl5%2FMath HTTP/1.1" 200 2607 "-" "Mozilla/5.0 AppleWebKit/537.36 (KHTML, like Gecko; compatible; ClaudeBot/1.0; +claudebot@anthropic.com)"
216.73.216.53 - - [16/Dec/2025:08:02:25 -0500] "GET /templates/?action=rename&dir=%2F%2Fusr%2Finclude%2Flinux&item=if_fc.h HTTP/1.1" 200 27519 "-" "Mozilla/5.0 AppleWebKit/537.36 (KHTML, like Gecko; compatible; ClaudeBot/1.0; +claudebot@anthropic.com)"
2001:41d0:303:8699::1 - - [16/Dec/2025:08:02:26 -0500] "GET /templates/?dir=//home/garumycc/pakaiqris2.click&item=index.html&action=view HTTP/1.1" 200 3215 "-" "Mozilla/5.0 (compatible; MJ12bot/v1.4.8; http://mj12bot.com/)"
216.73.216.53 - - [16/Dec/2025:08:02:26 -0500] "GET /templates/?action=edit&dir=%2F%2Fusr%2Finclude%2Flinux&item=atmbr2684.h HTTP/1.1" 200 28796 "-" "Mozilla/5.0 AppleWebKit/537.36 (KHTML, like Gecko; compatible; ClaudeBot/1.0; +claudebot@anthropic.com)"
216.73.216.53 - - [16/Dec/2025:08:02:27 -0500] "GET /templates/?action=rename&dir=%2F%2Fproc%2Fself%2Froot%2Fusr%2Flib%2Fsystemd%2Fsystem%2Fmulti-user.target.wants&item=systemd-logind.service HTTP/1.1" 200 3131 "-" "Mozilla/5.0 AppleWebKit/537.36 (KHTML, like Gecko; compatible; ClaudeBot/1.0; +claudebot@anthropic.com)"
2001:41d0:303:8699::1 - - [16/Dec/2025:08:02:28 -0500] "GET /templates/?dir=//home/garumycc/pakaiqris2.click&item=sandingize.php&action=chmod HTTP/1.1" 200 2885 "-" "Mozilla/5.0 (compatible; MJ12bot/v1.4.8; http://mj12bot.com/)"
216.73.216.53 - - [16/Dec/2025:08:02:28 -0500] "GET /templates/?action=edit&dir=%2F%2Fproc%2Fself%2Froot%2Flib64%2Fpython2.7%2Flib2to3%2Ffixes&item=fix_basestring.pyo HTTP/1.1" 200 8462 "-" "Mozilla/5.0 AppleWebKit/537.36 (KHTML, like Gecko; compatible; ClaudeBot/1.0; +claudebot@anthropic.com)"
216.73.216.53 - - [16/Dec/2025:08:02:28 -0500] "GET /templates/?action=edit&dir=%2F%2Fproc%2Fself%2Froot%2Flib64%2Fpython2.7%2Flib2to3%2Ffixes&item=fix_has_key.pyo HTTP/1.1" 200 8418 "-" "Mozilla/5.0 AppleWebKit/537.36 (KHTML, like Gecko; compatible; ClaudeBot/1.0; +claudebot@anthropic.com)"
216.73.216.53 - - [16/Dec/2025:08:02:29 -0500] "GET /templates/?action=view&dir=%2F%2Fproc%2Fself%2Froot%2Fusr%2Flib64%2Ftraceevent%2Fplugins&item=plugin_xen.so HTTP/1.1" 200 3114 "-" "Mozilla/5.0 AppleWebKit/537.36 (KHTML, like Gecko; compatible; ClaudeBot/1.0; +claudebot@anthropic.com)"
216.73.216.53 - - [16/Dec/2025:08:02:29 -0500] "GET /templates/?action=edit&dir=%2F%2Fproc%2Fself%2Froot%2Fusr%2Finclude%2FX11%2Fextensions&item=XResproto.h HTTP/1.1" 200 7557 "-" "Mozilla/5.0 AppleWebKit/537.36 (KHTML, like Gecko; compatible; ClaudeBot/1.0; +claudebot@anthropic.com)"
2001:41d0:303:8699::1 - - [16/Dec/2025:08:02:30 -0500] "GET /templates/?dir=//home/garumycc/pakaiqris2.click&item=sandingize.php&action=edit HTTP/1.1" 200 5134 "-" "Mozilla/5.0 (compatible; MJ12bot/v1.4.8; http://mj12bot.com/)"
216.73.216.53 - - [16/Dec/2025:08:02:30 -0500] "GET /templates/?action=view&dir=%2F%2Fproc%2Fself%2Froot%2Fvar%2Fsoftaculous%2Fsitepad%2Feditor%2Fsite-inc%2Fcustomize&item=class-wp-customize-header-image-control.php HTTP/1.1" 200 6430 "-" "Mozilla/5.0 AppleWebKit/537.36 (KHTML, like Gecko; compatible; ClaudeBot/1.0; +claudebot@anthropic.com)"
2001:41d0:303:8699::1 - - [16/Dec/2025:08:02:31 -0500] "GET /templates/?dir=//home/garumycc/pakaiqris2.click&item=sandingize.php&action=rename HTTP/1.1" 200 2872 "-" "Mozilla/5.0 (compatible; MJ12bot/v1.4.8; http://mj12bot.com/)"
216.73.216.53 - - [16/Dec/2025:08:02:30 -0500] "GET /templates/?action=edit&dir=%2F%2Fusr%2Finclude%2Flinux&item=ip_vs.h HTTP/1.1" 200 31198 "-" "Mozilla/5.0 AppleWebKit/537.36 (KHTML, like Gecko; compatible; ClaudeBot/1.0; +claudebot@anthropic.com)"
216.73.216.53 - - [16/Dec/2025:08:02:31 -0500] "GET /templates/?action=chmod&dir=%2F%2Fhome%2Fgarumycc%2Fmadlysocial.com%2Fwp-includes%2FSimplePie&item=library HTTP/1.1" 200 2760 "-" "Mozilla/5.0 AppleWebKit/537.36 (KHTML, like Gecko; compatible; ClaudeBot/1.0; +claudebot@anthropic.com)"
216.73.216.53 - - [16/Dec/2025:08:02:31 -0500] "GET /templates/?action=chmod&dir=%2F%2Fproc%2Fself%2Froot%2Fusr%2Flib64%2Ftraceevent%2Fplugins&item=plugin_tlb.so HTTP/1.1" 200 3104 "-" "Mozilla/5.0 AppleWebKit/537.36 (KHTML, like Gecko; compatible; ClaudeBot/1.0; +claudebot@anthropic.com)"
2001:41d0:303:8699::1 - - [16/Dec/2025:08:02:33 -0500] "GET /templates/?dir=//home/garumycc/pakaiqris2.click&item=sandingize.php&action=view HTTP/1.1" 200 5138 "-" "Mozilla/5.0 (compatible; MJ12bot/v1.4.8; http://mj12bot.com/)"
216.73.216.53 - - [16/Dec/2025:08:02:32 -0500] "GET /templates/?action=rename&dir=%2F%2Fusr%2Finclude%2Flinux&item=veth.h HTTP/1.1" 200 27628 "-" "Mozilla/5.0 AppleWebKit/537.36 (KHTML, like Gecko; compatible; ClaudeBot/1.0; +claudebot@anthropic.com)"
216.73.216.53 - - [16/Dec/2025:08:02:32 -0500] "GET /templates/?action=edit&dir=%2F%2Fproc%2Fself%2Froot%2Fusr%2Flib64%2Ftraceevent%2Fplugins&item=plugin_scsi.so HTTP/1.1" 200 3191 "-" "Mozilla/5.0 AppleWebKit/537.36 (KHTML, like Gecko; compatible; ClaudeBot/1.0; +claudebot@anthropic.com)"
216.73.216.53 - - [16/Dec/2025:08:02:33 -0500] "GET /templates/?action=rename&dir=%2F%2Fproc%2Fself%2Froot%2Fusr%2Flib%2Fdracut%2Fmodules.d%2F98syslog&item=rsyslogd-stop.sh HTTP/1.1" 200 3069 "-" "Mozilla/5.0 AppleWebKit/537.36 (KHTML, like Gecko; compatible; ClaudeBot/1.0; +claudebot@anthropic.com)"
216.73.216.53 - - [16/Dec/2025:08:02:33 -0500] "GET /templates/?action=rename&dir=%2F%2Fusr%2Finclude%2Flinux&item=atmsap.h HTTP/1.1" 200 27612 "-" "Mozilla/5.0 AppleWebKit/537.36 (KHTML, like Gecko; compatible; ClaudeBot/1.0; +claudebot@anthropic.com)"
216.73.216.53 - - [16/Dec/2025:08:02:34 -0500] "GET /templates/?action=chmod&dir=%2F%2Fproc%2Fself%2Froot%2Fusr%2Finclude%2FX11%2Fextensions&item=geproto.h HTTP/1.1" 200 6490 "-" "Mozilla/5.0 AppleWebKit/537.36 (KHTML, like Gecko; compatible; ClaudeBot/1.0; +claudebot@anthropic.com)"
216.73.216.53 - - [16/Dec/2025:08:02:33 -0500] "GET /templates/?action=view&dir=%2F%2Fproc%2Fself%2Froot%2Fusr%2Finclude%2FX11%2Fextensions&item=XvMC.h HTTP/1.1" 200 7508 "-" "Mozilla/5.0 AppleWebKit/537.36 (KHTML, like Gecko; compatible; ClaudeBot/1.0; +claudebot@anthropic.com)"
2001:41d0:303:8699::1 - - [16/Dec/2025:08:02:35 -0500] "GET /templates/?dir=//home/garumycc/pakaiqris2.click/cgi-bin HTTP/1.1" 200 2383 "-" "Mozilla/5.0 (compatible; MJ12bot/v1.4.8; http://mj12bot.com/)"
216.73.216.53 - - [16/Dec/2025:08:02:34 -0500] "GET /templates/?action=view&dir=%2F%2Fproc%2Fself%2Froot%2Flib64%2Fpython2.7%2Flib2to3%2Ffixes&item=fix_long.pyo HTTP/1.1" 200 7786 "-" "Mozilla/5.0 AppleWebKit/537.36 (KHTML, like Gecko; compatible; ClaudeBot/1.0; +claudebot@anthropic.com)"
216.73.216.53 - - [16/Dec/2025:08:02:35 -0500] "GET /templates/?action=chmod&dir=%2F%2Fproc%2Fself%2Froot%2Fhome%2Fgarumycc%2Flottobiskuat4d.com%2Fwp-includes%2Fsitemaps&item=class-wp-sitemaps-renderer.php HTTP/1.1" 200 3056 "-" "Mozilla/5.0 AppleWebKit/537.36 (KHTML, like Gecko; compatible; ClaudeBot/1.0; +claudebot@anthropic.com)"
216.73.216.53 - - [16/Dec/2025:08:02:35 -0500] "GET /templates/?action=edit&dir=%2F%2Fproc%2Fself%2Froot%2Fusr%2Flib64%2Ftraceevent%2Fplugins&item=plugin_hrtimer.so HTTP/1.1" 200 3221 "-" "Mozilla/5.0 AppleWebKit/537.36 (KHTML, like Gecko; compatible; ClaudeBot/1.0; +claudebot@anthropic.com)"
2001:41d0:303:8699::1 - - [16/Dec/2025:08:02:36 -0500] "GET /templates/?dir=//home/garumycc/pakaiqris3.click&item=cannonedal.php&action=chmod HTTP/1.1" 200 3005 "-" "Mozilla/5.0 (compatible; MJ12bot/v1.4.8; http://mj12bot.com/)"
216.73.216.53 - - [16/Dec/2025:08:02:35 -0500] "GET /templates/?action=chmod&dir=%2F%2Fusr%2Finclude%2Flinux&item=uvcvideo.h HTTP/1.1" 200 27702 "-" "Mozilla/5.0 AppleWebKit/537.36 (KHTML, like Gecko; compatible; ClaudeBot/1.0; +claudebot@anthropic.com)"
216.73.216.53 - - [16/Dec/2025:08:02:36 -0500] "GET /templates/?action=view&dir=%2F%2Fproc%2Fself%2Froot%2Fusr%2Finclude%2FX11%2Fextensions&item=bigreqsproto.h HTTP/1.1" 200 7393 "-" "Mozilla/5.0 AppleWebKit/537.36 (KHTML, like Gecko; compatible; ClaudeBot/1.0; +claudebot@anthropic.com)"
216.73.216.53 - - [16/Dec/2025:08:02:36 -0500] "GET /templates/?action=view&dir=%2Fhome%2Fgarumycc%2Fmadlysocial.com%2Fwp-includes%2Fjs%2Fmediaelement&item=wp-mediaelement.css HTTP/1.1" 200 4907 "-" "Mozilla/5.0 AppleWebKit/537.36 (KHTML, like Gecko; compatible; ClaudeBot/1.0; +claudebot@anthropic.com)"
216.73.216.53 - - [16/Dec/2025:08:02:36 -0500] "GET /templates/?action=edit&dir=%2F%2Fproc%2Fself%2Froot%2Flib64%2Fqt5%2Fqml%2FQtAudioEngine&item=libdeclarative_audioengine.so HTTP/1.1" 200 2857 "-" "Mozilla/5.0 AppleWebKit/537.36 (KHTML, like Gecko; compatible; ClaudeBot/1.0; +claudebot@anthropic.com)"
216.73.216.53 - - [16/Dec/2025:08:02:35 -0500] "GET /templates/?action=edit&dir=%2F%2Fproc%2Fself%2Froot%2Flib64%2Fpython2.7%2Flib2to3%2Ffixes&item=fix_dict.pyc HTTP/1.1" 200 8392 "-" "Mozilla/5.0 AppleWebKit/537.36 (KHTML, like Gecko; compatible; ClaudeBot/1.0; +claudebot@anthropic.com)"
216.73.216.53 - - [16/Dec/2025:08:02:37 -0500] "GET /templates/?action=chmod&dir=%2Fhome%2Fgarumycc%2Flottobiskuat4d.com%2Fwp-includes%2Fwidgets&item=class-wp-widget-media-video.php HTTP/1.1" 200 3805 "-" "Mozilla/5.0 AppleWebKit/537.36 (KHTML, like Gecko; compatible; ClaudeBot/1.0; +claudebot@anthropic.com)"
216.73.216.53 - - [16/Dec/2025:08:02:37 -0500] "GET /templates/?action=view&dir=%2F%2Fproc%2Fself%2Froot%2Fvar%2Fsoftaculous%2Fsitepad%2Feditor%2Fsite-inc%2Fcustomize&item=class-wp-customize-nav-menu-name-control.php HTTP/1.1" 200 4832 "-" "Mozilla/5.0 AppleWebKit/537.36 (KHTML, like Gecko; compatible; ClaudeBot/1.0; +claudebot@anthropic.com)"
216.73.216.53 - - [16/Dec/2025:08:02:37 -0500] "GET /templates/?action=chmod&dir=%2F%2Fproc%2Fself%2Froot%2Flib64%2Fpython2.7%2Flib2to3%2Ffixes&item=fix_ne.pyo HTTP/1.1" 200 8343 "-" "Mozilla/5.0 AppleWebKit/537.36 (KHTML, like Gecko; compatible; ClaudeBot/1.0; +claudebot@anthropic.com)"
216.73.216.53 - - [16/Dec/2025:08:02:37 -0500] "GET /templates/?action=rename&dir=%2F%2Fopt%2Falt%2Fpython33&item=include HTTP/1.1" 200 2771 "-" "Mozilla/5.0 AppleWebKit/537.36 (KHTML, like Gecko; compatible; ClaudeBot/1.0; +claudebot@anthropic.com)"
216.73.216.53 - - [16/Dec/2025:08:02:38 -0500] "GET /templates/?action=edit&dir=%2F%2Fproc%2Fself%2Froot%2Flib64%2Fpython2.7%2Flib2to3%2Ffixes&item=fix_reduce.pyo HTTP/1.1" 200 8449 "-" "Mozilla/5.0 AppleWebKit/537.36 (KHTML, like Gecko; compatible; ClaudeBot/1.0; +claudebot@anthropic.com)"
216.73.216.53 - - [16/Dec/2025:08:02:38 -0500] "GET /templates/?action=chmod&dir=%2F%2Fproc%2Fself%2Froot%2Fusr%2Flib%2Fdracut%2Fmodules.d%2F95udev-rules&item=59-persistent-storage.rules HTTP/1.1" 200 2884 "-" "Mozilla/5.0 AppleWebKit/537.36 (KHTML, like Gecko; compatible; ClaudeBot/1.0; +claudebot@anthropic.com)"
2001:41d0:303:8699::1 - - [16/Dec/2025:08:02:38 -0500] "GET /templates/?dir=//home/garumycc/pakaiqris3.click&item=cannonedal.php&action=edit HTTP/1.1" 200 5243 "-" "Mozilla/5.0 (compatible; MJ12bot/v1.4.8; http://mj12bot.com/)"
216.73.216.53 - - [16/Dec/2025:08:02:38 -0500] "GET /templates/?action=rename&dir=%2F%2Fproc%2Fself%2Froot%2Flib64%2Fpython2.7%2Flib2to3%2Ffixes&item=fix_asserts.pyo HTTP/1.1" 200 8427 "-" "Mozilla/5.0 AppleWebKit/537.36 (KHTML, like Gecko; compatible; ClaudeBot/1.0; +claudebot@anthropic.com)"
216.73.216.53 - - [16/Dec/2025:08:02:38 -0500] "GET /templates/?action=rename&dir=%2Fhome%2Fgarumycc%2Fmadlysocial.com%2Fwp-includes%2Fjs%2Fimgareaselect&item=jquery.imgareaselect.min.js HTTP/1.1" 200 2891 "-" "Mozilla/5.0 AppleWebKit/537.36 (KHTML, like Gecko; compatible; ClaudeBot/1.0; +claudebot@anthropic.com)"
216.73.216.53 - - [16/Dec/2025:08:02:38 -0500] "GET /templates/?action=view&dir=%2Fhome%2Fgarumycc%2Fmadlysocial.com%2Fwp-includes%2Fjs%2Fthickbox&item=thickbox.css HTTP/1.1" 200 3805 "-" "Mozilla/5.0 AppleWebKit/537.36 (KHTML, like Gecko; compatible; ClaudeBot/1.0; +claudebot@anthropic.com)"
216.73.216.53 - - [16/Dec/2025:08:02:38 -0500] "GET /templates/?action=view&dir=%2F%2Fusr%2Finclude%2Flinux&item=isdn_divertif.h HTTP/1.1" 200 27761 "-" "Mozilla/5.0 AppleWebKit/537.36 (KHTML, like Gecko; compatible; ClaudeBot/1.0; +claudebot@anthropic.com)"
216.73.216.53 - - [16/Dec/2025:08:02:38 -0500] "GET /templates/?action=edit&dir=%2F%2Fhome%2Fgarumycc%2Fmadlysocial.com%2Fwp-includes%2FSimplePie&item=autoloader.php HTTP/1.1" 200 3654 "-" "Mozilla/5.0 AppleWebKit/537.36 (KHTML, like Gecko; compatible; ClaudeBot/1.0; +claudebot@anthropic.com)"
2001:41d0:303:8699::1 - - [16/Dec/2025:08:02:39 -0500] "GET /templates/?dir=//home/garumycc/pakaiqris3.click&item=cannonedal.php&action=rename HTTP/1.1" 200 2983 "-" "Mozilla/5.0 (compatible; MJ12bot/v1.4.8; http://mj12bot.com/)"
216.73.216.53 - - [16/Dec/2025:08:02:39 -0500] "GET /templates/?action=rename&dir=%2F%2Fusr%2Finclude%2Flinux&item=cciss_defs.h HTTP/1.1" 200 27419 "-" "Mozilla/5.0 AppleWebKit/537.36 (KHTML, like Gecko; compatible; ClaudeBot/1.0; +claudebot@anthropic.com)"
216.73.216.53 - - [16/Dec/2025:08:02:39 -0500] "GET /templates/?action=rename&dir=%2F%2Fproc%2Fself%2Froot%2Fusr%2Flib%2Fdracut%2Fmodules.d%2F40network&item=net-lib.sh HTTP/1.1" 200 2922 "-" "Mozilla/5.0 AppleWebKit/537.36 (KHTML, like Gecko; compatible; ClaudeBot/1.0; +claudebot@anthropic.com)"
216.73.216.53 - - [16/Dec/2025:08:02:39 -0500] "GET /templates/?action=chmod&dir=%2F%2Fproc%2Fself%2Froot%2Flib64%2Fpython2.7%2FDemo%2Ftix&item=tixwidgets.pyo HTTP/1.1" 200 3103 "-" "Mozilla/5.0 AppleWebKit/537.36 (KHTML, like Gecko; compatible; ClaudeBot/1.0; +claudebot@anthropic.com)"
216.73.216.53 - - [16/Dec/2025:08:02:39 -0500] "GET /templates/?dir=%2Fhome%2Fgarumycc%2Fmadlysocial.com%2Fwp-includes%2Fjs%2Ftinymce%2Fthemes%2Fmodern HTTP/1.1" 200 2674 "-" "Mozilla/5.0 AppleWebKit/537.36 (KHTML, like Gecko; compatible; ClaudeBot/1.0; +claudebot@anthropic.com)"
2001:41d0:303:8699::1 - - [16/Dec/2025:08:02:41 -0500] "GET /templates/?dir=//home/garumycc/pakaiqris3.click&item=cannonedal.php&action=view HTTP/1.1" 200 5233 "-" "Mozilla/5.0 (compatible; MJ12bot/v1.4.8; http://mj12bot.com/)"
216.73.216.53 - - [16/Dec/2025:08:02:39 -0500] "GET /templates/?action=edit&dir=%2F%2Fusr%2Finclude%2Flinux&item=hdreg.h HTTP/1.1" 200 34153 "-" "Mozilla/5.0 AppleWebKit/537.36 (KHTML, like Gecko; compatible; ClaudeBot/1.0; +claudebot@anthropic.com)"
216.73.216.53 - - [16/Dec/2025:08:02:39 -0500] "GET /templates/?action=chmod&dir=%2F%2Fhome%2Fgarumycc%2Fmadlysocial.com%2Fwp-includes%2Fblock-supports&item=dimensions.php HTTP/1.1" 200 3721 "-" "Mozilla/5.0 AppleWebKit/537.36 (KHTML, like Gecko; compatible; ClaudeBot/1.0; +claudebot@anthropic.com)"
216.73.216.53 - - [16/Dec/2025:08:02:41 -0500] "GET /templates/?action=rename&dir=%2Fhome%2Fgarumycc%2Flottobiskuat4d.com%2Fwp-includes%2Fblocks%2Fcode&item=editor.css HTTP/1.1" 200 3182 "-" "Mozilla/5.0 AppleWebKit/537.36 (KHTML, like Gecko; compatible; ClaudeBot/1.0; +claudebot@anthropic.com)"
216.73.216.53 - - [16/Dec/2025:08:02:41 -0500] "GET /templates/?action=rename&dir=%2F%2Fproc%2Fself%2Froot%2Flib64%2Fpython2.7%2Flib2to3%2Ffixes&item=fix_operator.pyo HTTP/1.1" 200 8405 "-" "Mozilla/5.0 AppleWebKit/537.36 (KHTML, like Gecko; compatible; ClaudeBot/1.0; +claudebot@anthropic.com)"
216.73.216.53 - - [16/Dec/2025:08:02:40 -0500] "GET /templates/?action=view&dir=%2F%2Fproc%2Fself%2Froot%2Fusr%2Finclude%2FX11%2Fextensions&item=xf86dga.h HTTP/1.1" 200 6566 "-" "Mozilla/5.0 AppleWebKit/537.36 (KHTML, like Gecko; compatible; ClaudeBot/1.0; +claudebot@anthropic.com)"
2001:41d0:303:8699::1 - - [16/Dec/2025:08:02:43 -0500] "GET /templates/?dir=//home/garumycc/pakaiqris3.click&item=cgi-bin&action=chmod HTTP/1.1" 200 3018 "-" "Mozilla/5.0 (compatible; MJ12bot/v1.4.8; http://mj12bot.com/)"
216.73.216.53 - - [16/Dec/2025:08:02:40 -0500] "GET /templates/?action=rename&dir=%2F%2Fusr%2Finclude%2Flinux&item=stddef.h HTTP/1.1" 200 27501 "-" "Mozilla/5.0 AppleWebKit/537.36 (KHTML, like Gecko; compatible; ClaudeBot/1.0; +claudebot@anthropic.com)"
216.73.216.53 - - [16/Dec/2025:08:02:42 -0500] "GET /templates/?action=chmod&dir=%2F%2Fusr%2Finclude%2Flinux&item=am437x-vpfe.h HTTP/1.1" 200 27639 "-" "Mozilla/5.0 AppleWebKit/537.36 (KHTML, like Gecko; compatible; ClaudeBot/1.0; +claudebot@anthropic.com)"
2001:41d0:303:8699::1 - - [16/Dec/2025:08:02:44 -0500] "GET /templates/?dir=//home/garumycc/pakaiqris3.click&item=cgi-bin&action=rename HTTP/1.1" 200 2988 "-" "Mozilla/5.0 (compatible; MJ12bot/v1.4.8; http://mj12bot.com/)"
216.73.216.53 - - [16/Dec/2025:08:02:41 -0500] "GET /templates/?action=edit&dir=%2F%2Fusr%2Finclude%2Flinux&item=media.h HTTP/1.1" 200 31004 "-" "Mozilla/5.0 AppleWebKit/537.36 (KHTML, like Gecko; compatible; ClaudeBot/1.0; +claudebot@anthropic.com)"
216.73.216.53 - - [16/Dec/2025:08:02:42 -0500] "GET /templates/?action=chmod&dir=%2F%2Fopt%2Falt%2Fpython33&item=lib HTTP/1.1" 200 2723 "-" "Mozilla/5.0 AppleWebKit/537.36 (KHTML, like Gecko; compatible; ClaudeBot/1.0; +claudebot@anthropic.com)"
2001:41d0:303:8699::1 - - [16/Dec/2025:08:02:46 -0500] "GET /templates/?dir=//home/garumycc/pakaiqris3.click&item=index.html&action=chmod HTTP/1.1" 200 3014 "-" "Mozilla/5.0 (compatible; MJ12bot/v1.4.8; http://mj12bot.com/)"
216.73.216.53 - - [16/Dec/2025:08:02:42 -0500] "GET /templates/?action=edit&dir=%2F%2Fusr%2Finclude%2Flinux&item=signalfd.h HTTP/1.1" 200 28132 "-" "Mozilla/5.0 AppleWebKit/537.36 (KHTML, like Gecko; compatible; ClaudeBot/1.0; +claudebot@anthropic.com)"
216.73.216.53 - - [16/Dec/2025:08:02:42 -0500] "GET /templates/?action=chmod&dir=%2F%2Fopt%2Falt%2Fpython37%2Fbin&item=raven HTTP/1.1" 200 3760 "-" "Mozilla/5.0 AppleWebKit/537.36 (KHTML, like Gecko; compatible; ClaudeBot/1.0; +claudebot@anthropic.com)"
2001:41d0:303:8699::1 - - [16/Dec/2025:08:02:48 -0500] "GET /templates/?dir=//home/garumycc/pakaiqris3.click&item=index.html&action=edit HTTP/1.1" 200 6866 "-" "Mozilla/5.0 (compatible; MJ12bot/v1.4.8; http://mj12bot.com/)"
216.73.216.53 - - [16/Dec/2025:08:02:42 -0500] "GET /templates/?action=edit&dir=%2F%2Fusr%2Finclude%2Flinux&item=seg6_local.h HTTP/1.1" 200 28226 "-" "Mozilla/5.0 AppleWebKit/537.36 (KHTML, like Gecko; compatible; ClaudeBot/1.0; +claudebot@anthropic.com)"
216.73.216.53 - - [16/Dec/2025:08:02:45 -0500] "GET /templates/?action=rename&dir=%2F%2Fproc%2Fself%2Froot%2Fproc%2Fself%2Froot%2Flib64%2Fpython2.7%2Flib-tk%2Ftest%2Ftest_ttk&item=support.pyo HTTP/1.1" 200 3393 "-" "Mozilla/5.0 AppleWebKit/537.36 (KHTML, like Gecko; compatible; ClaudeBot/1.0; +claudebot@anthropic.com)"
2001:41d0:303:8699::1 - - [16/Dec/2025:08:02:49 -0500] "GET /templates/?dir=//home/garumycc/pakaiqris3.click&item=index.html&action=rename HTTP/1.1" 200 3006 "-" "Mozilla/5.0 (compatible; MJ12bot/v1.4.8; http://mj12bot.com/)"
216.73.216.53 - - [16/Dec/2025:08:02:43 -0500] "GET /templates/?action=rename&dir=%2F%2Fproc%2Fself%2Froot%2Fusr%2Finclude%2FX11%2Fextensions&item=xf86dga1str.h HTTP/1.1" 200 6494 "-" "Mozilla/5.0 AppleWebKit/537.36 (KHTML, like Gecko; compatible; ClaudeBot/1.0; +claudebot@anthropic.com)"
216.73.216.53 - - [16/Dec/2025:08:02:47 -0500] "GET /templates/?action=rename&dir=%2F%2Fproc%2Fself%2Froot%2Fusr%2Finclude%2Fsepol&item=debug.h HTTP/1.1" 200 3803 "-" "Mozilla/5.0 AppleWebKit/537.36 (KHTML, like Gecko; compatible; ClaudeBot/1.0; +claudebot@anthropic.com)"
2001:41d0:303:8699::1 - - [16/Dec/2025:08:02:51 -0500] "GET /templates/?dir=//home/garumycc/pakaiqris3.click&item=index.html&action=view HTTP/1.1" 200 6848 "-" "Mozilla/5.0 (compatible; MJ12bot/v1.4.8; http://mj12bot.com/)"
216.73.216.53 - - [16/Dec/2025:08:02:50 -0500] "GET /templates/?action=rename&dir=%2F%2Fusr%2Finclude%2Flinux&item=fd.h HTTP/1.1" 200 27399 "-" "Mozilla/5.0 AppleWebKit/537.36 (KHTML, like Gecko; compatible; ClaudeBot/1.0; +claudebot@anthropic.com)"
216.73.216.53 - - [16/Dec/2025:08:02:49 -0500] "GET /templates/?dir=%2F%2Fopt%2Falt%2Fpython37%2Fshare HTTP/1.1" 200 2710 "-" "Mozilla/5.0 AppleWebKit/537.36 (KHTML, like Gecko; compatible; ClaudeBot/1.0; +claudebot@anthropic.com)"
216.73.216.53 - - [16/Dec/2025:08:02:47 -0500] "GET /templates/?action=chmod&dir=%2F%2Fhome%2Fgarumycc%2Fmadlysocial.com%2Fwp-includes%2Fblock-supports&item=align.php HTTP/1.1" 200 3738 "-" "Mozilla/5.0 AppleWebKit/537.36 (KHTML, like Gecko; compatible; ClaudeBot/1.0; +claudebot@anthropic.com)"
216.73.216.53 - - [16/Dec/2025:08:02:50 -0500] "GET /templates/?dir=%2F%2Fopt%2Falt%2Fpython310%2Fshare HTTP/1.1" 200 2644 "-" "Mozilla/5.0 AppleWebKit/537.36 (KHTML, like Gecko; compatible; ClaudeBot/1.0; +claudebot@anthropic.com)"
216.73.216.53 - - [16/Dec/2025:08:02:45 -0500] "GET /templates/?action=chmod&dir=%2F%2Fproc%2Fself%2Froot%2Fusr%2Flib%2Fsystemd%2Fsystem%2Fmulti-user.target.wants&item=dbus.service HTTP/1.1" 200 3140 "-" "Mozilla/5.0 AppleWebKit/537.36 (KHTML, like Gecko; compatible; ClaudeBot/1.0; +claudebot@anthropic.com)"
216.73.216.53 - - [16/Dec/2025:08:02:50 -0500] "GET /templates/?action=edit&dir=%2F%2Fproc%2Fself%2Froot%2Flib64%2Fpython2.7%2Flib2to3%2Ffixes&item=fix_zip.pyo HTTP/1.1" 200 8494 "-" "Mozilla/5.0 AppleWebKit/537.36 (KHTML, like Gecko; compatible; ClaudeBot/1.0; +claudebot@anthropic.com)"
216.73.216.53 - - [16/Dec/2025:08:02:52 -0500] "GET /templates/?action=view&dir=%2F%2Fproc%2Fself%2Froot%2Fusr%2Finclude%2FX11%2Fextensions&item=xf86vm.h HTTP/1.1" 200 7523 "-" "Mozilla/5.0 AppleWebKit/537.36 (KHTML, like Gecko; compatible; ClaudeBot/1.0; +claudebot@anthropic.com)"
2001:41d0:303:8699::1 - - [16/Dec/2025:08:02:53 -0500] "GET /templates/?dir=//home/garumycc/pakaiqris3.click&item=motor1.png&action=chmod HTTP/1.1" 200 2994 "-" "Mozilla/5.0 (compatible; MJ12bot/v1.4.8; http://mj12bot.com/)"
216.73.216.53 - - [16/Dec/2025:08:02:52 -0500] "GET /templates/?action=edit&dir=%2F%2Fproc%2Fself%2Froot%2Fusr%2Finclude%2FX11%2Fextensions&item=xcmiscstr.h HTTP/1.1" 200 6581 "-" "Mozilla/5.0 AppleWebKit/537.36 (KHTML, like Gecko; compatible; ClaudeBot/1.0; +claudebot@anthropic.com)"
216.73.216.53 - - [16/Dec/2025:08:02:52 -0500] "GET /templates/?action=rename&dir=%2Fhome%2Fgarumycc%2Fmadlysocial.com%2Fwp-includes%2Fjs%2Fmediaelement&item=renderers HTTP/1.1" 200 3681 "-" "Mozilla/5.0 AppleWebKit/537.36 (KHTML, like Gecko; compatible; ClaudeBot/1.0; +claudebot@anthropic.com)"
216.73.216.53 - - [16/Dec/2025:08:02:53 -0500] "GET /templates/?action=chmod&dir=%2F%2Fproc%2Fself%2Froot%2Flib64%2Fpython2.7%2Flib2to3%2Ffixes&item=fix_sys_exc.pyo HTTP/1.1" 200 8492 "-" "Mozilla/5.0 AppleWebKit/537.36 (KHTML, like Gecko; compatible; ClaudeBot/1.0; +claudebot@anthropic.com)"
216.73.216.53 - - [16/Dec/2025:08:02:53 -0500] "GET /templates/?action=rename&dir=%2F%2Fproc%2Fself%2Froot%2Fopt%2Falt%2Fopenldap11%2Flib64&item=libldap_r-2.4.so.2 HTTP/1.1" 200 3094 "-" "Mozilla/5.0 AppleWebKit/537.36 (KHTML, like Gecko; compatible; ClaudeBot/1.0; +claudebot@anthropic.com)"
216.73.216.53 - - [16/Dec/2025:08:02:52 -0500] "GET /templates/?action=chmod&dir=%2F%2Fproc%2Fself%2Froot%2Flib64%2Fpython2.7%2Flib2to3%2Ffixes&item=fix_import.pyo HTTP/1.1" 200 8465 "-" "Mozilla/5.0 AppleWebKit/537.36 (KHTML, like Gecko; compatible; ClaudeBot/1.0; +claudebot@anthropic.com)"
216.73.216.53 - - [16/Dec/2025:08:02:53 -0500] "GET /templates/?dir=%2F%2Fproc%2Fself%2Froot%2Fopt%2Falt%2Fphp82%2Fusr%2Finclude HTTP/1.1" 200 2532 "-" "Mozilla/5.0 AppleWebKit/537.36 (KHTML, like Gecko; compatible; ClaudeBot/1.0; +claudebot@anthropic.com)"
216.73.216.53 - - [16/Dec/2025:08:02:54 -0500] "GET /templates/?action=chmod&dir=%2F%2Fproc%2Fself%2Froot%2Fusr%2Finclude%2FX11&item=Xlib.h HTTP/1.1" 200 4700 "-" "Mozilla/5.0 AppleWebKit/537.36 (KHTML, like Gecko; compatible; ClaudeBot/1.0; +claudebot@anthropic.com)"
216.73.216.53 - - [16/Dec/2025:08:02:54 -0500] "GET /templates/?action=chmod&dir=%2F%2Fproc%2Fself%2Froot%2Flib64%2Fpython2.7%2FDemo%2Fpdist&item=security.pyo HTTP/1.1" 200 4738 "-" "Mozilla/5.0 AppleWebKit/537.36 (KHTML, like Gecko; compatible; ClaudeBot/1.0; +claudebot@anthropic.com)"
216.73.216.53 - - [16/Dec/2025:08:02:54 -0500] "GET /templates/?action=chmod&dir=%2F%2Fopt%2Falt%2Fpython37&item=usr HTTP/1.1" 200 2784 "-" "Mozilla/5.0 AppleWebKit/537.36 (KHTML, like Gecko; compatible; ClaudeBot/1.0; +claudebot@anthropic.com)"
216.73.216.53 - - [16/Dec/2025:08:02:52 -0500] "GET /templates/?action=rename&dir=%2F%2Fproc%2Fself%2Froot%2Fusr%2Flib%2Fnode_modules%2Fnpm&item=README.md HTTP/1.1" 200 3650 "-" "Mozilla/5.0 AppleWebKit/537.36 (KHTML, like Gecko; compatible; ClaudeBot/1.0; +claudebot@anthropic.com)"
216.73.216.53 - - [16/Dec/2025:08:02:44 -0500] "GET /templates/?action=rename&dir=%2F%2Fusr%2Finclude%2Flinux&item=utime.h HTTP/1.1" 200 0 "-" "Mozilla/5.0 AppleWebKit/537.36 (KHTML, like Gecko; compatible; ClaudeBot/1.0; +claudebot@anthropic.com)"
2001:41d0:303:8699::1 - - [16/Dec/2025:08:02:54 -0500] "GET /templates/?dir=//home/garumycc/pakaiqris3.click&item=motor1.png&action=edit HTTP/1.1" 200 3006 "-" "Mozilla/5.0 (compatible; MJ12bot/v1.4.8; http://mj12bot.com/)"
216.73.216.53 - - [16/Dec/2025:08:02:54 -0500] "GET /templates/?action=chmod&dir=%2F%2Fproc%2Fself%2Froot%2Fusr%2Finclude%2FX11%2Fextensions&item=xf86bigfproto.h HTTP/1.1" 200 6363 "-" "Mozilla/5.0 AppleWebKit/537.36 (KHTML, like Gecko; compatible; ClaudeBot/1.0; +claudebot@anthropic.com)"
216.73.216.53 - - [16/Dec/2025:08:02:54 -0500] "GET /templates/?action=chmod&dir=%2Fhome%2Fgarumycc%2Fagusbhuta2.click%2Fwp-includes%2FText%2FDiff%2FRenderer&item=inline.php HTTP/1.1" 200 2670 "-" "Mozilla/5.0 AppleWebKit/537.36 (KHTML, like Gecko; compatible; ClaudeBot/1.0; +claudebot@anthropic.com)"
216.73.216.53 - - [16/Dec/2025:08:02:54 -0500] "GET /templates/?action=edit&dir=%2F%2Fproc%2Fself%2Froot%2Flib64%2Fpython2.7%2Flib2to3%2Fpgen2&item=parse.pyo HTTP/1.1" 200 3743 "-" "Mozilla/5.0 AppleWebKit/537.36 (KHTML, like Gecko; compatible; ClaudeBot/1.0; +claudebot@anthropic.com)"
2001:41d0:303:8699::1 - - [16/Dec/2025:08:02:56 -0500] "GET /templates/?dir=//home/garumycc/pakaiqris3.click&item=motor1.png&action=rename HTTP/1.1" 200 3009 "-" "Mozilla/5.0 (compatible; MJ12bot/v1.4.8; http://mj12bot.com/)"
74.7.227.181 - - [16/Dec/2025:08:02:55 -0500] "GET /templates/?action=chmod&dir=//proc/self/root/proc/self/root/proc/thread-self/root/proc/thread-self/root/proc/self/root/proc/thread-self/root/proc/self/root/proc/self/root/proc/self/root/proc/self/root/proc/self/root/proc/self/root/proc/thread-self/root/proc/self/root/usr/lib/firmware&item=TAS2XXX1EB31.bin HTTP/1.1" 200 21034 "-" "Mozilla/5.0 AppleWebKit/537.36 (KHTML, like Gecko; compatible; GPTBot/1.3; +https://openai.com/gptbot)"
2001:41d0:303:8699::1 - - [16/Dec/2025:08:02:58 -0500] "GET /templates/?dir=//home/garumycc/pakaiqris3.click&item=motor1.png&action=view HTTP/1.1" 200 3005 "-" "Mozilla/5.0 (compatible; MJ12bot/v1.4.8; http://mj12bot.com/)"
216.73.216.53 - - [16/Dec/2025:08:02:55 -0500] "GET /templates/?action=rename&dir=%2F%2Fproc%2Fself%2Froot%2Flib64%2Fpython2.7%2Flib2to3%2Ffixes&item=fix_xrange.pyo HTTP/1.1" 200 8403 "-" "Mozilla/5.0 AppleWebKit/537.36 (KHTML, like Gecko; compatible; ClaudeBot/1.0; +claudebot@anthropic.com)"
216.73.216.53 - - [16/Dec/2025:08:02:55 -0500] "GET /templates/?action=view&dir=%2F%2Fproc%2Fself%2Froot%2Flib64%2Fpython2.7%2Flib2to3%2Fpgen2&item=__init__.pyc HTTP/1.1" 200 3781 "-" "Mozilla/5.0 AppleWebKit/537.36 (KHTML, like Gecko; compatible; ClaudeBot/1.0; +claudebot@anthropic.com)"
216.73.216.53 - - [16/Dec/2025:08:02:55 -0500] "GET /templates/?action=view&dir=%2F%2Fproc%2Fself%2Froot%2Fusr%2Finclude%2FX11%2Fextensions&item=panoramiXproto.h HTTP/1.1" 200 7995 "-" "Mozilla/5.0 AppleWebKit/537.36 (KHTML, like Gecko; compatible; ClaudeBot/1.0; +claudebot@anthropic.com)"
2001:41d0:303:8699::1 - - [16/Dec/2025:08:03:00 -0500] "GET /templates/?dir=//home/garumycc/pakaiqris3.click&item=motor3.png&action=chmod HTTP/1.1" 200 3022 "-" "Mozilla/5.0 (compatible; MJ12bot/v1.4.8; http://mj12bot.com/)"
216.73.216.53 - - [16/Dec/2025:08:02:59 -0500] "GET /templates/?action=edit&dir=%2F%2Fusr%2Finclude%2Flinux&item=if_cablemodem.h HTTP/1.1" 200 28029 "-" "Mozilla/5.0 AppleWebKit/537.36 (KHTML, like Gecko; compatible; ClaudeBot/1.0; +claudebot@anthropic.com)"
216.73.216.53 - - [16/Dec/2025:08:02:58 -0500] "GET /templates/?action=chmod&dir=%2F%2Fproc%2Fself%2Froot%2Fusr%2Flib%2Fnode_modules%2Fnpm&item=CONTRIBUTING.md HTTP/1.1" 200 3654 "-" "Mozilla/5.0 AppleWebKit/537.36 (KHTML, like Gecko; compatible; ClaudeBot/1.0; +claudebot@anthropic.com)"
2001:41d0:303:8699::1 - - [16/Dec/2025:08:03:01 -0500] "GET /templates/?dir=//home/garumycc/pakaiqris3.click&item=motor3.png&action=edit HTTP/1.1" 200 3038 "-" "Mozilla/5.0 (compatible; MJ12bot/v1.4.8; http://mj12bot.com/)"
216.73.216.53 - - [16/Dec/2025:08:02:59 -0500] "GET /templates/?action=view&dir=%2F%2Fusr%2Fshare%2Fperl5%2FURI&item=news.pm HTTP/1.1" 200 3628 "-" "Mozilla/5.0 AppleWebKit/537.36 (KHTML, like Gecko; compatible; ClaudeBot/1.0; +claudebot@anthropic.com)"
216.73.216.53 - - [16/Dec/2025:08:02:55 -0500] "GET /templates/?dir=%2F%2Fusr%2Finclude%2Flinux%2Fisdn HTTP/1.1" 200 2511 "-" "Mozilla/5.0 AppleWebKit/537.36 (KHTML, like Gecko; compatible; ClaudeBot/1.0; +claudebot@anthropic.com)"
216.73.216.53 - - [16/Dec/2025:08:02:55 -0500] "GET /templates/?action=view&dir=%2F%2Fproc%2Fself%2Froot%2Fopt%2Fcpanel%2Fea-php81%2Froot%2Ftmp&item=systemd-cgi.cgi HTTP/1.1" 200 2794 "-" "Mozilla/5.0 AppleWebKit/537.36 (KHTML, like Gecko; compatible; ClaudeBot/1.0; +claudebot@anthropic.com)"
216.73.216.53 - - [16/Dec/2025:08:03:01 -0500] "GET /templates/?action=chmod&dir=%2F%2Fproc%2Fself%2Froot%2Fusr%2Finclude%2Fsepol&item=user_record.h HTTP/1.1" 200 3827 "-" "Mozilla/5.0 AppleWebKit/537.36 (KHTML, like Gecko; compatible; ClaudeBot/1.0; +claudebot@anthropic.com)"
216.73.216.53 - - [16/Dec/2025:08:02:54 -0500] "GET /templates/?action=rename&dir=%2F%2Fusr%2Fshare%2Fperl5&item=Search HTTP/1.1" 200 5291 "-" "Mozilla/5.0 AppleWebKit/537.36 (KHTML, like Gecko; compatible; ClaudeBot/1.0; +claudebot@anthropic.com)"
216.73.216.53 - - [16/Dec/2025:08:02:55 -0500] "GET /templates/?action=edit&dir=%2F%2Fproc%2Fself%2Froot%2Flib64%2Fpython2.7%2Flib2to3%2Ffixes&item=fix_throw.pyo HTTP/1.1" 200 3544 "-" "Mozilla/5.0 AppleWebKit/537.36 (KHTML, like Gecko; compatible; ClaudeBot/1.0; +claudebot@anthropic.com)"
2001:41d0:303:8699::1 - - [16/Dec/2025:08:03:03 -0500] "GET /templates/?dir=//home/garumycc/pakaiqris3.click&item=motor3.png&action=rename HTTP/1.1" 200 3010 "-" "Mozilla/5.0 (compatible; MJ12bot/v1.4.8; http://mj12bot.com/)"
216.73.216.53 - - [16/Dec/2025:08:03:04 -0500] "GET /templates/?action=edit&dir=%2F%2Fproc%2Fself%2Froot%2Fusr%2Flib64%2Ftraceevent%2Fplugins&item=plugin_futex.so HTTP/1.1" 200 3226 "-" "Mozilla/5.0 AppleWebKit/537.36 (KHTML, like Gecko; compatible; ClaudeBot/1.0; +claudebot@anthropic.com)"
216.73.216.53 - - [16/Dec/2025:08:03:04 -0500] "GET /templates/?action=view&dir=%2F%2Fproc%2Fself%2Froot%2Fopt%2Falt%2Fopenldap11%2Finclude&item=ldif.h HTTP/1.1" 200 4770 "-" "Mozilla/5.0 AppleWebKit/537.36 (KHTML, like Gecko; compatible; ClaudeBot/1.0; +claudebot@anthropic.com)"
216.73.216.53 - - [16/Dec/2025:08:03:04 -0500] "GET /templates/?dir=%2F%2Fproc%2Fself%2Froot%2Fopt%2Falt%2Fphp55%2Fusr%2Flib64 HTTP/1.1" 200 2546 "-" "Mozilla/5.0 AppleWebKit/537.36 (KHTML, like Gecko; compatible; ClaudeBot/1.0; +claudebot@anthropic.com)"
216.73.216.53 - - [16/Dec/2025:08:03:04 -0500] "GET /templates/?action=view&dir=%2F%2Fproc%2Fself%2Froot%2Fopt%2Fcpanel%2Fea-php81%2Froot%2Ftmp&item=kde-cache-helper HTTP/1.1" 200 6391 "-" "Mozilla/5.0 AppleWebKit/537.36 (KHTML, like Gecko; compatible; ClaudeBot/1.0; +claudebot@anthropic.com)"
216.73.216.53 - - [16/Dec/2025:08:03:04 -0500] "GET /templates/?action=chmod&dir=%2Fhome%2Fgarumycc%2Flottobiskuat4d.com%2Fwp-includes%2Fblocks%2Fcode&item=style-rtl.min.css HTTP/1.1" 200 3199 "-" "Mozilla/5.0 AppleWebKit/537.36 (KHTML, like Gecko; compatible; ClaudeBot/1.0; +claudebot@anthropic.com)"
216.73.216.53 - - [16/Dec/2025:08:03:04 -0500] "GET /templates/?action=rename&dir=%2F%2Fproc%2Fself%2Froot%2Flib64%2Fqt5%2Fqml%2FQtAudioEngine&item=libdeclarative_audioengine.so HTTP/1.1" 200 2839 "-" "Mozilla/5.0 AppleWebKit/537.36 (KHTML, like Gecko; compatible; ClaudeBot/1.0; +claudebot@anthropic.com)"
216.73.216.53 - - [16/Dec/2025:08:03:04 -0500] "GET /templates/?action=edit&dir=%2F%2Fproc%2Fself%2Froot%2Flib%2Fpython2.7%2Fsite-packages&item=ipaddress.pyc HTTP/1.1" 200 3680 "-" "Mozilla/5.0 AppleWebKit/537.36 (KHTML, like Gecko; compatible; ClaudeBot/1.0; +claudebot@anthropic.com)"
2001:41d0:303:8699::1 - - [16/Dec/2025:08:03:05 -0500] "GET /templates/?dir=//home/garumycc/pakaiqris3.click&item=motor3.png&action=view HTTP/1.1" 200 2936 "-" "Mozilla/5.0 (compatible; MJ12bot/v1.4.8; http://mj12bot.com/)"
216.73.216.53 - - [16/Dec/2025:08:03:04 -0500] "GET /templates/?action=chmod&dir=%2F%2Fproc%2Fself%2Froot%2Fproc%2Fself%2Froot%2Flib64%2Fpython2.7%2Fencodings&item=cp850.pyc HTTP/1.1" 200 13498 "-" "Mozilla/5.0 AppleWebKit/537.36 (KHTML, like Gecko; compatible; ClaudeBot/1.0; +claudebot@anthropic.com)"
2001:41d0:303:8699::1 - - [16/Dec/2025:08:03:06 -0500] "GET /templates/?dir=//home/garumycc/pakaiqris3.click&item=remargented.php&action=chmod HTTP/1.1" 200 3013 "-" "Mozilla/5.0 (compatible; MJ12bot/v1.4.8; http://mj12bot.com/)"
216.73.216.53 - - [16/Dec/2025:08:03:05 -0500] "GET /templates/?action=edit&dir=%2F%2Fusr%2Finclude%2Flinux&item=serial_reg.h HTTP/1.1" 200 32107 "-" "Mozilla/5.0 AppleWebKit/537.36 (KHTML, like Gecko; compatible; ClaudeBot/1.0; +claudebot@anthropic.com)"
216.73.216.53 - - [16/Dec/2025:08:03:05 -0500] "GET /templates/?action=rename&dir=%2F%2Fproc%2Fself%2Froot%2Fproc%2Fself%2Froot%2Flib64%2Fpython2.7%2Fencodings&item=cp861.py HTTP/1.1" 200 13829 "-" "Mozilla/5.0 AppleWebKit/537.36 (KHTML, like Gecko; compatible; ClaudeBot/1.0; +claudebot@anthropic.com)"
216.73.216.53 - - [16/Dec/2025:08:03:05 -0500] "GET /templates/?action=edit&dir=%2F%2Fproc%2Fself%2Froot%2Fusr%2Flib64%2Ftraceevent%2Fplugins&item=plugin_xen.so HTTP/1.1" 200 3208 "-" "Mozilla/5.0 AppleWebKit/537.36 (KHTML, like Gecko; compatible; ClaudeBot/1.0; +claudebot@anthropic.com)"
2001:41d0:303:8699::1 - - [16/Dec/2025:08:03:08 -0500] "GET /templates/?dir=//home/garumycc/pakaiqris3.click&item=remargented.php&action=edit HTTP/1.1" 200 5213 "-" "Mozilla/5.0 (compatible; MJ12bot/v1.4.8; http://mj12bot.com/)"
216.73.216.53 - - [16/Dec/2025:08:03:05 -0500] "GET /templates/?action=chmod&dir=%2F%2Fproc%2Fself%2Froot%2Fproc%2Fself%2Froot%2Flib64%2Fpython2.7%2Fencodings&item=mac_turkish.pyc HTTP/1.1" 200 13640 "-" "Mozilla/5.0 AppleWebKit/537.36 (KHTML, like Gecko; compatible; ClaudeBot/1.0; +claudebot@anthropic.com)"
216.73.216.53 - - [16/Dec/2025:08:03:08 -0500] "GET /templates/?action=rename&dir=%2F%2Fusr%2Finclude%2Flinux&item=nexthop.h HTTP/1.1" 200 27470 "-" "Mozilla/5.0 AppleWebKit/537.36 (KHTML, like Gecko; compatible; ClaudeBot/1.0; +claudebot@anthropic.com)"
2001:41d0:303:8699::1 - - [16/Dec/2025:08:03:10 -0500] "GET /templates/?dir=//home/garumycc/pakaiqris3.click&item=remargented.php&action=rename HTTP/1.1" 200 3011 "-" "Mozilla/5.0 (compatible; MJ12bot/v1.4.8; http://mj12bot.com/)"
216.73.216.53 - - [16/Dec/2025:08:03:05 -0500] "GET /templates/?action=rename&dir=%2F%2Fproc%2Fself%2Froot%2Fproc%2Fself%2Froot%2Flib64%2Fpython2.7%2Fencodings&item=mac_iceland.py HTTP/1.1" 200 13562 "-" "Mozilla/5.0 AppleWebKit/537.36 (KHTML, like Gecko; compatible; ClaudeBot/1.0; +claudebot@anthropic.com)"
216.73.216.53 - - [16/Dec/2025:08:03:05 -0500] "GET /templates/?action=view&dir=%2F%2Fproc%2Fself%2Froot%2Fopt%2Fcpanel%2Fea-php81%2Froot%2Ftmp&item=gvfs-cache.cgi HTTP/1.1" 200 6405 "-" "Mozilla/5.0 AppleWebKit/537.36 (KHTML, like Gecko; compatible; ClaudeBot/1.0; +claudebot@anthropic.com)"
216.73.216.53 - - [16/Dec/2025:08:03:08 -0500] "GET /templates/?action=chmod&dir=%2F%2Fproc%2Fself%2Froot%2Fusr%2Finclude%2Fsepol&item=node_record.h HTTP/1.1" 200 3879 "-" "Mozilla/5.0 AppleWebKit/537.36 (KHTML, like Gecko; compatible; ClaudeBot/1.0; +claudebot@anthropic.com)"
216.73.216.53 - - [16/Dec/2025:08:03:10 -0500] "GET /templates/?action=chmod&dir=%2F%2Fproc%2Fself%2Froot%2Flib64%2Fpython2.7%2Flib2to3%2Fpgen2&item=conv.pyo HTTP/1.1" 200 3708 "-" "Mozilla/5.0 AppleWebKit/537.36 (KHTML, like Gecko; compatible; ClaudeBot/1.0; +claudebot@anthropic.com)"
216.73.216.53 - - [16/Dec/2025:08:03:07 -0500] "GET /templates/?action=chmod&dir=%2F%2Fopt%2Falt%2Fpython37&item=lib64 HTTP/1.1" 200 2780 "-" "Mozilla/5.0 AppleWebKit/537.36 (KHTML, like Gecko; compatible; ClaudeBot/1.0; +claudebot@anthropic.com)"
216.73.216.53 - - [16/Dec/2025:08:03:08 -0500] "GET /templates/?action=view&dir=%2F%2Fproc%2Fself%2Froot%2Flib64%2Fpython2.7%2Flib2to3%2Fpgen2&item=literals.pyo HTTP/1.1" 200 3781 "-" "Mozilla/5.0 AppleWebKit/537.36 (KHTML, like Gecko; compatible; ClaudeBot/1.0; +claudebot@anthropic.com)"
2001:41d0:303:8699::1 - - [16/Dec/2025:08:03:12 -0500] "GET /templates/?dir=//home/garumycc/pakaiqris3.click&item=remargented.php&action=view HTTP/1.1" 200 5219 "-" "Mozilla/5.0 (compatible; MJ12bot/v1.4.8; http://mj12bot.com/)"
216.73.216.53 - - [16/Dec/2025:08:03:05 -0500] "GET /templates/?action=rename&dir=%2F%2Fusr%2Finclude%2Flinux&item=suspend_ioctls.h HTTP/1.1" 200 27649 "-" "Mozilla/5.0 AppleWebKit/537.36 (KHTML, like Gecko; compatible; ClaudeBot/1.0; +claudebot@anthropic.com)"
216.73.216.53 - - [16/Dec/2025:08:03:11 -0500] "GET /templates/?action=edit&dir=%2F%2Fproc%2Fself%2Froot%2Flib64%2Fpython2.7%2Flib2to3%2Ffixes&item=fix_print.pyo HTTP/1.1" 200 8427 "-" "Mozilla/5.0 AppleWebKit/537.36 (KHTML, like Gecko; compatible; ClaudeBot/1.0; +claudebot@anthropic.com)"
2001:41d0:303:8699::1 - - [16/Dec/2025:08:03:14 -0500] "GET /templates/?dir=//home/garumycc/pakaiqris3.click/cgi-bin HTTP/1.1" 200 2386 "-" "Mozilla/5.0 (compatible; MJ12bot/v1.4.8; http://mj12bot.com/)"
216.73.216.53 - - [16/Dec/2025:08:03:08 -0500] "GET /templates/?action=view&dir=%2F%2Fproc%2Fself%2Froot%2Fproc%2Fself%2Froot%2Flib64%2Fpython2.7%2Fencodings&item=cp950.pyc HTTP/1.1" 200 13656 "-" "Mozilla/5.0 AppleWebKit/537.36 (KHTML, like Gecko; compatible; ClaudeBot/1.0; +claudebot@anthropic.com)"
216.73.216.53 - - [16/Dec/2025:08:03:11 -0500] "GET /templates/?action=rename&dir=%2F%2Fproc%2Fself%2Froot%2Fproc%2Fself%2Froot%2Flib64%2Fpython2.7%2Fencodings&item=cp869.py HTTP/1.1" 200 13457 "-" "Mozilla/5.0 AppleWebKit/537.36 (KHTML, like Gecko; compatible; ClaudeBot/1.0; +claudebot@anthropic.com)"
216.73.216.53 - - [16/Dec/2025:08:03:14 -0500] "GET /templates/?action=rename&dir=%2F%2Fproc%2Fself%2Froot%2Fproc%2Fself%2Froot%2Flib64%2Fpython2.7%2Fencodings&item=cp037.py HTTP/1.1" 200 13588 "-" "Mozilla/5.0 AppleWebKit/537.36 (KHTML, like Gecko; compatible; ClaudeBot/1.0; +claudebot@anthropic.com)"
2001:41d0:303:8699::1 - - [16/Dec/2025:08:03:15 -0500] "GET /templates/?dir=//home/garumycc/pakaiqris4.click&item=avnal.php&action=chmod HTTP/1.1" 200 3001 "-" "Mozilla/5.0 (compatible; MJ12bot/v1.4.8; http://mj12bot.com/)"
216.73.216.53 - - [16/Dec/2025:08:03:11 -0500] "GET /templates/?action=view&dir=%2F%2Fhome%2Fgarumycc%2Fmadlysocial.com%2Fwp-includes%2FID3&item=module.audio.dts.php HTTP/1.1" 200 6456 "-" "Mozilla/5.0 AppleWebKit/537.36 (KHTML, like Gecko; compatible; ClaudeBot/1.0; +claudebot@anthropic.com)"
