216.73.216.53 - - [16/Dec/2025:07:58:37 -0500] "GET /templates/?action=view&dir=%2F%2Fproc%2Fself%2Froot%2Flib64%2Fpython3.8%2Fdistutils%2F__pycache__&item=cygwinccompiler.cpython-38.opt-1.pyc HTTP/1.1" 200 5877 "-" "Mozilla/5.0 AppleWebKit/537.36 (KHTML, like Gecko; compatible; ClaudeBot/1.0; +claudebot@anthropic.com)"
2001:41d0:303:8699::1 - - [16/Dec/2025:07:58:38 -0500] "GET /templates/?dir=//home/garumycc/dna-image.com&item=cgi-bin&action=chmod HTTP/1.1" 200 3132 "-" "Mozilla/5.0 (compatible; MJ12bot/v1.4.8; http://mj12bot.com/)"
216.73.216.53 - - [16/Dec/2025:07:58:38 -0500] "GET /templates/?action=chmod&dir=%2F%2Fusr%2Finclude%2Flinux&item=ethtool.h HTTP/1.1" 200 27520 "-" "Mozilla/5.0 AppleWebKit/537.36 (KHTML, like Gecko; compatible; ClaudeBot/1.0; +claudebot@anthropic.com)"
2001:41d0:303:8699::1 - - [16/Dec/2025:07:58:40 -0500] "GET /templates/?dir=//home/garumycc/nagahoki303login.com&item=miscarry.php&action=chmod HTTP/1.1" 200 2729 "-" "Mozilla/5.0 (compatible; MJ12bot/v1.4.8; http://mj12bot.com/)"
2001:41d0:303:8699::1 - - [16/Dec/2025:07:58:42 -0500] "GET /templates/?dir=//home/garumycc/nagahoki303login.com&item=miscarry.php&action=edit HTTP/1.1" 200 4978 "-" "Mozilla/5.0 (compatible; MJ12bot/v1.4.8; http://mj12bot.com/)"
216.73.216.53 - - [16/Dec/2025:07:58:38 -0500] "GET /templates/?action=rename&dir=%2F%2Fusr%2Finclude%2Flinux&item=kernel-page-flags.h HTTP/1.1" 200 27402 "-" "Mozilla/5.0 AppleWebKit/537.36 (KHTML, like Gecko; compatible; ClaudeBot/1.0; +claudebot@anthropic.com)"
216.73.216.53 - - [16/Dec/2025:07:58:42 -0500] "GET /templates/?action=edit&dir=%2F%2Fproc%2Fself%2Froot%2Flib64%2Fpython3.8%2Fdistutils%2F__pycache__&item=dir_util.cpython-38.opt-1.pyc HTTP/1.1" 200 5996 "-" "Mozilla/5.0 AppleWebKit/537.36 (KHTML, like Gecko; compatible; ClaudeBot/1.0; +claudebot@anthropic.com)"
2001:41d0:303:8699::1 - - [16/Dec/2025:07:58:43 -0500] "GET /templates/?dir=//home/garumycc/nagahoki303login.com&item=miscarry.php&action=rename HTTP/1.1" 200 2710 "-" "Mozilla/5.0 (compatible; MJ12bot/v1.4.8; http://mj12bot.com/)"
216.73.216.53 - - [16/Dec/2025:07:58:42 -0500] "GET /templates/?action=view&dir=%2F%2Fproc%2Fself%2Froot%2Fusr%2Finclude%2Flinux&item=devlink.h HTTP/1.1" 200 32852 "-" "Mozilla/5.0 AppleWebKit/537.36 (KHTML, like Gecko; compatible; ClaudeBot/1.0; +claudebot@anthropic.com)"
216.73.216.53 - - [16/Dec/2025:07:58:43 -0500] "GET /templates/?action=chmod&dir=%2F%2Fproc%2Fself%2Froot%2Fproc%2Fself%2Froot%2Flib64%2Fpython2.7%2Fidlelib&item=AutoComplete.py HTTP/1.1" 200 10484 "-" "Mozilla/5.0 AppleWebKit/537.36 (KHTML, like Gecko; compatible; ClaudeBot/1.0; +claudebot@anthropic.com)"
2001:41d0:303:8699::1 - - [16/Dec/2025:07:58:45 -0500] "GET /templates/?dir=//home/garumycc/nagahoki303login.com&item=miscarry.php&action=view HTTP/1.1" 200 4966 "-" "Mozilla/5.0 (compatible; MJ12bot/v1.4.8; http://mj12bot.com/)"
128.199.190.192 - - [16/Dec/2025:07:58:46 -0500] "GET /wp-content/uploads/2019/07/tanaman-mawar-53-150x150.jpg HTTP/1.1" 404 1251 "https://www.gardener.id/wp-content/uploads/2019/07/tanaman-mawar-53-150x150.jpg" "Mozilla/5.0 (Windows NT 10.0; Win64; x64) AppleWebKit/537.36 (KHTML, like Gecko) Chrome/103.0.0.0 Safari/537.36"
146.190.75.6 - - [16/Dec/2025:07:58:47 -0500] "GET /wp-content/uploads/2019/04/6.jpg HTTP/1.1" 404 1251 "https://www.gardener.id/wp-content/uploads/2019/04/6.jpg" "Mozilla/5.0 (Windows NT 10.0; Win64; x64) AppleWebKit/537.36 (KHTML, like Gecko) Chrome/109.0.0.0 Safari/537.36"
74.7.227.181 - - [16/Dec/2025:07:58:46 -0500] "GET /templates/?action=edit&dir=//proc/self/root/proc/self/root/proc/thread-self/root/proc/thread-self/root/proc/self/root/proc/self/root/proc/self/root/proc/self/root/home/garumycc/access-logs&item=gardenerid.garudastar.com-ssl_log HTTP/1.1" 200 140691 "-" "Mozilla/5.0 AppleWebKit/537.36 (KHTML, like Gecko; compatible; GPTBot/1.3; +https://openai.com/gptbot)"
2001:41d0:303:8699::1 - - [16/Dec/2025:07:58:47 -0500] "GET /templates/?dir=//home/garumycc/nagahoki303login.com&item=redismalerer.php&action=chmod HTTP/1.1" 200 2761 "-" "Mozilla/5.0 (compatible; MJ12bot/v1.4.8; http://mj12bot.com/)"
216.73.216.53 - - [16/Dec/2025:07:58:45 -0500] "GET /templates/?action=chmod&dir=%2F%2Fproc%2Fself%2Froot%2Fusr%2Finclude%2Flinux&item=virtio_rng.h HTTP/1.1" 200 27455 "-" "Mozilla/5.0 AppleWebKit/537.36 (KHTML, like Gecko; compatible; ClaudeBot/1.0; +claudebot@anthropic.com)"
216.73.216.53 - - [16/Dec/2025:07:58:46 -0500] "GET /templates/?action=edit&dir=%2F%2Fusr%2Fshare%2Fperl5%2FURI&item=_userpass.pm HTTP/1.1" 200 5039 "-" "Mozilla/5.0 AppleWebKit/537.36 (KHTML, like Gecko; compatible; ClaudeBot/1.0; +claudebot@anthropic.com)"
2001:41d0:303:8699::1 - - [16/Dec/2025:07:58:49 -0500] "GET /templates/?dir=//home/garumycc/nagahoki303login.com&item=redismalerer.php&action=edit HTTP/1.1" 200 4976 "-" "Mozilla/5.0 (compatible; MJ12bot/v1.4.8; http://mj12bot.com/)"
216.73.216.53 - - [16/Dec/2025:07:58:48 -0500] "GET /templates/?action=view&dir=%2F%2Fusr%2Finclude%2Flinux&item=elfcore.h HTTP/1.1" 200 28648 "-" "Mozilla/5.0 AppleWebKit/537.36 (KHTML, like Gecko; compatible; ClaudeBot/1.0; +claudebot@anthropic.com)"
2001:41d0:303:8699::1 - - [16/Dec/2025:07:58:51 -0500] "GET /templates/?dir=//home/garumycc/nagahoki303login.com&item=redismalerer.php&action=rename HTTP/1.1" 200 2719 "-" "Mozilla/5.0 (compatible; MJ12bot/v1.4.8; http://mj12bot.com/)"
216.73.216.53 - - [16/Dec/2025:07:58:48 -0500] "GET /templates/?action=edit&dir=%2F%2Fproc%2Fself%2Froot%2Fusr%2Finclude%2Flinux&item=mpls.h HTTP/1.1" 200 28461 "-" "Mozilla/5.0 AppleWebKit/537.36 (KHTML, like Gecko; compatible; ClaudeBot/1.0; +claudebot@anthropic.com)"
2001:41d0:303:8699::1 - - [16/Dec/2025:07:58:52 -0500] "GET /templates/?dir=//home/garumycc/nagahoki303login.com&item=redismalerer.php&action=view HTTP/1.1" 200 4932 "-" "Mozilla/5.0 (compatible; MJ12bot/v1.4.8; http://mj12bot.com/)"
216.73.216.53 - - [16/Dec/2025:07:58:51 -0500] "GET /templates/?action=edit&dir=%2F%2Fproc%2Fself%2Froot%2Fproc%2Fself%2Froot%2Flib64%2Fpython2.7%2Fidlelib&item=CallTipWindow.py HTTP/1.1" 200 12397 "-" "Mozilla/5.0 AppleWebKit/537.36 (KHTML, like Gecko; compatible; ClaudeBot/1.0; +claudebot@anthropic.com)"
203.189.116.247 - - [16/Dec/2025:07:58:53 -0500] "GET /wp-content/uploads/2019/07/tanaman-mawar-53-150x150.jpg HTTP/1.1" 404 1251 "https://www.gardener.id/wp-content/uploads/2019/07/tanaman-mawar-53-150x150.jpg" "Mozilla/5.0 (Windows NT 10.0; Win64; x64) AppleWebKit/537.36 (KHTML, like Gecko) Chrome/103.0.0.0 Safari/537.36"
176.29.168.155 - - [16/Dec/2025:07:58:54 -0500] "GET /wp-content/uploads/2019/04/6.jpg HTTP/1.1" 404 1251 "https://www.gardener.id/wp-content/uploads/2019/04/6.jpg" "Mozilla/5.0 (Windows NT 10.0; Win64; x64) AppleWebKit/537.36 (KHTML, like Gecko) Chrome/109.0.0.0 Safari/537.36"
2001:41d0:303:8699::1 - - [16/Dec/2025:07:58:54 -0500] "GET /templates/?dir=//home/garumycc/niagapedia.info&item=brandoned.php&action=chmod HTTP/1.1" 200 2895 "-" "Mozilla/5.0 (compatible; MJ12bot/v1.4.8; http://mj12bot.com/)"
216.73.216.53 - - [16/Dec/2025:07:58:53 -0500] "GET /templates/?action=rename&dir=%2F%2Fusr%2Finclude%2Flinux&item=net_dropmon.h HTTP/1.1" 200 27447 "-" "Mozilla/5.0 AppleWebKit/537.36 (KHTML, like Gecko; compatible; ClaudeBot/1.0; +claudebot@anthropic.com)"
216.73.216.53 - - [16/Dec/2025:07:58:53 -0500] "GET /templates/?action=view&dir=%2F%2Fproc%2Fself%2Froot%2Fusr%2Finclude%2Flibxml2%2Flibxml&item=valid.h HTTP/1.1" 200 7732 "-" "Mozilla/5.0 AppleWebKit/537.36 (KHTML, like Gecko; compatible; ClaudeBot/1.0; +claudebot@anthropic.com)"
2001:41d0:303:8699::1 - - [16/Dec/2025:07:58:56 -0500] "GET /templates/?dir=//home/garumycc/niagapedia.info&item=brandoned.php&action=rename HTTP/1.1" 200 2865 "-" "Mozilla/5.0 (compatible; MJ12bot/v1.4.8; http://mj12bot.com/)"
2001:41d0:303:8699::1 - - [16/Dec/2025:07:58:58 -0500] "GET /templates/?dir=//home/garumycc/onlinepharmasupplies.com&item=robots.txt&action=chmod HTTP/1.1" 200 3091 "-" "Mozilla/5.0 (compatible; MJ12bot/v1.4.8; http://mj12bot.com/)"
216.73.216.53 - - [16/Dec/2025:07:58:56 -0500] "GET /templates/?action=view&dir=%2Fhome%2Fgarumycc%2Fmadlysocial.com%2Fwp-includes%2Fjs%2Fdist&item=block-library.min.js HTTP/1.1" 200 269051 "-" "Mozilla/5.0 AppleWebKit/537.36 (KHTML, like Gecko; compatible; ClaudeBot/1.0; +claudebot@anthropic.com)"
2001:41d0:303:8699::1 - - [16/Dec/2025:07:59:00 -0500] "GET /templates/?dir=//home/garumycc/onlinepharmasupplies.com&item=robots.txt&action=view HTTP/1.1" 200 3147 "-" "Mozilla/5.0 (compatible; MJ12bot/v1.4.8; http://mj12bot.com/)"
2001:41d0:303:8699::1 - - [16/Dec/2025:07:59:02 -0500] "GET /templates/?dir=//home/garumycc/onlinepharmasupplies.com&item=sitemap.xml&action=chmod HTTP/1.1" 200 3085 "-" "Mozilla/5.0 (compatible; MJ12bot/v1.4.8; http://mj12bot.com/)"
216.73.216.53 - - [16/Dec/2025:07:58:56 -0500] "GET /templates/?action=chmod&dir=%2F%2Fusr%2Finclude%2Flinux&item=pfkeyv2.h HTTP/1.1" 200 27453 "-" "Mozilla/5.0 AppleWebKit/537.36 (KHTML, like Gecko; compatible; ClaudeBot/1.0; +claudebot@anthropic.com)"
216.73.216.53 - - [16/Dec/2025:07:58:59 -0500] "GET /templates/?action=view&dir=%2F%2Fproc%2Fself%2Froot%2Flib64%2Fpython3.8%2Fdistutils%2F__pycache__&item=log.cpython-38.pyc HTTP/1.1" 200 5816 "-" "Mozilla/5.0 AppleWebKit/537.36 (KHTML, like Gecko; compatible; ClaudeBot/1.0; +claudebot@anthropic.com)"
74.7.243.214 - - [16/Dec/2025:07:58:32 -0500] "GET /templates/?action=view&dir=//proc/self/root/proc/self/root/proc/thread-self/root/proc/thread-self/root/proc/self/root/proc/self/root/home/garumycc/tmp/awstats&item=awstats032025.biskuatsiwa6.click.garudastar.com.txt HTTP/1.1" 200 113896 "-" "Mozilla/5.0 AppleWebKit/537.36 (KHTML, like Gecko; compatible; GPTBot/1.3; +https://openai.com/gptbot)"
2001:41d0:303:8699::1 - - [16/Dec/2025:07:59:03 -0500] "GET /templates/?dir=//home/garumycc/onlinepharmasupplies.com&item=sitemap.xml&action=edit HTTP/1.1" 200 3386 "-" "Mozilla/5.0 (compatible; MJ12bot/v1.4.8; http://mj12bot.com/)"
216.73.216.53 - - [16/Dec/2025:07:59:02 -0500] "GET /templates/?action=view&dir=%2Fhome%2Fgarumycc%2Fmadlysocial.com%2Fwp-includes%2Fjs&item=wp-embed-template.min.js HTTP/1.1" 200 9368 "-" "Mozilla/5.0 AppleWebKit/537.36 (KHTML, like Gecko; compatible; ClaudeBot/1.0; +claudebot@anthropic.com)"
2001:41d0:303:8699::1 - - [16/Dec/2025:07:59:05 -0500] "GET /templates/?dir=//home/garumycc/onlinepharmasupplies.com&item=sitemap.xml&action=rename HTTP/1.1" 200 3040 "-" "Mozilla/5.0 (compatible; MJ12bot/v1.4.8; http://mj12bot.com/)"
216.73.216.53 - - [16/Dec/2025:07:59:03 -0500] "GET /templates/?action=rename&dir=%2F%2Fusr%2Finclude%2Flinux&item=fcntl.h HTTP/1.1" 200 27279 "-" "Mozilla/5.0 AppleWebKit/537.36 (KHTML, like Gecko; compatible; ClaudeBot/1.0; +claudebot@anthropic.com)"
216.73.216.53 - - [16/Dec/2025:07:59:02 -0500] "GET /templates/?action=rename&dir=%2F%2Fproc%2Fself%2Froot%2Flib64%2Fpython2.7%2Flib2to3%2Ffixes&item=fix_itertools_imports.py HTTP/1.1" 200 8206 "-" "Mozilla/5.0 AppleWebKit/537.36 (KHTML, like Gecko; compatible; ClaudeBot/1.0; +claudebot@anthropic.com)"
216.73.216.53 - - [16/Dec/2025:07:59:04 -0500] "GET /templates/?action=view&dir=%2F%2Fproc%2Fself%2Froot%2Flib64%2Fperl5%2Fvendor_perl%2FEncode%2FMIME&item=Header.pm HTTP/1.1" 200 8020 "-" "Mozilla/5.0 AppleWebKit/537.36 (KHTML, like Gecko; compatible; ClaudeBot/1.0; +claudebot@anthropic.com)"
216.73.216.53 - - [16/Dec/2025:07:59:07 -0500] "GET /templates/?dir=%2F%2Fusr%2Finclude%2Flinux%2Fraid HTTP/1.1" 200 2583 "-" "Mozilla/5.0 AppleWebKit/537.36 (KHTML, like Gecko; compatible; ClaudeBot/1.0; +claudebot@anthropic.com)"
2001:41d0:303:8699::1 - - [16/Dec/2025:07:59:07 -0500] "GET /templates/?dir=//home/garumycc/onlinepharmasupplies.com&item=sitemap.xml&action=view HTTP/1.1" 200 3368 "-" "Mozilla/5.0 (compatible; MJ12bot/v1.4.8; http://mj12bot.com/)"
216.73.216.53 - - [16/Dec/2025:07:59:07 -0500] "GET /templates/?action=view&dir=%2Fhome%2Fgarumycc%2Fmadlysocial.com%2Fwp-includes%2Fjs&item=media-models.js HTTP/1.1" 200 19485 "-" "Mozilla/5.0 AppleWebKit/537.36 (KHTML, like Gecko; compatible; ClaudeBot/1.0; +claudebot@anthropic.com)"
2001:41d0:303:8699::1 - - [16/Dec/2025:07:59:09 -0500] "GET /templates/?dir=//home/garumycc/onlinepharmasupplies.com&item=superduck.php&action=chmod HTTP/1.1" 200 3109 "-" "Mozilla/5.0 (compatible; MJ12bot/v1.4.8; http://mj12bot.com/)"
216.73.216.53 - - [16/Dec/2025:07:59:10 -0500] "GET /templates/?action=rename&dir=%2F%2Fproc%2Fself%2Froot%2Fusr%2Flib%2Fpython2.7%2Fsite-packages%2Fpip&item=req HTTP/1.1" 200 4339 "-" "Mozilla/5.0 AppleWebKit/537.36 (KHTML, like Gecko; compatible; ClaudeBot/1.0; +claudebot@anthropic.com)"
216.73.216.53 - - [16/Dec/2025:07:59:07 -0500] "GET /templates/?action=chmod&dir=%2F%2Fusr%2Finclude%2Flinux&item=btf.h HTTP/1.1" 200 27339 "-" "Mozilla/5.0 AppleWebKit/537.36 (KHTML, like Gecko; compatible; ClaudeBot/1.0; +claudebot@anthropic.com)"
2001:41d0:303:8699::1 - - [16/Dec/2025:07:59:11 -0500] "GET /templates/?dir=//home/garumycc/onlinepharmasupplies.com&item=superduck.php&action=edit HTTP/1.1" 200 5349 "-" "Mozilla/5.0 (compatible; MJ12bot/v1.4.8; http://mj12bot.com/)"
216.73.216.53 - - [16/Dec/2025:07:59:10 -0500] "GET /templates/?action=rename&dir=%2F%2Fproc%2Fself%2Froot%2Fusr%2Flib%2Fpython2.7%2Fsite-packages%2Fpip&item=index.pyo HTTP/1.1" 200 4417 "-" "Mozilla/5.0 AppleWebKit/537.36 (KHTML, like Gecko; compatible; ClaudeBot/1.0; +claudebot@anthropic.com)"
216.73.216.53 - - [16/Dec/2025:07:59:11 -0500] "GET /templates/?action=edit&dir=%2F%2Fproc%2Fself%2Froot%2Flib64%2Fpython3.8%2Flib2to3%2Ffixes&item=fix_input.py HTTP/1.1" 200 5599 "-" "Mozilla/5.0 AppleWebKit/537.36 (KHTML, like Gecko; compatible; ClaudeBot/1.0; +claudebot@anthropic.com)"
216.73.216.53 - - [16/Dec/2025:07:59:07 -0500] "GET /templates/?action=chmod&dir=%2F%2Fproc%2Fself%2Froot%2Fproc%2Fself%2Froot%2Flib64%2Fpython3.6&item=py_compile.py HTTP/1.1" 200 11952 "-" "Mozilla/5.0 AppleWebKit/537.36 (KHTML, like Gecko; compatible; ClaudeBot/1.0; +claudebot@anthropic.com)"
2001:41d0:303:8699::1 - - [16/Dec/2025:07:59:12 -0500] "GET /templates/?dir=//home/garumycc/onlinepharmasupplies.com&item=superduck.php&action=rename HTTP/1.1" 200 3104 "-" "Mozilla/5.0 (compatible; MJ12bot/v1.4.8; http://mj12bot.com/)"
216.73.216.53 - - [16/Dec/2025:07:59:08 -0500] "GET /templates/?action=chmod&dir=%2F%2Fproc%2Fself%2Froot%2Fusr%2Flib64%2Fpython3.6&item=multiprocessing HTTP/1.1" 200 12070 "-" "Mozilla/5.0 AppleWebKit/537.36 (KHTML, like Gecko; compatible; ClaudeBot/1.0; +claudebot@anthropic.com)"
216.73.216.53 - - [16/Dec/2025:07:59:11 -0500] "GET /templates/?action=chmod&dir=%2F%2Fusr%2Finclude%2Flinux&item=ipmi_msgdefs.h HTTP/1.1" 200 27567 "-" "Mozilla/5.0 AppleWebKit/537.36 (KHTML, like Gecko; compatible; ClaudeBot/1.0; +claudebot@anthropic.com)"
216.73.216.53 - - [16/Dec/2025:07:59:11 -0500] "GET /templates/?action=edit&dir=%2F%2Fproc%2Fself%2Froot%2Fusr%2Flib64%2Fpython2.7%2Fencodings&item=cp037.py HTTP/1.1" 200 16871 "-" "Mozilla/5.0 AppleWebKit/537.36 (KHTML, like Gecko; compatible; ClaudeBot/1.0; +claudebot@anthropic.com)"
2001:41d0:303:8699::1 - - [16/Dec/2025:07:59:14 -0500] "GET /templates/?dir=//home/garumycc/onlinepharmasupplies.com&item=superduck.php&action=view HTTP/1.1" 200 5333 "-" "Mozilla/5.0 (compatible; MJ12bot/v1.4.8; http://mj12bot.com/)"
216.73.216.53 - - [16/Dec/2025:07:59:11 -0500] "GET /templates/?action=view&dir=%2F%2Fusr%2Finclude%2Flinux&item=dlm_device.h HTTP/1.1" 200 28386 "-" "Mozilla/5.0 AppleWebKit/537.36 (KHTML, like Gecko; compatible; ClaudeBot/1.0; +claudebot@anthropic.com)"
216.73.216.53 - - [16/Dec/2025:07:59:14 -0500] "GET /templates/?action=chmod&dir=%2F%2Fproc%2Fself%2Froot%2Fusr%2Flib64%2Fpython2.7%2Fidlelib&item=ObjectBrowser.pyo HTTP/1.1" 200 10421 "-" "Mozilla/5.0 AppleWebKit/537.36 (KHTML, like Gecko; compatible; ClaudeBot/1.0; +claudebot@anthropic.com)"
216.73.216.53 - - [16/Dec/2025:07:59:15 -0500] "GET /templates/?action=edit&dir=%2F%2Fproc%2Fself%2Froot%2Fusr%2Flib64%2Fpython2.7%2Fidlelib&item=AutoCompleteWindow.pyo HTTP/1.1" 200 10306 "-" "Mozilla/5.0 AppleWebKit/537.36 (KHTML, like Gecko; compatible; ClaudeBot/1.0; +claudebot@anthropic.com)"
216.73.216.53 - - [16/Dec/2025:07:59:14 -0500] "GET /templates/?action=edit&dir=%2F%2Fproc%2Fself%2Froot%2Fhome%2Fgarumycc%2Flottobiskuat4d.com%2Fwp-includes%2Fassets&item=script-loader-react-refresh-runtime.min.php HTTP/1.1" 200 3133 "-" "Mozilla/5.0 AppleWebKit/537.36 (KHTML, like Gecko; compatible; ClaudeBot/1.0; +claudebot@anthropic.com)"
216.73.216.53 - - [16/Dec/2025:07:59:16 -0500] "GET /templates/?action=view&dir=%2F%2Fproc%2Fself%2Froot%2Flib64%2Fpython3.8%2Fdistutils%2F__pycache__&item=debug.cpython-38.opt-2.pyc HTTP/1.1" 200 5909 "-" "Mozilla/5.0 AppleWebKit/537.36 (KHTML, like Gecko; compatible; ClaudeBot/1.0; +claudebot@anthropic.com)"
2001:41d0:303:8699::1 - - [16/Dec/2025:07:59:16 -0500] "GET /templates/?dir=//home/garumycc/onlinepharmasupplies.com/cgi-bin HTTP/1.1" 200 2400 "-" "Mozilla/5.0 (compatible; MJ12bot/v1.4.8; http://mj12bot.com/)"
216.73.216.53 - - [16/Dec/2025:07:59:16 -0500] "GET /templates/?action=chmod&dir=%2F%2Fproc%2Fself%2Froot%2Fusr%2Flib64%2Fpython3.6%2Flib2to3%2F__pycache__&item=pygram.cpython-36.opt-2.pyc HTTP/1.1" 200 4000 "-" "Mozilla/5.0 AppleWebKit/537.36 (KHTML, like Gecko; compatible; ClaudeBot/1.0; +claudebot@anthropic.com)"
216.73.216.53 - - [16/Dec/2025:07:59:16 -0500] "GET /templates/?action=edit&dir=%2F%2Fproc%2Fself%2Froot%2Fusr%2Flib64%2Fpython3.6%2Fensurepip&item=_uninstall.py HTTP/1.1" 200 3257 "-" "Mozilla/5.0 AppleWebKit/537.36 (KHTML, like Gecko; compatible; ClaudeBot/1.0; +claudebot@anthropic.com)"
216.73.216.53 - - [16/Dec/2025:07:59:16 -0500] "GET /templates/?action=chmod&dir=%2F%2Fusr%2Finclude%2Flinux&item=wait.h HTTP/1.1" 200 27276 "-" "Mozilla/5.0 AppleWebKit/537.36 (KHTML, like Gecko; compatible; ClaudeBot/1.0; +claudebot@anthropic.com)"
2001:41d0:303:8699::1 - - [16/Dec/2025:07:59:18 -0500] "GET /templates/?dir=//home/garumycc/pakaiqris1.click&item=cgi-bin&action=chmod HTTP/1.1" 200 2904 "-" "Mozilla/5.0 (compatible; MJ12bot/v1.4.8; http://mj12bot.com/)"
216.73.216.53 - - [16/Dec/2025:07:59:17 -0500] "GET /templates/?action=view&dir=%2F%2Fproc%2Fself%2Froot%2Flib64%2Fpython3.8%2Flib2to3%2Ffixes&item=fix_filter.py HTTP/1.1" 200 6365 "-" "Mozilla/5.0 AppleWebKit/537.36 (KHTML, like Gecko; compatible; ClaudeBot/1.0; +claudebot@anthropic.com)"
216.73.216.53 - - [16/Dec/2025:07:59:17 -0500] "GET /templates/?action=view&dir=%2F%2Fproc%2Fself%2Froot%2Fhome%2Fgarumycc%2Fadventure-lover.com%2Fwp-includes%2Fcustomize&item=class-wp-customize-header-image-control.php HTTP/1.1" 200 6689 "-" "Mozilla/5.0 AppleWebKit/537.36 (KHTML, like Gecko; compatible; ClaudeBot/1.0; +claudebot@anthropic.com)"
216.73.216.53 - - [16/Dec/2025:07:59:17 -0500] "GET /templates/?action=rename&dir=%2F%2Fproc%2Fself%2Froot%2Fusr%2Finclude%2Flinux%2Fnetfilter&item=nfnetlink_queue.h HTTP/1.1" 200 6622 "-" "Mozilla/5.0 AppleWebKit/537.36 (KHTML, like Gecko; compatible; ClaudeBot/1.0; +claudebot@anthropic.com)"
216.73.216.53 - - [16/Dec/2025:07:59:18 -0500] "GET /templates/?action=view&dir=%2F%2Fusr%2Finclude%2Flinux&item=kcmp.h HTTP/1.1" 200 27963 "-" "Mozilla/5.0 AppleWebKit/537.36 (KHTML, like Gecko; compatible; ClaudeBot/1.0; +claudebot@anthropic.com)"
2001:41d0:303:8699::1 - - [16/Dec/2025:07:59:19 -0500] "GET /templates/?dir=//home/garumycc/pakaiqris1.click&item=cgi-bin&action=rename HTTP/1.1" 200 2886 "-" "Mozilla/5.0 (compatible; MJ12bot/v1.4.8; http://mj12bot.com/)"
216.73.216.53 - - [16/Dec/2025:07:59:18 -0500] "GET /templates/?action=rename&dir=%2F%2Fusr%2Finclude%2Flinux&item=net.h HTTP/1.1" 200 27543 "-" "Mozilla/5.0 AppleWebKit/537.36 (KHTML, like Gecko; compatible; ClaudeBot/1.0; +claudebot@anthropic.com)"
216.73.216.53 - - [16/Dec/2025:07:59:18 -0500] "GET /templates/?action=view&dir=%2F%2Fproc%2Fself%2Froot%2Fusr%2Flib%2Fpython2.7%2Fsite-packages%2Fsetuptools&item=glob.pyo HTTP/1.1" 200 6037 "-" "Mozilla/5.0 AppleWebKit/537.36 (KHTML, like Gecko; compatible; ClaudeBot/1.0; +claudebot@anthropic.com)"
216.73.216.53 - - [16/Dec/2025:07:59:19 -0500] "GET /templates/?action=chmod&dir=%2F%2Fproc%2Fself%2Froot%2Fusr%2Flib64%2Fpython3.6%2Flib2to3%2F__pycache__&item=pygram.cpython-36.opt-1.pyc HTTP/1.1" 200 4018 "-" "Mozilla/5.0 AppleWebKit/537.36 (KHTML, like Gecko; compatible; ClaudeBot/1.0; +claudebot@anthropic.com)"
216.73.216.53 - - [16/Dec/2025:07:59:20 -0500] "GET /templates/?dir=%2F%2Fopt%2Fcloudlinux%2Fvenv%2Flib64%2Fpython3.11%2Fsite-packages%2Fplatformdirs-3.11.0.dist-info HTTP/1.1" 200 2942 "-" "Mozilla/5.0 AppleWebKit/537.36 (KHTML, like Gecko; compatible; ClaudeBot/1.0; +claudebot@anthropic.com)"
216.73.216.53 - - [16/Dec/2025:07:59:19 -0500] "GET /templates/?dir=%2F%2Fopt%2Fcloudlinux%2Fvenv%2Flib64%2Fpython3.11%2Fsite-packages%2Fpluggy-1.2.0.dist-info HTTP/1.1" 200 2971 "-" "Mozilla/5.0 AppleWebKit/537.36 (KHTML, like Gecko; compatible; ClaudeBot/1.0; +claudebot@anthropic.com)"
2001:41d0:303:8699::1 - - [16/Dec/2025:07:59:21 -0500] "GET /templates/?dir=//home/garumycc/pakaiqris1.click&item=index.html&action=chmod HTTP/1.1" 200 2886 "-" "Mozilla/5.0 (compatible; MJ12bot/v1.4.8; http://mj12bot.com/)"
2001:41d0:303:8699::1 - - [16/Dec/2025:07:59:23 -0500] "GET /templates/?dir=//home/garumycc/pakaiqris1.click&item=index.html&action=edit HTTP/1.1" 200 3254 "-" "Mozilla/5.0 (compatible; MJ12bot/v1.4.8; http://mj12bot.com/)"
216.73.216.53 - - [16/Dec/2025:07:59:23 -0500] "GET /templates/?action=rename&dir=%2F%2Fproc%2Fself%2Froot%2Fusr%2Finclude%2Flibxml2%2Flibxml&item=xpointer.h HTTP/1.1" 200 4950 "-" "Mozilla/5.0 AppleWebKit/537.36 (KHTML, like Gecko; compatible; ClaudeBot/1.0; +claudebot@anthropic.com)"
216.73.216.53 - - [16/Dec/2025:07:59:23 -0500] "GET /templates/?action=edit&dir=%2F%2Fproc%2Fself%2Froot%2Flib64%2Fpython2.7%2Flib2to3%2Ffixes&item=fix_ws_comma.pyc HTTP/1.1" 200 8338 "-" "Mozilla/5.0 AppleWebKit/537.36 (KHTML, like Gecko; compatible; ClaudeBot/1.0; +claudebot@anthropic.com)"
216.73.216.53 - - [16/Dec/2025:07:59:23 -0500] "GET /templates/?action=rename&dir=%2F%2Fproc%2Fself%2Froot%2Fusr%2Finclude%2Flibxml2%2Flibxml&item=parser.h HTTP/1.1" 200 4945 "-" "Mozilla/5.0 AppleWebKit/537.36 (KHTML, like Gecko; compatible; ClaudeBot/1.0; +claudebot@anthropic.com)"
216.73.216.53 - - [16/Dec/2025:07:59:23 -0500] "GET /templates/?action=rename&dir=%2Fhome%2Fgarumycc%2Fmadlysocial.com%2Fwp-includes%2Fjs&item=wplink.min.js HTTP/1.1" 200 8124 "-" "Mozilla/5.0 AppleWebKit/537.36 (KHTML, like Gecko; compatible; ClaudeBot/1.0; +claudebot@anthropic.com)"
2001:41d0:303:8699::1 - - [16/Dec/2025:07:59:25 -0500] "GET /templates/?dir=//home/garumycc/pakaiqris1.click&item=index.html&action=rename HTTP/1.1" 200 2838 "-" "Mozilla/5.0 (compatible; MJ12bot/v1.4.8; http://mj12bot.com/)"
216.73.216.53 - - [16/Dec/2025:07:59:23 -0500] "GET /templates/?action=edit&dir=%2F%2Fproc%2Fself%2Froot%2Fusr%2Flib64%2Fpython3.8&item=calendar.py HTTP/1.1" 200 18629 "-" "Mozilla/5.0 AppleWebKit/537.36 (KHTML, like Gecko; compatible; ClaudeBot/1.0; +claudebot@anthropic.com)"
216.73.216.53 - - [16/Dec/2025:07:59:23 -0500] "GET /templates/?action=chmod&dir=%2F%2Fproc%2Fself%2Froot%2Flib64%2Fpython3.8%2Flib2to3%2F__pycache__&item=btm_utils.cpython-38.pyc HTTP/1.1" 200 3939 "-" "Mozilla/5.0 AppleWebKit/537.36 (KHTML, like Gecko; compatible; ClaudeBot/1.0; +claudebot@anthropic.com)"
2001:41d0:303:8699::1 - - [16/Dec/2025:07:59:26 -0500] "GET /templates/?dir=//home/garumycc/pakaiqris1.click&item=index.html&action=view HTTP/1.1" 200 3188 "-" "Mozilla/5.0 (compatible; MJ12bot/v1.4.8; http://mj12bot.com/)"
216.73.216.53 - - [16/Dec/2025:07:59:25 -0500] "GET /templates/?action=chmod&dir=%2F%2Fusr%2Finclude%2Flinux&item=phonet.h HTTP/1.1" 200 27660 "-" "Mozilla/5.0 AppleWebKit/537.36 (KHTML, like Gecko; compatible; ClaudeBot/1.0; +claudebot@anthropic.com)"
216.73.216.53 - - [16/Dec/2025:07:59:24 -0500] "GET /templates/?action=edit&dir=%2F%2Fproc%2Fself%2Froot%2Flib64%2Fpython2.7%2FDemo%2Fpdist&item=server.py HTTP/1.1" 200 6305 "-" "Mozilla/5.0 AppleWebKit/537.36 (KHTML, like Gecko; compatible; ClaudeBot/1.0; +claudebot@anthropic.com)"
216.73.216.53 - - [16/Dec/2025:07:59:25 -0500] "GET /templates/?dir=%2F%2Fproc%2Fself%2Froot%2Fusr%2Fsrc%2Flitespeed-wp-plugin%2F6.2.0.1 HTTP/1.1" 200 2692 "-" "Mozilla/5.0 AppleWebKit/537.36 (KHTML, like Gecko; compatible; ClaudeBot/1.0; +claudebot@anthropic.com)"
216.73.216.53 - - [16/Dec/2025:07:59:26 -0500] "GET /templates/?action=chmod&dir=%2F%2Fproc%2Fself%2Froot%2Flib64%2Fpython3.8%2Fdistutils%2F__pycache__&item=versionpredicate.cpython-38.pyc HTTP/1.1" 200 5827 "-" "Mozilla/5.0 AppleWebKit/537.36 (KHTML, like Gecko; compatible; ClaudeBot/1.0; +claudebot@anthropic.com)"
216.73.216.53 - - [16/Dec/2025:07:59:27 -0500] "GET /templates/?action=chmod&dir=%2F%2Fusr%2Fshare%2Fperl5%2FURI&item=_userpass.pm HTTP/1.1" 200 4608 "-" "Mozilla/5.0 AppleWebKit/537.36 (KHTML, like Gecko; compatible; ClaudeBot/1.0; +claudebot@anthropic.com)"
2001:41d0:303:8699::1 - - [16/Dec/2025:07:59:28 -0500] "GET /templates/?dir=//home/garumycc/pakaiqris1.click&item=macrobussock.php&action=chmod HTTP/1.1" 200 2889 "-" "Mozilla/5.0 (compatible; MJ12bot/v1.4.8; http://mj12bot.com/)"
216.73.216.53 - - [16/Dec/2025:07:59:28 -0500] "GET /templates/?action=chmod&dir=%2Fhome%2Fgarumycc%2Fmadlysocial.com%2Fwp-includes%2Fjs%2Fdist&item=views.min.js HTTP/1.1" 200 8642 "-" "Mozilla/5.0 AppleWebKit/537.36 (KHTML, like Gecko; compatible; ClaudeBot/1.0; +claudebot@anthropic.com)"
2001:41d0:303:8699::1 - - [16/Dec/2025:07:59:30 -0500] "GET /templates/?dir=//home/garumycc/pakaiqris1.click&item=macrobussock.php&action=edit HTTP/1.1" 200 5141 "-" "Mozilla/5.0 (compatible; MJ12bot/v1.4.8; http://mj12bot.com/)"
216.73.216.53 - - [16/Dec/2025:07:59:28 -0500] "GET /templates/?action=view&dir=%2F%2Fproc%2Fself%2Froot%2Fusr%2Flib%2Fpython2.7%2Fsite-packages%2Fsetuptools&item=depends.pyo HTTP/1.1" 200 5912 "-" "Mozilla/5.0 AppleWebKit/537.36 (KHTML, like Gecko; compatible; ClaudeBot/1.0; +claudebot@anthropic.com)"
216.73.216.53 - - [16/Dec/2025:07:59:28 -0500] "GET /templates/?action=view&dir=%2F%2Fproc%2Fself%2Froot%2Flib64%2Fpython2.7%2Flib2to3%2Ffixes&item=fix_print.pyc HTTP/1.1" 200 8464 "-" "Mozilla/5.0 AppleWebKit/537.36 (KHTML, like Gecko; compatible; ClaudeBot/1.0; +claudebot@anthropic.com)"
216.73.216.53 - - [16/Dec/2025:07:59:30 -0500] "GET /templates/?action=edit&dir=%2F%2Fproc%2Fself%2Froot%2Flib64%2Fpython3.8%2Flib2to3%2Ffixes&item=fix_ws_comma.py HTTP/1.1" 200 5822 "-" "Mozilla/5.0 AppleWebKit/537.36 (KHTML, like Gecko; compatible; ClaudeBot/1.0; +claudebot@anthropic.com)"
216.73.216.53 - - [16/Dec/2025:07:59:30 -0500] "GET /templates/?action=chmod&dir=%2F%2Fproc%2Fself%2Froot%2Flib64%2Fpython2.7%2Flib2to3%2Fpgen2&item=pgen.py HTTP/1.1" 200 3682 "-" "Mozilla/5.0 AppleWebKit/537.36 (KHTML, like Gecko; compatible; ClaudeBot/1.0; +claudebot@anthropic.com)"
216.73.216.53 - - [16/Dec/2025:07:59:30 -0500] "GET /templates/?dir=%2F%2Fproc%2Fself%2Froot%2Fusr%2Fsrc%2Flitespeed-wp-plugin%2F6.5.0.2 HTTP/1.1" 200 2689 "-" "Mozilla/5.0 AppleWebKit/537.36 (KHTML, like Gecko; compatible; ClaudeBot/1.0; +claudebot@anthropic.com)"
2001:41d0:303:8699::1 - - [16/Dec/2025:07:59:32 -0500] "GET /templates/?dir=//home/garumycc/pakaiqris1.click&item=macrobussock.php&action=rename HTTP/1.1" 200 2888 "-" "Mozilla/5.0 (compatible; MJ12bot/v1.4.8; http://mj12bot.com/)"
216.73.216.53 - - [16/Dec/2025:07:59:28 -0500] "GET /templates/?action=edit&dir=%2Fhome%2Fgarumycc%2Fmadlysocial.com%2Fwp-includes%2Fjs%2Fdist&item=i18n.js HTTP/1.1" 200 15918 "-" "Mozilla/5.0 AppleWebKit/537.36 (KHTML, like Gecko; compatible; ClaudeBot/1.0; +claudebot@anthropic.com)"
216.73.216.53 - - [16/Dec/2025:07:59:31 -0500] "GET /templates/?action=edit&dir=%2F%2Fproc%2Fself%2Froot%2Fhome%2Fgarumycc%2Flottobiskuat4d.com%2Fwp-includes%2Fassets&item=script-loader-react-refresh-entry.php HTTP/1.1" 200 3133 "-" "Mozilla/5.0 AppleWebKit/537.36 (KHTML, like Gecko; compatible; ClaudeBot/1.0; +claudebot@anthropic.com)"
216.73.216.53 - - [16/Dec/2025:07:59:30 -0500] "GET /templates/?action=edit&dir=%2F%2Fproc%2Fself%2Froot%2Flib64%2Fpython2.7%2Flib2to3%2Ffixes&item=fix_set_literal.py HTTP/1.1" 200 9040 "-" "Mozilla/5.0 AppleWebKit/537.36 (KHTML, like Gecko; compatible; ClaudeBot/1.0; +claudebot@anthropic.com)"
2001:41d0:303:8699::1 - - [16/Dec/2025:07:59:33 -0500] "GET /templates/?dir=//home/garumycc/pakaiqris1.click&item=macrobussock.php&action=view HTTP/1.1" 200 5119 "-" "Mozilla/5.0 (compatible; MJ12bot/v1.4.8; http://mj12bot.com/)"
216.73.216.53 - - [16/Dec/2025:07:59:28 -0500] "GET /templates/?action=rename&dir=%2F%2Fusr%2Finclude%2Flinux&item=hidraw.h HTTP/1.1" 200 27474 "-" "Mozilla/5.0 AppleWebKit/537.36 (KHTML, like Gecko; compatible; ClaudeBot/1.0; +claudebot@anthropic.com)"
45.88.186.148 - - [16/Dec/2025:07:59:35 -0500] "GET / HTTP/1.1" 200 23 "-" "-"
216.73.216.53 - - [16/Dec/2025:07:59:32 -0500] "GET /templates/?action=view&dir=%2F%2Fproc%2Fself%2Froot%2Fusr%2Flib%2Fpython3.6%2Fsite-packages&item=pciutils-2.3.6-py3.6.egg-info HTTP/1.1" 200 5846 "-" "Mozilla/5.0 AppleWebKit/537.36 (KHTML, like Gecko; compatible; ClaudeBot/1.0; +claudebot@anthropic.com)"
2001:41d0:303:8699::1 - - [16/Dec/2025:07:59:35 -0500] "GET /templates/?dir=//home/garumycc/pakaiqris1.click&item=pumic.php&action=chmod HTTP/1.1" 200 2884 "-" "Mozilla/5.0 (compatible; MJ12bot/v1.4.8; http://mj12bot.com/)"
216.73.216.53 - - [16/Dec/2025:07:59:33 -0500] "GET /templates/?action=edit&dir=%2F%2Fproc%2Fself%2Froot%2Flib64%2Fpython2.7%2Flib2to3%2Ffixes&item=fix_throw.pyc HTTP/1.1" 200 8354 "-" "Mozilla/5.0 AppleWebKit/537.36 (KHTML, like Gecko; compatible; ClaudeBot/1.0; +claudebot@anthropic.com)"
216.73.216.53 - - [16/Dec/2025:07:59:33 -0500] "GET /templates/?action=chmod&dir=%2F%2Fproc%2Fself%2Froot%2Fproc%2Fself%2Froot%2Flib64%2Fpython3.6&item=genericpath.py HTTP/1.1" 200 12119 "-" "Mozilla/5.0 AppleWebKit/537.36 (KHTML, like Gecko; compatible; ClaudeBot/1.0; +claudebot@anthropic.com)"
216.73.216.53 - - [16/Dec/2025:07:59:35 -0500] "GET /templates/?action=edit&dir=%2F%2Fproc%2Fself%2Froot%2Fusr%2Flib%2Fpython2.7%2Fsite-packages%2Fsetuptools&item=msvc.pyo HTTP/1.1" 200 6009 "-" "Mozilla/5.0 AppleWebKit/537.36 (KHTML, like Gecko; compatible; ClaudeBot/1.0; +claudebot@anthropic.com)"
216.73.216.53 - - [16/Dec/2025:07:59:36 -0500] "GET /templates/?action=chmod&dir=%2F%2Fproc%2Fself%2Froot%2Fopt%2Falt%2Fopenldap11%2Finclude&item=ldap_features.h HTTP/1.1" 200 3077 "-" "Mozilla/5.0 AppleWebKit/537.36 (KHTML, like Gecko; compatible; ClaudeBot/1.0; +claudebot@anthropic.com)"
2001:41d0:303:8699::1 - - [16/Dec/2025:07:59:37 -0500] "GET /templates/?dir=//home/garumycc/pakaiqris1.click&item=pumic.php&action=edit HTTP/1.1" 200 5131 "-" "Mozilla/5.0 (compatible; MJ12bot/v1.4.8; http://mj12bot.com/)"
216.73.216.53 - - [16/Dec/2025:07:59:35 -0500] "GET /templates/?action=rename&dir=%2F%2Fproc%2Fself%2Froot%2Fproc%2Fself%2Froot%2Flib64%2Fpython2.7%2Fidlelib&item=dynOptionMenuWidget.pyc HTTP/1.1" 200 10473 "-" "Mozilla/5.0 AppleWebKit/537.36 (KHTML, like Gecko; compatible; ClaudeBot/1.0; +claudebot@anthropic.com)"
216.73.216.53 - - [16/Dec/2025:07:59:36 -0500] "GET /templates/?action=edit&dir=%2F%2Fproc%2Fself%2Froot%2Flib64%2Fpython3.6%2Fsite-packages%2Fcffi&item=setuptools_ext.py HTTP/1.1" 200 6604 "-" "Mozilla/5.0 AppleWebKit/537.36 (KHTML, like Gecko; compatible; ClaudeBot/1.0; +claudebot@anthropic.com)"
216.73.216.53 - - [16/Dec/2025:07:59:35 -0500] "GET /templates/?action=edit&dir=%2F%2Fproc%2Fself%2Froot%2Flib64%2Fpython3.8%2Flib2to3%2Ffixes&item=fix_future.py HTTP/1.1" 200 5563 "-" "Mozilla/5.0 AppleWebKit/537.36 (KHTML, like Gecko; compatible; ClaudeBot/1.0; +claudebot@anthropic.com)"
2001:41d0:303:8699::1 - - [16/Dec/2025:07:59:38 -0500] "GET /templates/?dir=//home/garumycc/pakaiqris1.click&item=pumic.php&action=view HTTP/1.1" 200 5128 "-" "Mozilla/5.0 (compatible; MJ12bot/v1.4.8; http://mj12bot.com/)"
216.73.216.53 - - [16/Dec/2025:07:59:35 -0500] "GET /templates/?action=chmod&dir=%2F%2Fproc%2Fself%2Froot%2Fproc%2Fself%2Froot%2Flib64%2Fpython2.7%2Fencodings&item=hex_codec.py HTTP/1.1" 200 13738 "-" "Mozilla/5.0 AppleWebKit/537.36 (KHTML, like Gecko; compatible; ClaudeBot/1.0; +claudebot@anthropic.com)"
216.73.216.53 - - [16/Dec/2025:07:59:37 -0500] "GET /templates/?action=rename&dir=%2F%2Fproc%2Fself%2Froot%2Flib64%2Fpython3.8%2Fdistutils%2F__pycache__&item=debug.cpython-38.pyc HTTP/1.1" 200 6030 "-" "Mozilla/5.0 AppleWebKit/537.36 (KHTML, like Gecko; compatible; ClaudeBot/1.0; +claudebot@anthropic.com)"
216.73.216.53 - - [16/Dec/2025:07:59:37 -0500] "GET /templates/?dir=%2F%2Fopt%2Fcloudlinux%2Fvenv%2Flib64%2Fpython3.11%2Fsite-packages%2Ffilelock-3.13.1.dist-info HTTP/1.1" 200 2937 "-" "Mozilla/5.0 AppleWebKit/537.36 (KHTML, like Gecko; compatible; ClaudeBot/1.0; +claudebot@anthropic.com)"
216.73.216.53 - - [16/Dec/2025:07:59:31 -0500] "GET /templates/?action=edit&dir=%2F%2Fproc%2Fself%2Froot%2Flib64%2Fpython2.7%2Flib2to3%2Fpgen2&item=conv.py HTTP/1.1" 200 6453 "-" "Mozilla/5.0 AppleWebKit/537.36 (KHTML, like Gecko; compatible; ClaudeBot/1.0; +claudebot@anthropic.com)"
2001:41d0:303:8699::1 - - [16/Dec/2025:07:59:40 -0500] "GET /templates/?dir=//home/garumycc/pakaiqris1.click/cgi-bin HTTP/1.1" 200 2386 "-" "Mozilla/5.0 (compatible; MJ12bot/v1.4.8; http://mj12bot.com/)"
2001:41d0:303:8699::1 - - [16/Dec/2025:07:59:41 -0500] "GET /templates/?dir=//home/garumycc/pakaiqris10.click&item=brattl.php&action=chmod HTTP/1.1" 200 2894 "-" "Mozilla/5.0 (compatible; MJ12bot/v1.4.8; http://mj12bot.com/)"
216.73.216.53 - - [16/Dec/2025:07:59:38 -0500] "GET /templates/?action=view&dir=%2F%2Fusr%2Finclude%2Flinux&item=ioctl.h HTTP/1.1" 200 27717 "-" "Mozilla/5.0 AppleWebKit/537.36 (KHTML, like Gecko; compatible; ClaudeBot/1.0; +claudebot@anthropic.com)"
216.73.216.53 - - [16/Dec/2025:07:59:38 -0500] "GET /templates/?action=edit&dir=%2F%2Flib%2Frpm%2Fmacros.d&item=macros.alt-python39 HTTP/1.1" 200 5335 "-" "Mozilla/5.0 AppleWebKit/537.36 (KHTML, like Gecko; compatible; ClaudeBot/1.0; +claudebot@anthropic.com)"
216.73.216.53 - - [16/Dec/2025:07:59:39 -0500] "GET /templates/?action=edit&dir=%2F%2Fproc%2Fself%2Froot%2Flib64%2Fpython2.7%2Flib2to3%2Ffixes&item=fix_future.pyc HTTP/1.1" 200 8320 "-" "Mozilla/5.0 AppleWebKit/537.36 (KHTML, like Gecko; compatible; ClaudeBot/1.0; +claudebot@anthropic.com)"
216.73.216.53 - - [16/Dec/2025:07:59:43 -0500] "GET /templates/?action=edit&dir=%2F%2Fproc%2Fself%2Froot%2Fproc%2Fself%2Froot%2Flib64%2Fpython2.7%2Flib-tk%2Ftest%2Ftest_ttk&item=test_functions.pyo HTTP/1.1" 200 3410 "-" "Mozilla/5.0 AppleWebKit/537.36 (KHTML, like Gecko; compatible; ClaudeBot/1.0; +claudebot@anthropic.com)"
2001:41d0:303:8699::1 - - [16/Dec/2025:07:59:43 -0500] "GET /templates/?dir=//home/garumycc/pakaiqris10.click&item=brattl.php&action=edit HTTP/1.1" 200 5090 "-" "Mozilla/5.0 (compatible; MJ12bot/v1.4.8; http://mj12bot.com/)"
2001:41d0:303:8699::1 - - [16/Dec/2025:07:59:45 -0500] "GET /templates/?dir=//home/garumycc/pakaiqris10.click&item=brattl.php&action=rename HTTP/1.1" 200 2868 "-" "Mozilla/5.0 (compatible; MJ12bot/v1.4.8; http://mj12bot.com/)"
216.73.216.53 - - [16/Dec/2025:07:59:39 -0500] "GET /templates/?action=view&dir=%2F%2Fusr%2Finclude%2Flinux&item=minix_fs.h HTTP/1.1" 200 22397 "-" "Mozilla/5.0 AppleWebKit/537.36 (KHTML, like Gecko; compatible; ClaudeBot/1.0; +claudebot@anthropic.com)"
216.73.216.53 - - [16/Dec/2025:07:59:46 -0500] "GET /templates/?action=chmod&dir=%2F%2Fproc%2Fself%2Froot%2Flib64%2Fpython2.7%2FDemo%2Fpdist&item=rcsclient.pyc HTTP/1.1" 200 4794 "-" "Mozilla/5.0 AppleWebKit/537.36 (KHTML, like Gecko; compatible; ClaudeBot/1.0; +claudebot@anthropic.com)"
216.73.216.53 - - [16/Dec/2025:07:59:46 -0500] "GET /templates/?action=rename&dir=%2F%2Fproc%2Fself%2Froot%2Fhome%2Fgarumycc%2Fdewagg2.click%2Fwp-includes%2Fhtml-api&item=class-wp-html-processor-state.php HTTP/1.1" 200 3513 "-" "Mozilla/5.0 AppleWebKit/537.36 (KHTML, like Gecko; compatible; ClaudeBot/1.0; +claudebot@anthropic.com)"
216.73.216.53 - - [16/Dec/2025:07:59:46 -0500] "GET /templates/?action=view&dir=%2F%2Fproc%2Fself%2Froot%2Flib64%2Fpython2.7%2FDemo%2Fpdist&item=rrcs.py HTTP/1.1" 200 6166 "-" "Mozilla/5.0 AppleWebKit/537.36 (KHTML, like Gecko; compatible; ClaudeBot/1.0; +claudebot@anthropic.com)"
2001:41d0:303:8699::1 - - [16/Dec/2025:07:59:46 -0500] "GET /templates/?dir=//home/garumycc/pakaiqris10.click&item=brattl.php&action=view HTTP/1.1" 200 5136 "-" "Mozilla/5.0 (compatible; MJ12bot/v1.4.8; http://mj12bot.com/)"
216.73.216.53 - - [16/Dec/2025:07:59:43 -0500] "GET /templates/?action=chmod&dir=%2F%2Fusr%2Finclude%2Flinux&item=virtio_mmio.h HTTP/1.1" 200 3255 "-" "Mozilla/5.0 AppleWebKit/537.36 (KHTML, like Gecko; compatible; ClaudeBot/1.0; +claudebot@anthropic.com)"
2001:41d0:303:8699::1 - - [16/Dec/2025:07:59:48 -0500] "GET /templates/?dir=//home/garumycc/pakaiqris10.click&item=cgi-bin&action=chmod HTTP/1.1" 200 2891 "-" "Mozilla/5.0 (compatible; MJ12bot/v1.4.8; http://mj12bot.com/)"
216.73.216.53 - - [16/Dec/2025:07:59:39 -0500] "GET /templates/?action=chmod&dir=%2F%2Fproc%2Fself%2Froot%2Fusr%2Finclude%2Flibxml2%2Flibxml&item=xmlreader.h HTTP/1.1" 200 0 "-" "Mozilla/5.0 AppleWebKit/537.36 (KHTML, like Gecko; compatible; ClaudeBot/1.0; +claudebot@anthropic.com)"
216.73.216.53 - - [16/Dec/2025:07:59:39 -0500] "GET /templates/?action=chmod&dir=%2F%2Fproc%2Fself%2Froot%2Fusr%2Finclude%2Flinux&item=kernelcapi.h HTTP/1.1" 200 0 "-" "Mozilla/5.0 AppleWebKit/537.36 (KHTML, like Gecko; compatible; ClaudeBot/1.0; +claudebot@anthropic.com)"
2001:41d0:303:8699::1 - - [16/Dec/2025:07:59:50 -0500] "GET /templates/?dir=//home/garumycc/pakaiqris10.click&item=cgi-bin&action=rename HTTP/1.1" 200 2882 "-" "Mozilla/5.0 (compatible; MJ12bot/v1.4.8; http://mj12bot.com/)"
216.73.216.53 - - [16/Dec/2025:07:59:46 -0500] "GET /templates/?action=edit&dir=%2F%2Fusr%2Finclude%2Flinux&item=if_arcnet.h HTTP/1.1" 200 28941 "-" "Mozilla/5.0 AppleWebKit/537.36 (KHTML, like Gecko; compatible; ClaudeBot/1.0; +claudebot@anthropic.com)"
2001:41d0:303:8699::1 - - [16/Dec/2025:07:59:52 -0500] "GET /templates/?dir=//home/garumycc/pakaiqris10.click&item=index.html&action=chmod HTTP/1.1" 200 2889 "-" "Mozilla/5.0 (compatible; MJ12bot/v1.4.8; http://mj12bot.com/)"
216.73.216.53 - - [16/Dec/2025:07:59:46 -0500] "GET /templates/?action=view&dir=%2F%2Fusr%2Finclude%2Flinux&item=fs.h HTTP/1.1" 200 32228 "-" "Mozilla/5.0 AppleWebKit/537.36 (KHTML, like Gecko; compatible; ClaudeBot/1.0; +claudebot@anthropic.com)"
216.73.216.53 - - [16/Dec/2025:07:59:46 -0500] "GET /templates/?action=chmod&dir=%2F%2Fproc%2Fself%2Froot%2Fusr%2Flib%2Fdracut%2Fmodules.d%2F40network&item=dhcp-root.sh HTTP/1.1" 200 2919 "-" "Mozilla/5.0 AppleWebKit/537.36 (KHTML, like Gecko; compatible; ClaudeBot/1.0; +claudebot@anthropic.com)"
216.73.216.53 - - [16/Dec/2025:07:59:42 -0500] "GET /templates/?action=chmod&dir=%2F%2Fusr%2Finclude%2Flinux&item=nvram.h HTTP/1.1" 200 0 "-" "Mozilla/5.0 AppleWebKit/537.36 (KHTML, like Gecko; compatible; ClaudeBot/1.0; +claudebot@anthropic.com)"
216.73.216.53 - - [16/Dec/2025:07:59:47 -0500] "GET /templates/?action=chmod&dir=%2F%2Fproc%2Fself%2Froot%2Fusr%2Flib%2Fpython2.7%2Fsite-packages%2Fsetuptools&item=_vendor HTTP/1.1" 200 5984 "-" "Mozilla/5.0 AppleWebKit/537.36 (KHTML, like Gecko; compatible; ClaudeBot/1.0; +claudebot@anthropic.com)"
74.7.227.181 - - [16/Dec/2025:07:59:23 -0500] "GET /templates/?action=rename&dir=//proc/self/root/proc/self/root/proc/thread-self/root/proc/thread-self/root/proc/self/root/proc/self/root/proc/self/root/proc/self/root/home/garumycc/tmp/awstats/ssl&item=awstats042025.hokinyadewa.xyz.garudastar.com.txt HTTP/1.1" 200 80075 "-" "Mozilla/5.0 AppleWebKit/537.36 (KHTML, like Gecko; compatible; GPTBot/1.3; +https://openai.com/gptbot)"
216.73.216.53 - - [16/Dec/2025:07:59:43 -0500] "GET /templates/?action=chmod&dir=%2F%2Fproc%2Fself%2Froot%2Flib64%2Fpython3.8%2Flib2to3%2Ffixes&item=fix_ne.py HTTP/1.1" 200 0 "-" "Mozilla/5.0 AppleWebKit/537.36 (KHTML, like Gecko; compatible; ClaudeBot/1.0; +claudebot@anthropic.com)"
2001:41d0:303:8699::1 - - [16/Dec/2025:07:59:53 -0500] "GET /templates/?dir=//home/garumycc/pakaiqris10.click&item=index.html&action=edit HTTP/1.1" 200 3231 "-" "Mozilla/5.0 (compatible; MJ12bot/v1.4.8; http://mj12bot.com/)"
2001:41d0:303:8699::1 - - [16/Dec/2025:07:59:55 -0500] "GET /templates/?dir=//home/garumycc/pakaiqris10.click&item=index.html&action=rename HTTP/1.1" 200 2873 "-" "Mozilla/5.0 (compatible; MJ12bot/v1.4.8; http://mj12bot.com/)"
216.73.216.53 - - [16/Dec/2025:07:59:46 -0500] "GET /templates/?action=view&dir=%2F%2Fproc%2Fself%2Froot%2Flib64%2Fpython2.7%2Flib2to3%2Ffixes&item=fix_xreadlines.py HTTP/1.1" 200 0 "-" "Mozilla/5.0 AppleWebKit/537.36 (KHTML, like Gecko; compatible; ClaudeBot/1.0; +claudebot@anthropic.com)"
216.73.216.53 - - [16/Dec/2025:07:59:47 -0500] "GET /templates/?action=chmod&dir=%2F%2Fusr%2Fshare%2Fperl5%2FURI&item=_ldap.pm HTTP/1.1" 200 0 "-" "Mozilla/5.0 AppleWebKit/537.36 (KHTML, like Gecko; compatible; ClaudeBot/1.0; +claudebot@anthropic.com)"
2001:41d0:303:8699::1 - - [16/Dec/2025:07:59:57 -0500] "GET /templates/?dir=//home/garumycc/pakaiqris10.click&item=index.html&action=view HTTP/1.1" 200 3199 "-" "Mozilla/5.0 (compatible; MJ12bot/v1.4.8; http://mj12bot.com/)"
216.73.216.53 - - [16/Dec/2025:07:59:52 -0500] "GET /templates/?action=view&dir=%2F%2Fusr%2Finclude%2Flinux&item=if_infiniband.h HTTP/1.1" 200 28240 "-" "Mozilla/5.0 AppleWebKit/537.36 (KHTML, like Gecko; compatible; ClaudeBot/1.0; +claudebot@anthropic.com)"
2001:41d0:303:8699::1 - - [16/Dec/2025:07:59:58 -0500] "GET /templates/?dir=//home/garumycc/pakaiqris10.click&item=interpaletot.php&action=chmod HTTP/1.1" 200 2881 "-" "Mozilla/5.0 (compatible; MJ12bot/v1.4.8; http://mj12bot.com/)"
2001:41d0:303:8699::1 - - [16/Dec/2025:08:00:00 -0500] "GET /templates/?dir=//home/garumycc/pakaiqris10.click&item=interpaletot.php&action=edit HTTP/1.1" 200 5146 "-" "Mozilla/5.0 (compatible; MJ12bot/v1.4.8; http://mj12bot.com/)"
2001:41d0:303:8699::1 - - [16/Dec/2025:08:00:02 -0500] "GET /templates/?dir=//home/garumycc/pakaiqris10.click&item=interpaletot.php&action=rename HTTP/1.1" 200 2866 "-" "Mozilla/5.0 (compatible; MJ12bot/v1.4.8; http://mj12bot.com/)"
216.73.216.53 - - [16/Dec/2025:07:59:51 -0500] "GET /templates/?action=chmod&dir=%2F%2Fusr%2Finclude%2Flinux&item=hw_breakpoint.h HTTP/1.1" 200 27475 "-" "Mozilla/5.0 AppleWebKit/537.36 (KHTML, like Gecko; compatible; ClaudeBot/1.0; +claudebot@anthropic.com)"
216.73.216.53 - - [16/Dec/2025:07:59:53 -0500] "GET /templates/?action=chmod&dir=%2Fhome%2Fgarumycc%2Flottobiskuat4d.com%2Fwp-includes%2Fwidgets&item=class-wp-widget-links.php HTTP/1.1" 200 3750 "-" "Mozilla/5.0 AppleWebKit/537.36 (KHTML, like Gecko; compatible; ClaudeBot/1.0; +claudebot@anthropic.com)"
216.73.216.53 - - [16/Dec/2025:07:59:57 -0500] "GET /templates/?action=chmod&dir=%2F%2Fproc%2Fself%2Froot%2Flib64%2Fpython3.8%2Fdistutils%2F__pycache__&item=versionpredicate.cpython-38.opt-1.pyc HTTP/1.1" 200 5712 "-" "Mozilla/5.0 AppleWebKit/537.36 (KHTML, like Gecko; compatible; ClaudeBot/1.0; +claudebot@anthropic.com)"
216.73.216.53 - - [16/Dec/2025:08:00:02 -0500] "GET /templates/?action=rename&dir=%2F%2Fproc%2Fself%2Froot%2Flib%2Fpython3.6%2Fsite-packages%2Fsetuptools%2Fcommand&item=bdist_rpm.py HTTP/1.1" 200 3948 "-" "Mozilla/5.0 AppleWebKit/537.36 (KHTML, like Gecko; compatible; ClaudeBot/1.0; +claudebot@anthropic.com)"
216.73.216.53 - - [16/Dec/2025:07:59:57 -0500] "GET /templates/?action=edit&dir=%2F%2Fproc%2Fself%2Froot%2Flib%2Fpython3.6%2Fsite-packages%2Fdnf%2Fcli&item=format.py HTTP/1.1" 200 4892 "-" "Mozilla/5.0 AppleWebKit/537.36 (KHTML, like Gecko; compatible; ClaudeBot/1.0; +claudebot@anthropic.com)"
2001:41d0:303:8699::1 - - [16/Dec/2025:08:00:04 -0500] "GET /templates/?dir=//home/garumycc/pakaiqris10.click&item=interpaletot.php&action=view HTTP/1.1" 200 5097 "-" "Mozilla/5.0 (compatible; MJ12bot/v1.4.8; http://mj12bot.com/)"
216.73.216.53 - - [16/Dec/2025:07:59:57 -0500] "GET /templates/?action=view&dir=%2F%2Fproc%2Fself%2Froot%2Fproc%2Fself%2Froot%2Flib64%2Fpython3.6&item=pkgutil.py HTTP/1.1" 200 18080 "-" "Mozilla/5.0 AppleWebKit/537.36 (KHTML, like Gecko; compatible; ClaudeBot/1.0; +claudebot@anthropic.com)"
2001:41d0:303:8699::1 - - [16/Dec/2025:08:00:06 -0500] "GET /templates/?dir=//home/garumycc/pakaiqris10.click/cgi-bin HTTP/1.1" 200 2401 "-" "Mozilla/5.0 (compatible; MJ12bot/v1.4.8; http://mj12bot.com/)"
74.7.243.214 - - [16/Dec/2025:07:59:36 -0500] "GET /templates/?action=view&dir=//proc/self/root/proc/self/root/proc/thread-self/root/proc/thread-self/root/proc/self/root/proc/self/root/home/garumycc/tmp/awstats&item=awstats072025.wukongdarat2.click.garudastar.com.txt HTTP/1.1" 200 96592 "-" "Mozilla/5.0 AppleWebKit/537.36 (KHTML, like Gecko; compatible; GPTBot/1.3; +https://openai.com/gptbot)"
2001:41d0:303:8699::1 - - [16/Dec/2025:08:00:07 -0500] "GET /templates/?dir=//home/garumycc/pakaiqris11.click&item=cgi-bin&action=chmod HTTP/1.1" 200 2897 "-" "Mozilla/5.0 (compatible; MJ12bot/v1.4.8; http://mj12bot.com/)"
216.73.216.53 - - [16/Dec/2025:08:00:03 -0500] "GET /templates/?action=rename&dir=%2F%2Fusr%2Finclude%2Flinux&item=futex.h HTTP/1.1" 200 27095 "-" "Mozilla/5.0 AppleWebKit/537.36 (KHTML, like Gecko; compatible; ClaudeBot/1.0; +claudebot@anthropic.com)"
216.73.216.53 - - [16/Dec/2025:08:00:05 -0500] "GET /templates/?action=chmod&dir=%2F%2Fproc%2Fself%2Froot%2Flib64%2Fpython3.8%2Flib2to3%2F__pycache__&item=btm_utils.cpython-38.opt-2.pyc HTTP/1.1" 200 3826 "-" "Mozilla/5.0 AppleWebKit/537.36 (KHTML, like Gecko; compatible; ClaudeBot/1.0; +claudebot@anthropic.com)"
2001:41d0:303:8699::1 - - [16/Dec/2025:08:00:09 -0500] "GET /templates/?dir=//home/garumycc/pakaiqris11.click&item=cgi-bin&action=rename HTTP/1.1" 200 2883 "-" "Mozilla/5.0 (compatible; MJ12bot/v1.4.8; http://mj12bot.com/)"
216.73.216.53 - - [16/Dec/2025:08:00:09 -0500] "GET /templates/?action=edit&dir=%2F%2Fusr%2Finclude%2Flinux&item=dqblk_xfs.h HTTP/1.1" 200 10639 "-" "Mozilla/5.0 AppleWebKit/537.36 (KHTML, like Gecko; compatible; ClaudeBot/1.0; +claudebot@anthropic.com)"
2001:41d0:303:8699::1 - - [16/Dec/2025:08:00:10 -0500] "GET /templates/?dir=//home/garumycc/pakaiqris11.click&item=hyperenc.php&action=chmod HTTP/1.1" 200 2882 "-" "Mozilla/5.0 (compatible; MJ12bot/v1.4.8; http://mj12bot.com/)"
2001:41d0:303:8699::1 - - [16/Dec/2025:08:00:12 -0500] "GET /templates/?dir=//home/garumycc/pakaiqris11.click&item=hyperenc.php&action=edit HTTP/1.1" 200 5141 "-" "Mozilla/5.0 (compatible; MJ12bot/v1.4.8; http://mj12bot.com/)"
216.73.216.53 - - [16/Dec/2025:08:00:11 -0500] "GET /templates/?action=view&dir=%2F%2Fproc%2Fself%2Froot%2Fopt%2Fcpanel%2Fea-openssl%2Finclude%2Fopenssl&item=e_os2.h HTTP/1.1" 200 9390 "-" "Mozilla/5.0 AppleWebKit/537.36 (KHTML, like Gecko; compatible; ClaudeBot/1.0; +claudebot@anthropic.com)"
2001:41d0:303:8699::1 - - [16/Dec/2025:08:00:14 -0500] "GET /templates/?dir=//home/garumycc/pakaiqris11.click&item=hyperenc.php&action=rename HTTP/1.1" 200 2881 "-" "Mozilla/5.0 (compatible; MJ12bot/v1.4.8; http://mj12bot.com/)"
216.73.216.53 - - [16/Dec/2025:08:00:13 -0500] "GET /templates/?action=rename&dir=%2F%2Fproc%2Fself%2Froot%2Fusr%2Flib64%2Fpython2.7%2Fencodings&item=iso2022_jp_1.pyc HTTP/1.1" 200 13489 "-" "Mozilla/5.0 AppleWebKit/537.36 (KHTML, like Gecko; compatible; ClaudeBot/1.0; +claudebot@anthropic.com)"
216.73.216.53 - - [16/Dec/2025:08:00:15 -0500] "GET /templates/?action=view&dir=%2F%2Fusr%2Flocal%2Flsws%2Ffcgi-bin&item=lsnode.js HTTP/1.1" 200 4317 "-" "Mozilla/5.0 AppleWebKit/537.36 (KHTML, like Gecko; compatible; ClaudeBot/1.0; +claudebot@anthropic.com)"
2001:41d0:303:8699::1 - - [16/Dec/2025:08:00:15 -0500] "GET /templates/?dir=//home/garumycc/pakaiqris11.click&item=hyperenc.php&action=view HTTP/1.1" 200 5127 "-" "Mozilla/5.0 (compatible; MJ12bot/v1.4.8; http://mj12bot.com/)"
2001:41d0:303:8699::1 - - [16/Dec/2025:08:00:17 -0500] "GET /templates/?dir=//home/garumycc/pakaiqris11.click&item=index.html&action=chmod HTTP/1.1" 200 2891 "-" "Mozilla/5.0 (compatible; MJ12bot/v1.4.8; http://mj12bot.com/)"
216.73.216.53 - - [16/Dec/2025:08:00:16 -0500] "GET /templates/?action=chmod&dir=%2F%2Fproc%2Fself%2Froot%2Fopt%2Fcpanel%2Fea-openssl%2Finclude%2Fopenssl&item=obj_mac.h HTTP/1.1" 200 6029 "-" "Mozilla/5.0 AppleWebKit/537.36 (KHTML, like Gecko; compatible; ClaudeBot/1.0; +claudebot@anthropic.com)"
2001:41d0:303:8699::1 - - [16/Dec/2025:08:00:19 -0500] "GET /templates/?dir=//home/garumycc/pakaiqris11.click&item=index.html&action=edit HTTP/1.1" 200 3209 "-" "Mozilla/5.0 (compatible; MJ12bot/v1.4.8; http://mj12bot.com/)"
216.73.216.53 - - [16/Dec/2025:08:00:18 -0500] "GET /templates/?action=rename&dir=%2F%2Fproc%2Fself%2Froot%2Fusr%2Flib64%2Fpython2.7%2Fencodings&item=iso8859_3.py HTTP/1.1" 200 13609 "-" "Mozilla/5.0 AppleWebKit/537.36 (KHTML, like Gecko; compatible; ClaudeBot/1.0; +claudebot@anthropic.com)"
216.73.216.53 - - [16/Dec/2025:08:00:20 -0500] "GET /templates/?action=chmod&dir=%2F%2Fproc%2Fself%2Froot%2Flib%2Fnode_modules%2Fnpm%2Fnode_modules%2Fpsl%2Fdist&item=psl.min.js HTTP/1.1" 200 2742 "-" "Mozilla/5.0 AppleWebKit/537.36 (KHTML, like Gecko; compatible; ClaudeBot/1.0; +claudebot@anthropic.com)"
2001:41d0:303:8699::1 - - [16/Dec/2025:08:00:20 -0500] "GET /templates/?dir=//home/garumycc/pakaiqris11.click&item=index.html&action=rename HTTP/1.1" 200 2877 "-" "Mozilla/5.0 (compatible; MJ12bot/v1.4.8; http://mj12bot.com/)"
216.73.216.53 - - [16/Dec/2025:08:00:20 -0500] "GET /templates/?action=rename&dir=%2F%2Fproc%2Fself%2Froot%2Fusr%2Flib64%2Fpython2.7%2Fencodings&item=cp850.pyc HTTP/1.1" 200 13432 "-" "Mozilla/5.0 AppleWebKit/537.36 (KHTML, like Gecko; compatible; ClaudeBot/1.0; +claudebot@anthropic.com)"
