2001:41d0:303:8699::1 - - [16/Dec/2025:08:00:22 -0500] "GET /templates/?dir=//home/garumycc/pakaiqris11.click&item=index.html&action=view HTTP/1.1" 200 3208 "-" "Mozilla/5.0 (compatible; MJ12bot/v1.4.8; http://mj12bot.com/)"
74.7.227.181 - - [16/Dec/2025:07:59:55 -0500] "GET /templates/?action=edit&dir=//proc/self/root/proc/self/root/proc/thread-self/root/proc/thread-self/root/proc/self/root/proc/thread-self/root/proc/thread-self/root/proc/self/root/proc/self/root/proc/self/root/proc/self/root/proc/thread-self/root/proc/thread-self/root/lib/firmware&item=iwlwifi-QuZ-a0-hr-b0-72.ucode HTTP/1.1" 200 20817 "-" "Mozilla/5.0 AppleWebKit/537.36 (KHTML, like Gecko; compatible; GPTBot/1.3; +https://openai.com/gptbot)"
216.73.216.53 - - [16/Dec/2025:08:00:21 -0500] "GET /templates/?action=view&dir=%2F%2Fproc%2Fself%2Froot%2Fusr%2Flib64%2Fpython2.7%2Fencodings&item=utf_16_be.pyc HTTP/1.1" 200 13538 "-" "Mozilla/5.0 AppleWebKit/537.36 (KHTML, like Gecko; compatible; ClaudeBot/1.0; +claudebot@anthropic.com)"
216.73.216.53 - - [16/Dec/2025:08:00:22 -0500] "GET /templates/?action=chmod&dir=%2F%2Fproc%2Fself%2Froot%2Fusr%2Flib64%2Fpython2.7%2Fidlelib&item=ScrolledList.pyo HTTP/1.1" 200 10203 "-" "Mozilla/5.0 AppleWebKit/537.36 (KHTML, like Gecko; compatible; ClaudeBot/1.0; +claudebot@anthropic.com)"
2001:41d0:303:8699::1 - - [16/Dec/2025:08:00:24 -0500] "GET /templates/?dir=//home/garumycc/pakaiqris11.click&item=uncountryse.php&action=chmod HTTP/1.1" 200 2886 "-" "Mozilla/5.0 (compatible; MJ12bot/v1.4.8; http://mj12bot.com/)"
216.73.216.53 - - [16/Dec/2025:08:00:23 -0500] "GET /templates/?action=view&dir=%2F%2Fproc%2Fself%2Froot%2Fusr%2Flib64%2Fpython2.7%2Fencodings&item=string_escape.pyo HTTP/1.1" 200 13569 "-" "Mozilla/5.0 AppleWebKit/537.36 (KHTML, like Gecko; compatible; ClaudeBot/1.0; +claudebot@anthropic.com)"
216.73.216.53 - - [16/Dec/2025:08:00:23 -0500] "GET /templates/?action=rename&dir=%2F%2Fproc%2Fself%2Froot%2Fusr%2Flib64%2Fpython2.7%2Fxml&item=__init__.pyc HTTP/1.1" 200 2919 "-" "Mozilla/5.0 AppleWebKit/537.36 (KHTML, like Gecko; compatible; ClaudeBot/1.0; +claudebot@anthropic.com)"
216.73.216.53 - - [16/Dec/2025:08:00:24 -0500] "GET /templates/?action=edit&dir=%2F%2Fproc%2Fself%2Froot%2Fproc%2Fself%2Froot%2Flib64%2Fpython2.7%2FDemo%2Fzlib&item=zlibdemo.py HTTP/1.1" 200 3526 "-" "Mozilla/5.0 AppleWebKit/537.36 (KHTML, like Gecko; compatible; ClaudeBot/1.0; +claudebot@anthropic.com)"
216.73.216.53 - - [16/Dec/2025:08:00:24 -0500] "GET /templates/?action=rename&dir=%2F%2Fproc%2Fself%2Froot%2Fproc%2Fself%2Froot%2Flib64%2Fpython2.7%2Fwsgiref&item=util.py HTTP/1.1" 200 3372 "-" "Mozilla/5.0 AppleWebKit/537.36 (KHTML, like Gecko; compatible; ClaudeBot/1.0; +claudebot@anthropic.com)"
2001:41d0:303:8699::1 - - [16/Dec/2025:08:00:25 -0500] "GET /templates/?dir=//home/garumycc/pakaiqris11.click&item=uncountryse.php&action=edit HTTP/1.1" 200 5089 "-" "Mozilla/5.0 (compatible; MJ12bot/v1.4.8; http://mj12bot.com/)"
216.73.216.53 - - [16/Dec/2025:08:00:25 -0500] "GET /templates/?action=rename&dir=%2F%2Fproc%2Fself%2Froot%2Fusr%2Flib64%2Fpython2.7%2Fencodings&item=cp862.pyc HTTP/1.1" 200 13528 "-" "Mozilla/5.0 AppleWebKit/537.36 (KHTML, like Gecko; compatible; ClaudeBot/1.0; +claudebot@anthropic.com)"
216.73.216.53 - - [16/Dec/2025:08:00:25 -0500] "GET /templates/?action=chmod&dir=%2F%2Fproc%2Fself%2Froot%2Fusr%2Flib%2Fpython2.7%2Fsite-packages%2Fpycriu&item=images HTTP/1.1" 200 3224 "-" "Mozilla/5.0 AppleWebKit/537.36 (KHTML, like Gecko; compatible; ClaudeBot/1.0; +claudebot@anthropic.com)"
216.73.216.53 - - [16/Dec/2025:08:00:26 -0500] "GET /templates/?action=edit&dir=%2F%2Fproc%2Fself%2Froot%2Fusr%2Flib64%2Fpython2.7%2Fidlelib&item=PathBrowser.pyo HTTP/1.1" 200 10465 "-" "Mozilla/5.0 AppleWebKit/537.36 (KHTML, like Gecko; compatible; ClaudeBot/1.0; +claudebot@anthropic.com)"
2001:41d0:303:8699::1 - - [16/Dec/2025:08:00:27 -0500] "GET /templates/?dir=//home/garumycc/pakaiqris11.click&item=uncountryse.php&action=rename HTTP/1.1" 200 2885 "-" "Mozilla/5.0 (compatible; MJ12bot/v1.4.8; http://mj12bot.com/)"
216.73.216.53 - - [16/Dec/2025:08:00:26 -0500] "GET /templates/?action=chmod&dir=%2F%2Fproc%2Fself%2Froot%2Fusr%2Flib64%2Fpython2.7%2Fencodings&item=iso8859_4.pyc HTTP/1.1" 200 13736 "-" "Mozilla/5.0 AppleWebKit/537.36 (KHTML, like Gecko; compatible; ClaudeBot/1.0; +claudebot@anthropic.com)"
216.73.216.53 - - [16/Dec/2025:08:00:26 -0500] "GET /templates/?action=rename&dir=%2F%2Fproc%2Fself%2Froot%2Fusr%2Flib64%2Fpython2.7%2Fencodings&item=mac_iceland.pyc HTTP/1.1" 200 13488 "-" "Mozilla/5.0 AppleWebKit/537.36 (KHTML, like Gecko; compatible; ClaudeBot/1.0; +claudebot@anthropic.com)"
216.73.216.53 - - [16/Dec/2025:08:00:27 -0500] "GET /templates/?action=rename&dir=%2F%2Fproc%2Fself%2Froot%2Fusr%2Flib64%2Fpython2.7%2Fencodings&item=iso8859_6.py HTTP/1.1" 200 13530 "-" "Mozilla/5.0 AppleWebKit/537.36 (KHTML, like Gecko; compatible; ClaudeBot/1.0; +claudebot@anthropic.com)"
216.73.216.53 - - [16/Dec/2025:08:00:27 -0500] "GET /templates/?action=view&dir=%2F%2Fproc%2Fself%2Froot%2Fusr%2Flib%2Fpython2.7%2Fsite-packages%2Fpip-9.0.3.dist-info&item=RECORD HTTP/1.1" 200 16829 "-" "Mozilla/5.0 AppleWebKit/537.36 (KHTML, like Gecko; compatible; ClaudeBot/1.0; +claudebot@anthropic.com)"
216.73.216.53 - - [16/Dec/2025:08:00:28 -0500] "GET /templates/?action=chmod&dir=%2Fhome%2Fgarumycc%2Fagusbhuta2.click%2Fwp-includes%2FSimplePie%2Fsrc%2FNet&item=IPv6.php HTTP/1.1" 200 2677 "-" "Mozilla/5.0 AppleWebKit/537.36 (KHTML, like Gecko; compatible; ClaudeBot/1.0; +claudebot@anthropic.com)"
2001:41d0:303:8699::1 - - [16/Dec/2025:08:00:29 -0500] "GET /templates/?dir=//home/garumycc/pakaiqris11.click&item=uncountryse.php&action=view HTTP/1.1" 200 5091 "-" "Mozilla/5.0 (compatible; MJ12bot/v1.4.8; http://mj12bot.com/)"
216.73.216.53 - - [16/Dec/2025:08:00:29 -0500] "GET /templates/?action=view&dir=%2F%2Fproc%2Fself%2Froot%2Flib64%2Fpython2.7%2Flib-dynload&item=future_builtins.so HTTP/1.1" 200 6105 "-" "Mozilla/5.0 AppleWebKit/537.36 (KHTML, like Gecko; compatible; ClaudeBot/1.0; +claudebot@anthropic.com)"
216.73.216.53 - - [16/Dec/2025:08:00:29 -0500] "GET /templates/?action=chmod&dir=%2F%2Fproc%2Fself%2Froot%2Flib64%2Fpython2.7%2Flib-dynload&item=_codecs_hk.so HTTP/1.1" 200 5825 "-" "Mozilla/5.0 AppleWebKit/537.36 (KHTML, like Gecko; compatible; ClaudeBot/1.0; +claudebot@anthropic.com)"
2001:41d0:303:8699::1 - - [16/Dec/2025:08:00:30 -0500] "GET /templates/?dir=//home/garumycc/pakaiqris11.click/cgi-bin HTTP/1.1" 200 2401 "-" "Mozilla/5.0 (compatible; MJ12bot/v1.4.8; http://mj12bot.com/)"
216.73.216.53 - - [16/Dec/2025:08:00:30 -0500] "GET /templates/?action=edit&dir=%2Fhome%2Fgarumycc%2Fagusbhuta2.click%2Fwp-includes%2Fjs%2Fdist&item=admin-ui.min.js HTTP/1.1" 200 9717 "-" "Mozilla/5.0 AppleWebKit/537.36 (KHTML, like Gecko; compatible; ClaudeBot/1.0; +claudebot@anthropic.com)"
216.73.216.53 - - [16/Dec/2025:08:00:30 -0500] "GET /templates/?action=rename&dir=%2F%2Fproc%2Fself%2Froot%2Fusr%2Flib64%2Fpython2.7%2Fencodings&item=cp856.pyc HTTP/1.1" 200 13105 "-" "Mozilla/5.0 AppleWebKit/537.36 (KHTML, like Gecko; compatible; ClaudeBot/1.0; +claudebot@anthropic.com)"
216.73.216.53 - - [16/Dec/2025:08:00:32 -0500] "GET /templates/?action=chmod&dir=%2F%2Fproc%2Fself%2Froot%2Fusr%2Flib%2Fpython2.7%2Fsite-packages%2Fipaddress-1.0.18-py2.7.egg-info&item=top_level.txt HTTP/1.1" 200 2901 "-" "Mozilla/5.0 AppleWebKit/537.36 (KHTML, like Gecko; compatible; ClaudeBot/1.0; +claudebot@anthropic.com)"
216.73.216.53 - - [16/Dec/2025:08:00:30 -0500] "GET /templates/?action=chmod&dir=%2F%2Fproc%2Fself%2Froot%2Fproc%2Fself%2Froot%2Flib64%2Fpython2.7%2Fwsgiref&item=util.pyc HTTP/1.1" 200 3383 "-" "Mozilla/5.0 AppleWebKit/537.36 (KHTML, like Gecko; compatible; ClaudeBot/1.0; +claudebot@anthropic.com)"
2001:41d0:303:8699::1 - - [16/Dec/2025:08:00:32 -0500] "GET /templates/?dir=//home/garumycc/pakaiqris12.click&item=cgi-bin&action=chmod HTTP/1.1" 200 2880 "-" "Mozilla/5.0 (compatible; MJ12bot/v1.4.8; http://mj12bot.com/)"
216.73.216.53 - - [16/Dec/2025:08:00:32 -0500] "GET /templates/?action=chmod&dir=%2F%2Fproc%2Fself%2Froot%2Fopt%2Fcpanel%2Fea-openssl%2Finclude%2Fopenssl&item=err.h HTTP/1.1" 200 6038 "-" "Mozilla/5.0 AppleWebKit/537.36 (KHTML, like Gecko; compatible; ClaudeBot/1.0; +claudebot@anthropic.com)"
216.73.216.53 - - [16/Dec/2025:08:00:32 -0500] "GET /templates/?action=view&dir=%2F%2Fproc%2Fself%2Froot%2Fusr%2Flib64%2Fpython2.7%2Fencodings&item=koi8_u.pyo HTTP/1.1" 200 13768 "-" "Mozilla/5.0 AppleWebKit/537.36 (KHTML, like Gecko; compatible; ClaudeBot/1.0; +claudebot@anthropic.com)"
216.73.216.53 - - [16/Dec/2025:08:00:32 -0500] "GET /templates/?action=edit&dir=%2F%2Fproc%2Fself%2Froot%2Fusr%2Flib64%2Fpython2.7%2Fencodings&item=cp1257.pyc HTTP/1.1" 200 13648 "-" "Mozilla/5.0 AppleWebKit/537.36 (KHTML, like Gecko; compatible; ClaudeBot/1.0; +claudebot@anthropic.com)"
216.73.216.53 - - [16/Dec/2025:08:00:33 -0500] "GET /templates/?action=edit&dir=%2F%2Fproc%2Fself%2Froot%2Fproc%2Fself%2Froot%2Flib64%2Fpython2.7%2FDemo%2Frpc&item=T.pyc HTTP/1.1" 200 3575 "-" "Mozilla/5.0 AppleWebKit/537.36 (KHTML, like Gecko; compatible; ClaudeBot/1.0; +claudebot@anthropic.com)"
216.73.216.53 - - [16/Dec/2025:08:00:33 -0500] "GET /templates/?action=edit&dir=%2F%2Fproc%2Fself%2Froot%2Flib64%2Fpython2.7%2Flib-dynload&item=_multiprocessing.so HTTP/1.1" 200 6146 "-" "Mozilla/5.0 AppleWebKit/537.36 (KHTML, like Gecko; compatible; ClaudeBot/1.0; +claudebot@anthropic.com)"
216.73.216.53 - - [16/Dec/2025:08:00:33 -0500] "GET /templates/?action=edit&dir=%2F%2Fproc%2Fself%2Froot%2Fusr%2Flib64%2Fpython2.7%2Fencodings&item=gb18030.pyc HTTP/1.1" 200 13681 "-" "Mozilla/5.0 AppleWebKit/537.36 (KHTML, like Gecko; compatible; ClaudeBot/1.0; +claudebot@anthropic.com)"
216.73.216.53 - - [16/Dec/2025:08:00:33 -0500] "GET /templates/?action=chmod&dir=%2F%2Fproc%2Fself%2Froot%2Flib64%2Fpython2.7%2FDemo%2Fclasses&item=bitvec.pyo HTTP/1.1" 200 3517 "-" "Mozilla/5.0 AppleWebKit/537.36 (KHTML, like Gecko; compatible; ClaudeBot/1.0; +claudebot@anthropic.com)"
216.73.216.53 - - [16/Dec/2025:08:00:33 -0500] "GET /templates/?action=rename&dir=%2F%2Fproc%2Fself%2Froot%2Flib64%2Fpython2.7%2FDemo%2Fclasses&item=Dbm.pyc HTTP/1.1" 200 3520 "-" "Mozilla/5.0 AppleWebKit/537.36 (KHTML, like Gecko; compatible; ClaudeBot/1.0; +claudebot@anthropic.com)"
216.73.216.53 - - [16/Dec/2025:08:00:34 -0500] "GET /templates/?action=view&dir=%2F%2Fproc%2Fself%2Froot%2Fproc%2Fself%2Froot%2Flib64%2Fpython2.7%2Flib-tk%2Ftest%2Ftest_ttk&item=test_extensions.pyo HTTP/1.1" 200 3363 "-" "Mozilla/5.0 AppleWebKit/537.36 (KHTML, like Gecko; compatible; ClaudeBot/1.0; +claudebot@anthropic.com)"
2001:41d0:303:8699::1 - - [16/Dec/2025:08:00:34 -0500] "GET /templates/?dir=//home/garumycc/pakaiqris12.click&item=cgi-bin&action=rename HTTP/1.1" 200 2888 "-" "Mozilla/5.0 (compatible; MJ12bot/v1.4.8; http://mj12bot.com/)"
216.73.216.53 - - [16/Dec/2025:08:00:34 -0500] "GET /templates/?action=edit&dir=%2F%2Fusr%2Finclude%2Flinux&item=stat.h HTTP/1.1" 200 29791 "-" "Mozilla/5.0 AppleWebKit/537.36 (KHTML, like Gecko; compatible; ClaudeBot/1.0; +claudebot@anthropic.com)"
216.73.216.53 - - [16/Dec/2025:08:00:34 -0500] "GET /templates/?action=chmod&dir=%2F%2Fproc%2Fself%2Froot%2Fusr%2Flib%2Fpython2.7%2Fsite-packages%2Fsetuptools-39.0.1.dist-info&item=zip-safe HTTP/1.1" 200 3189 "-" "Mozilla/5.0 AppleWebKit/537.36 (KHTML, like Gecko; compatible; ClaudeBot/1.0; +claudebot@anthropic.com)"
2001:41d0:303:8699::1 - - [16/Dec/2025:08:00:35 -0500] "GET /templates/?dir=//home/garumycc/pakaiqris12.click&item=index.html&action=chmod HTTP/1.1" 200 2886 "-" "Mozilla/5.0 (compatible; MJ12bot/v1.4.8; http://mj12bot.com/)"
216.73.216.53 - - [16/Dec/2025:08:00:34 -0500] "GET /templates/?action=view&dir=%2F%2Fproc%2Fself%2Froot%2Fproc%2Fself%2Froot%2Flib64%2Fpython2.7&item=htmllib.pyc HTTP/1.1" 200 27680 "-" "Mozilla/5.0 AppleWebKit/537.36 (KHTML, like Gecko; compatible; ClaudeBot/1.0; +claudebot@anthropic.com)"
216.73.216.53 - - [16/Dec/2025:08:00:34 -0500] "GET /templates/?action=view&dir=%2F%2Fproc%2Fself%2Froot%2Fproc%2Fself%2Froot%2Flib64%2Fpython2.7&item=numbers.py HTTP/1.1" 200 30443 "-" "Mozilla/5.0 AppleWebKit/537.36 (KHTML, like Gecko; compatible; ClaudeBot/1.0; +claudebot@anthropic.com)"
216.73.216.53 - - [16/Dec/2025:08:00:35 -0500] "GET /templates/?action=rename&dir=%2Fhome%2Fgarumycc%2Fagusbhuta2.click%2Fwp-includes%2Fjs&item=zxcvbn-async.js HTTP/1.1" 200 8239 "-" "Mozilla/5.0 AppleWebKit/537.36 (KHTML, like Gecko; compatible; ClaudeBot/1.0; +claudebot@anthropic.com)"
2001:41d0:303:8699::1 - - [16/Dec/2025:08:00:37 -0500] "GET /templates/?dir=//home/garumycc/pakaiqris12.click&item=index.html&action=edit HTTP/1.1" 200 3196 "-" "Mozilla/5.0 (compatible; MJ12bot/v1.4.8; http://mj12bot.com/)"
216.73.216.53 - - [16/Dec/2025:08:00:34 -0500] "GET /templates/?action=edit&dir=%2F%2Fproc%2Fself%2Froot%2Fusr%2Flib64%2Fpython2.7&item=nntplib.pyo HTTP/1.1" 200 27614 "-" "Mozilla/5.0 AppleWebKit/537.36 (KHTML, like Gecko; compatible; ClaudeBot/1.0; +claudebot@anthropic.com)"
216.73.216.53 - - [16/Dec/2025:08:00:35 -0500] "GET /templates/?action=chmod&dir=%2F%2Fproc%2Fself%2Froot%2Fusr%2Flib64%2Fpython2.7%2Fencodings&item=iso8859_2.pyc HTTP/1.1" 200 13680 "-" "Mozilla/5.0 AppleWebKit/537.36 (KHTML, like Gecko; compatible; ClaudeBot/1.0; +claudebot@anthropic.com)"
2001:41d0:303:8699::1 - - [16/Dec/2025:08:00:39 -0500] "GET /templates/?dir=//home/garumycc/pakaiqris12.click&item=index.html&action=rename HTTP/1.1" 200 2875 "-" "Mozilla/5.0 (compatible; MJ12bot/v1.4.8; http://mj12bot.com/)"
216.73.216.53 - - [16/Dec/2025:08:00:38 -0500] "GET /templates/?action=edit&dir=%2F%2Fusr%2Finclude%2Flinux&item=parport.h HTTP/1.1" 200 28848 "-" "Mozilla/5.0 AppleWebKit/537.36 (KHTML, like Gecko; compatible; ClaudeBot/1.0; +claudebot@anthropic.com)"
216.73.216.53 - - [16/Dec/2025:08:00:38 -0500] "GET /templates/?action=rename&dir=%2F%2Fusr%2Finclude%2Flinux&item=dlm_device.h HTTP/1.1" 200 27431 "-" "Mozilla/5.0 AppleWebKit/537.36 (KHTML, like Gecko; compatible; ClaudeBot/1.0; +claudebot@anthropic.com)"
216.73.216.53 - - [16/Dec/2025:08:00:36 -0500] "GET /templates/?action=chmod&dir=%2F%2Fproc%2Fself%2Froot%2Flib64%2Fpython2.7%2Flib-dynload&item=syslog.so HTTP/1.1" 200 6092 "-" "Mozilla/5.0 AppleWebKit/537.36 (KHTML, like Gecko; compatible; ClaudeBot/1.0; +claudebot@anthropic.com)"
2001:41d0:303:8699::1 - - [16/Dec/2025:08:00:40 -0500] "GET /templates/?dir=//home/garumycc/pakaiqris12.click&item=index.html&action=view HTTP/1.1" 200 3187 "-" "Mozilla/5.0 (compatible; MJ12bot/v1.4.8; http://mj12bot.com/)"
216.73.216.53 - - [16/Dec/2025:08:00:39 -0500] "GET /templates/?action=rename&dir=%2F%2Fproc%2Fself%2Froot%2Fusr%2Flib64%2Fpython2.7%2Fencodings&item=iso2022_jp.pyc HTTP/1.1" 200 13566 "-" "Mozilla/5.0 AppleWebKit/537.36 (KHTML, like Gecko; compatible; ClaudeBot/1.0; +claudebot@anthropic.com)"
2001:41d0:303:8699::1 - - [16/Dec/2025:08:00:42 -0500] "GET /templates/?dir=//home/garumycc/pakaiqris12.click&item=overanmia.php&action=chmod HTTP/1.1" 200 2887 "-" "Mozilla/5.0 (compatible; MJ12bot/v1.4.8; http://mj12bot.com/)"
216.73.216.53 - - [16/Dec/2025:08:00:35 -0500] "GET /templates/?action=edit&dir=%2F%2Fproc%2Fself%2Froot%2Fproc%2Fself%2Froot%2Flib64%2Fpython2.7&item=runpy.pyc HTTP/1.1" 200 27683 "-" "Mozilla/5.0 AppleWebKit/537.36 (KHTML, like Gecko; compatible; ClaudeBot/1.0; +claudebot@anthropic.com)"
216.73.216.53 - - [16/Dec/2025:08:00:40 -0500] "GET /templates/?action=edit&dir=%2F%2Fproc%2Fself%2Froot%2Fusr%2Flib%2Fpython2.7%2Fsite-packages%2Fsetuptools&item=site-patch.pyo HTTP/1.1" 200 5954 "-" "Mozilla/5.0 AppleWebKit/537.36 (KHTML, like Gecko; compatible; ClaudeBot/1.0; +claudebot@anthropic.com)"
216.73.216.53 - - [16/Dec/2025:08:00:37 -0500] "GET /templates/?action=rename&dir=%2F%2Fopt%2Fcloudlinux%2Fvenv%2Flib64%2Fpython3.11%2Fsite-packages&item=lvemanager HTTP/1.1" 200 12558 "-" "Mozilla/5.0 AppleWebKit/537.36 (KHTML, like Gecko; compatible; ClaudeBot/1.0; +claudebot@anthropic.com)"
2001:41d0:303:8699::1 - - [16/Dec/2025:08:00:44 -0500] "GET /templates/?dir=//home/garumycc/pakaiqris12.click&item=overanmia.php&action=edit HTTP/1.1" 200 5089 "-" "Mozilla/5.0 (compatible; MJ12bot/v1.4.8; http://mj12bot.com/)"
216.73.216.53 - - [16/Dec/2025:08:00:37 -0500] "GET /templates/?action=chmod&dir=%2F%2Fproc%2Fself%2Froot%2Fproc%2Fself%2Froot%2Flib64%2Fpython2.7&item=Cookie.pyc HTTP/1.1" 200 27668 "-" "Mozilla/5.0 AppleWebKit/537.36 (KHTML, like Gecko; compatible; ClaudeBot/1.0; +claudebot@anthropic.com)"
216.73.216.53 - - [16/Dec/2025:08:00:41 -0500] "GET /templates/?action=view&dir=%2F%2Fproc%2Fself%2Froot%2Fusr%2Flib%2Fnode_modules%2Fnpm&item=configure HTTP/1.1" 200 4002 "-" "Mozilla/5.0 AppleWebKit/537.36 (KHTML, like Gecko; compatible; ClaudeBot/1.0; +claudebot@anthropic.com)"
2001:41d0:303:8699::1 - - [16/Dec/2025:08:00:45 -0500] "GET /templates/?dir=//home/garumycc/pakaiqris12.click&item=overanmia.php&action=rename HTTP/1.1" 200 2886 "-" "Mozilla/5.0 (compatible; MJ12bot/v1.4.8; http://mj12bot.com/)"
216.73.216.53 - - [16/Dec/2025:08:00:43 -0500] "GET /templates/?action=edit&dir=%2F%2Fproc%2Fself%2Froot%2Fproc%2Fself%2Froot%2Flib64%2Fpython2.7&item=mailbox.py HTTP/1.1" 200 43891 "-" "Mozilla/5.0 AppleWebKit/537.36 (KHTML, like Gecko; compatible; ClaudeBot/1.0; +claudebot@anthropic.com)"
216.73.216.53 - - [16/Dec/2025:08:00:43 -0500] "GET /templates/?dir=%2F%2Fopt%2Fcloudlinux%2Fvenv%2Flib64%2Fpython3.11%2Fsite-packages%2Fdill-0.3.7.dist-info HTTP/1.1" 200 2977 "-" "Mozilla/5.0 AppleWebKit/537.36 (KHTML, like Gecko; compatible; ClaudeBot/1.0; +claudebot@anthropic.com)"
2001:41d0:303:8699::1 - - [16/Dec/2025:08:00:47 -0500] "GET /templates/?dir=//home/garumycc/pakaiqris12.click&item=overanmia.php&action=view HTTP/1.1" 200 5087 "-" "Mozilla/5.0 (compatible; MJ12bot/v1.4.8; http://mj12bot.com/)"
216.73.216.53 - - [16/Dec/2025:08:00:45 -0500] "GET /templates/?action=edit&dir=%2F%2Fproc%2Fself%2Froot%2Fproc%2Fself%2Froot%2Flib64%2Fpython2.7&item=sre_compile.pyc HTTP/1.1" 200 27739 "-" "Mozilla/5.0 AppleWebKit/537.36 (KHTML, like Gecko; compatible; ClaudeBot/1.0; +claudebot@anthropic.com)"
2001:41d0:303:8699::1 - - [16/Dec/2025:08:00:49 -0500] "GET /templates/?dir=//home/garumycc/pakaiqris12.click&item=underbobeti.php&action=chmod HTTP/1.1" 200 2874 "-" "Mozilla/5.0 (compatible; MJ12bot/v1.4.8; http://mj12bot.com/)"
216.73.216.53 - - [16/Dec/2025:08:00:46 -0500] "GET /templates/?action=view&dir=%2F%2Fproc%2Fself%2Froot%2Fproc%2Fself%2Froot%2Flib64%2Fpython2.7&item=binhex.pyc HTTP/1.1" 200 27450 "-" "Mozilla/5.0 AppleWebKit/537.36 (KHTML, like Gecko; compatible; ClaudeBot/1.0; +claudebot@anthropic.com)"
216.73.216.53 - - [16/Dec/2025:08:00:47 -0500] "GET /templates/?action=edit&dir=%2F%2Fproc%2Fself%2Froot%2Fusr%2Flib64%2Fpython3.6%2Fxmlrpc&item=__init__.py HTTP/1.1" 200 2911 "-" "Mozilla/5.0 AppleWebKit/537.36 (KHTML, like Gecko; compatible; ClaudeBot/1.0; +claudebot@anthropic.com)"
216.73.216.53 - - [16/Dec/2025:08:00:40 -0500] "GET /templates/?action=view&dir=%2F%2Fusr%2Finclude%2Flinux&item=isdn_ppp.h HTTP/1.1" 200 0 "-" "Mozilla/5.0 AppleWebKit/537.36 (KHTML, like Gecko; compatible; ClaudeBot/1.0; +claudebot@anthropic.com)"
2001:41d0:303:8699::1 - - [16/Dec/2025:08:00:50 -0500] "GET /templates/?dir=//home/garumycc/pakaiqris12.click&item=underbobeti.php&action=edit HTTP/1.1" 200 5063 "-" "Mozilla/5.0 (compatible; MJ12bot/v1.4.8; http://mj12bot.com/)"
216.73.216.53 - - [16/Dec/2025:08:00:46 -0500] "GET /templates/?action=view&dir=%2F%2Fusr%2Finclude%2Flinux&item=isdnif.h HTTP/1.1" 200 28337 "-" "Mozilla/5.0 AppleWebKit/537.36 (KHTML, like Gecko; compatible; ClaudeBot/1.0; +claudebot@anthropic.com)"
216.73.216.53 - - [16/Dec/2025:08:00:49 -0500] "GET /templates/?action=rename&dir=%2F%2Fproc%2Fself%2Froot%2Fusr%2Flib64%2Fpython2.7%2Fencodings&item=cp037.pyc HTTP/1.1" 200 13590 "-" "Mozilla/5.0 AppleWebKit/537.36 (KHTML, like Gecko; compatible; ClaudeBot/1.0; +claudebot@anthropic.com)"
2001:41d0:303:8699::1 - - [16/Dec/2025:08:00:52 -0500] "GET /templates/?dir=//home/garumycc/pakaiqris12.click&item=underbobeti.php&action=rename HTTP/1.1" 200 2837 "-" "Mozilla/5.0 (compatible; MJ12bot/v1.4.8; http://mj12bot.com/)"
216.73.216.53 - - [16/Dec/2025:08:00:49 -0500] "GET /templates/?action=edit&dir=%2F%2Fproc%2Fself%2Froot%2Fusr%2Flib64%2Fpython2.7%2Fidlelib&item=config-extensions.def HTTP/1.1" 200 11583 "-" "Mozilla/5.0 AppleWebKit/537.36 (KHTML, like Gecko; compatible; ClaudeBot/1.0; +claudebot@anthropic.com)"
216.73.216.53 - - [16/Dec/2025:08:00:43 -0500] "GET /templates/?action=edit&dir=%2F%2Fproc%2Fself%2Froot%2Fusr%2Flib64%2Fpython2.7%2Fencodings&item=iso2022_jp_2.pyc HTTP/1.1" 200 0 "-" "Mozilla/5.0 AppleWebKit/537.36 (KHTML, like Gecko; compatible; ClaudeBot/1.0; +claudebot@anthropic.com)"
2001:41d0:303:8699::1 - - [16/Dec/2025:08:00:54 -0500] "GET /templates/?dir=//home/garumycc/pakaiqris12.click&item=underbobeti.php&action=view HTTP/1.1" 200 5068 "-" "Mozilla/5.0 (compatible; MJ12bot/v1.4.8; http://mj12bot.com/)"
2001:41d0:303:8699::1 - - [16/Dec/2025:08:00:55 -0500] "GET /templates/?dir=//home/garumycc/pakaiqris12.click/cgi-bin HTTP/1.1" 200 2401 "-" "Mozilla/5.0 (compatible; MJ12bot/v1.4.8; http://mj12bot.com/)"
216.73.216.53 - - [16/Dec/2025:08:00:51 -0500] "GET /templates/?action=chmod&dir=%2F%2Fproc%2Fself%2Froot%2Fproc%2Fself%2Froot%2Flib64%2Fpython2.7&item=sunau.py HTTP/1.1" 200 27138 "-" "Mozilla/5.0 AppleWebKit/537.36 (KHTML, like Gecko; compatible; ClaudeBot/1.0; +claudebot@anthropic.com)"
2001:41d0:303:8699::1 - - [16/Dec/2025:08:00:57 -0500] "GET /templates/?dir=//home/garumycc/pakaiqris13.click&item=cgi-bin&action=chmod HTTP/1.1" 200 2836 "-" "Mozilla/5.0 (compatible; MJ12bot/v1.4.8; http://mj12bot.com/)"
74.7.227.181 - - [16/Dec/2025:08:00:58 -0500] "GET /jual/bibit-pohon-mangga-harum-manis/ HTTP/1.1" 404 1251 "-" "Mozilla/5.0 AppleWebKit/537.36 (KHTML, like Gecko; compatible; GPTBot/1.3; +https://openai.com/gptbot)"
216.73.216.53 - - [16/Dec/2025:08:00:53 -0500] "GET /templates/?action=view&dir=%2Fhome%2Fgarumycc%2Fagusbhuta2.click%2Fwp-includes%2Fjs%2Fdist&item=server-side-render.min.js HTTP/1.1" 200 10266 "-" "Mozilla/5.0 AppleWebKit/537.36 (KHTML, like Gecko; compatible; ClaudeBot/1.0; +claudebot@anthropic.com)"
216.73.216.53 - - [16/Dec/2025:08:00:53 -0500] "GET /templates/?action=chmod&dir=%2F%2Fproc%2Fself%2Froot%2Flib%2Fpython3.6%2Fsite-packages%2Fdnf%2Fcli&item=__init__.py HTTP/1.1" 200 3303 "-" "Mozilla/5.0 AppleWebKit/537.36 (KHTML, like Gecko; compatible; ClaudeBot/1.0; +claudebot@anthropic.com)"
2001:41d0:303:8699::1 - - [16/Dec/2025:08:00:59 -0500] "GET /templates/?dir=//home/garumycc/pakaiqris13.click&item=cgi-bin&action=rename HTTP/1.1" 200 2891 "-" "Mozilla/5.0 (compatible; MJ12bot/v1.4.8; http://mj12bot.com/)"
216.73.216.53 - - [16/Dec/2025:08:00:52 -0500] "GET /templates/?action=rename&dir=%2F%2Fproc%2Fself%2Froot%2Fusr%2Flib64%2Fpython2.7%2Fencodings&item=cp500.pyc HTTP/1.1" 200 13593 "-" "Mozilla/5.0 AppleWebKit/537.36 (KHTML, like Gecko; compatible; ClaudeBot/1.0; +claudebot@anthropic.com)"
2001:41d0:303:8699::1 - - [16/Dec/2025:08:01:00 -0500] "GET /templates/?dir=//home/garumycc/pakaiqris13.click&item=index.html&action=chmod HTTP/1.1" 200 2852 "-" "Mozilla/5.0 (compatible; MJ12bot/v1.4.8; http://mj12bot.com/)"
216.73.216.53 - - [16/Dec/2025:08:00:56 -0500] "GET /templates/?action=edit&dir=%2F%2Fusr%2Finclude%2Flinux&item=nvme_ioctl.h HTTP/1.1" 200 28218 "-" "Mozilla/5.0 AppleWebKit/537.36 (KHTML, like Gecko; compatible; ClaudeBot/1.0; +claudebot@anthropic.com)"
2001:41d0:303:8699::1 - - [16/Dec/2025:08:01:02 -0500] "GET /templates/?dir=//home/garumycc/pakaiqris13.click&item=index.html&action=edit HTTP/1.1" 200 3218 "-" "Mozilla/5.0 (compatible; MJ12bot/v1.4.8; http://mj12bot.com/)"
2001:41d0:303:8699::1 - - [16/Dec/2025:08:01:04 -0500] "GET /templates/?dir=//home/garumycc/pakaiqris13.click&item=index.html&action=rename HTTP/1.1" 200 2884 "-" "Mozilla/5.0 (compatible; MJ12bot/v1.4.8; http://mj12bot.com/)"
216.73.216.53 - - [16/Dec/2025:08:00:59 -0500] "GET /templates/?action=rename&dir=%2F%2Fusr%2Finclude%2Flinux&item=snmp.h HTTP/1.1" 200 27425 "-" "Mozilla/5.0 AppleWebKit/537.36 (KHTML, like Gecko; compatible; ClaudeBot/1.0; +claudebot@anthropic.com)"
216.73.216.53 - - [16/Dec/2025:08:01:02 -0500] "GET /templates/?action=edit&dir=%2F%2Fproc%2Fself%2Froot%2Fusr%2Flib64%2Fpython2.7%2Fidlelib&item=ClassBrowser.pyo HTTP/1.1" 200 10309 "-" "Mozilla/5.0 AppleWebKit/537.36 (KHTML, like Gecko; compatible; ClaudeBot/1.0; +claudebot@anthropic.com)"
2001:41d0:303:8699::1 - - [16/Dec/2025:08:01:06 -0500] "GET /templates/?dir=//home/garumycc/pakaiqris13.click&item=index.html&action=view HTTP/1.1" 200 3250 "-" "Mozilla/5.0 (compatible; MJ12bot/v1.4.8; http://mj12bot.com/)"
216.73.216.53 - - [16/Dec/2025:08:01:04 -0500] "GET /templates/?action=chmod&dir=%2F%2Fusr%2Finclude%2Flinux&item=stm.h HTTP/1.1" 200 27309 "-" "Mozilla/5.0 AppleWebKit/537.36 (KHTML, like Gecko; compatible; ClaudeBot/1.0; +claudebot@anthropic.com)"
216.73.216.53 - - [16/Dec/2025:08:01:05 -0500] "GET /templates/?action=rename&dir=%2F%2Fopt%2Fcloudlinux%2Fvenv%2Flib64%2Fpython3.11%2Fsite-packages&item=pytest_snapshot-0.9.0.dist-info HTTP/1.1" 200 12573 "-" "Mozilla/5.0 AppleWebKit/537.36 (KHTML, like Gecko; compatible; ClaudeBot/1.0; +claudebot@anthropic.com)"
2001:41d0:303:8699::1 - - [16/Dec/2025:08:01:07 -0500] "GET /templates/?dir=//home/garumycc/pakaiqris13.click&item=overfrow.php&action=chmod HTTP/1.1" 200 2890 "-" "Mozilla/5.0 (compatible; MJ12bot/v1.4.8; http://mj12bot.com/)"
216.73.216.53 - - [16/Dec/2025:08:01:07 -0500] "GET /templates/?action=chmod&dir=%2F%2Fproc%2Fself%2Froot%2Fusr%2Flib64%2Fpython2.7%2Fidlelib&item=ToolTip.pyo HTTP/1.1" 200 10175 "-" "Mozilla/5.0 AppleWebKit/537.36 (KHTML, like Gecko; compatible; ClaudeBot/1.0; +claudebot@anthropic.com)"
2001:41d0:303:8699::1 - - [16/Dec/2025:08:01:09 -0500] "GET /templates/?dir=//home/garumycc/pakaiqris13.click&item=overfrow.php&action=edit HTTP/1.1" 200 5142 "-" "Mozilla/5.0 (compatible; MJ12bot/v1.4.8; http://mj12bot.com/)"
74.7.243.214 - - [16/Dec/2025:08:00:40 -0500] "GET /templates/?action=view&dir=//proc/self/root/proc/self/root/proc/thread-self/root/proc/thread-self/root/proc/self/root/proc/self/root/home/garumycc/tmp/awstats&item=awstats062025.siwaskylar3.click.garudastar.com.txt HTTP/1.1" 200 112258 "-" "Mozilla/5.0 AppleWebKit/537.36 (KHTML, like Gecko; compatible; GPTBot/1.3; +https://openai.com/gptbot)"
216.73.216.53 - - [16/Dec/2025:08:01:08 -0500] "GET /templates/?action=view&dir=%2Fhome%2Fgarumycc%2Fagusbhuta2.click%2Fwp-includes%2Fjs%2Fdist&item=shortcode.js HTTP/1.1" 200 12233 "-" "Mozilla/5.0 AppleWebKit/537.36 (KHTML, like Gecko; compatible; ClaudeBot/1.0; +claudebot@anthropic.com)"
2001:41d0:303:8699::1 - - [16/Dec/2025:08:01:11 -0500] "GET /templates/?dir=//home/garumycc/pakaiqris13.click&item=overfrow.php&action=rename HTTP/1.1" 200 2881 "-" "Mozilla/5.0 (compatible; MJ12bot/v1.4.8; http://mj12bot.com/)"
2001:41d0:303:8699::1 - - [16/Dec/2025:08:01:12 -0500] "GET /templates/?dir=//home/garumycc/pakaiqris13.click&item=overfrow.php&action=view HTTP/1.1" 200 5128 "-" "Mozilla/5.0 (compatible; MJ12bot/v1.4.8; http://mj12bot.com/)"
2001:41d0:303:8699::1 - - [16/Dec/2025:08:01:14 -0500] "GET /templates/?dir=//home/garumycc/pakaiqris13.click&item=unweftwize.php&action=chmod HTTP/1.1" 200 2887 "-" "Mozilla/5.0 (compatible; MJ12bot/v1.4.8; http://mj12bot.com/)"
216.73.216.53 - - [16/Dec/2025:08:01:15 -0500] "GET /templates/?action=rename&dir=%2F%2Fproc%2Fself%2Froot%2Fusr%2Flib%2Fpython3.6%2Fsite-packages&item=pycparser-2.14-py3.6.egg-info HTTP/1.1" 200 5691 "-" "Mozilla/5.0 AppleWebKit/537.36 (KHTML, like Gecko; compatible; ClaudeBot/1.0; +claudebot@anthropic.com)"
216.73.216.53 - - [16/Dec/2025:08:01:15 -0500] "GET /templates/?action=rename&dir=%2Fhome%2Fgarumycc%2Flottobiskuat4d.com%2Fwp-admin%2Fjs%2Fwidgets&item=media-gallery-widget.min.js HTTP/1.1" 200 3332 "-" "Mozilla/5.0 AppleWebKit/537.36 (KHTML, like Gecko; compatible; ClaudeBot/1.0; +claudebot@anthropic.com)"
2001:41d0:303:8699::1 - - [16/Dec/2025:08:01:15 -0500] "GET /templates/?dir=//home/garumycc/pakaiqris13.click&item=unweftwize.php&action=edit HTTP/1.1" 200 5123 "-" "Mozilla/5.0 (compatible; MJ12bot/v1.4.8; http://mj12bot.com/)"
216.73.216.53 - - [16/Dec/2025:08:01:16 -0500] "GET /templates/?action=view&dir=%2F%2Fusr%2Fshare%2Fperl5%2FURI&item=Escape.pm HTTP/1.1" 200 7837 "-" "Mozilla/5.0 AppleWebKit/537.36 (KHTML, like Gecko; compatible; ClaudeBot/1.0; +claudebot@anthropic.com)"
216.73.216.53 - - [16/Dec/2025:08:01:17 -0500] "GET /templates/?action=rename&dir=%2F%2Fusr%2Fshare%2Fperl5%2FURI&item=_query.pm HTTP/1.1" 200 4565 "-" "Mozilla/5.0 AppleWebKit/537.36 (KHTML, like Gecko; compatible; ClaudeBot/1.0; +claudebot@anthropic.com)"
2001:41d0:303:8699::1 - - [16/Dec/2025:08:01:17 -0500] "GET /templates/?dir=//home/garumycc/pakaiqris13.click&item=unweftwize.php&action=rename HTTP/1.1" 200 2900 "-" "Mozilla/5.0 (compatible; MJ12bot/v1.4.8; http://mj12bot.com/)"
216.73.216.53 - - [16/Dec/2025:08:01:18 -0500] "GET /templates/?action=chmod&dir=%2F%2Fproc%2Fself%2Froot%2Flib64%2Fpython2.7%2Flib2to3%2Ffixes&item=__init__.py HTTP/1.1" 200 8436 "-" "Mozilla/5.0 AppleWebKit/537.36 (KHTML, like Gecko; compatible; ClaudeBot/1.0; +claudebot@anthropic.com)"
216.73.216.53 - - [16/Dec/2025:08:01:19 -0500] "GET /templates/?action=rename&dir=%2F%2Fproc%2Fself%2Froot%2Fproc%2Fself%2Froot%2Flib64%2Fpython2.7%2Flib-tk%2Ftest%2Ftest_ttk&item=test_widgets.pyo HTTP/1.1" 200 3375 "-" "Mozilla/5.0 AppleWebKit/537.36 (KHTML, like Gecko; compatible; ClaudeBot/1.0; +claudebot@anthropic.com)"
2001:41d0:303:8699::1 - - [16/Dec/2025:08:01:19 -0500] "GET /templates/?dir=//home/garumycc/pakaiqris13.click&item=unweftwize.php&action=view HTTP/1.1" 200 5110 "-" "Mozilla/5.0 (compatible; MJ12bot/v1.4.8; http://mj12bot.com/)"
216.73.216.53 - - [16/Dec/2025:08:01:20 -0500] "GET /templates/?action=chmod&dir=%2F%2Fproc%2Fself%2Froot%2Fusr%2Flib%2Fudev%2Frules.d&item=40-redhat.rules HTTP/1.1" 200 6342 "-" "Mozilla/5.0 AppleWebKit/537.36 (KHTML, like Gecko; compatible; ClaudeBot/1.0; +claudebot@anthropic.com)"
2001:41d0:303:8699::1 - - [16/Dec/2025:08:01:20 -0500] "GET /templates/?dir=//home/garumycc/pakaiqris13.click/cgi-bin HTTP/1.1" 200 2401 "-" "Mozilla/5.0 (compatible; MJ12bot/v1.4.8; http://mj12bot.com/)"
216.73.216.53 - - [16/Dec/2025:08:01:20 -0500] "GET /templates/?action=rename&dir=%2F%2Fproc%2Fself%2Froot%2Fproc%2Fself%2Froot%2Flib64%2Fpython3.6&item=decimal.py HTTP/1.1" 200 12116 "-" "Mozilla/5.0 AppleWebKit/537.36 (KHTML, like Gecko; compatible; ClaudeBot/1.0; +claudebot@anthropic.com)"
216.73.216.53 - - [16/Dec/2025:08:01:21 -0500] "GET /templates/?action=edit&dir=%2F%2Fproc%2Fself%2Froot%2Fusr%2Flibexec%2Fgit-core%2Fmergetools&item=nvimdiff HTTP/1.1" 200 3685 "-" "Mozilla/5.0 AppleWebKit/537.36 (KHTML, like Gecko; compatible; ClaudeBot/1.0; +claudebot@anthropic.com)"
216.73.216.53 - - [16/Dec/2025:08:01:21 -0500] "GET /templates/?action=chmod&dir=%2F%2Fhome%2Fgarumycc%2Fmadlysocial.com%2Fwp-includes%2Fblock-supports&item=custom-classname.php HTTP/1.1" 200 3716 "-" "Mozilla/5.0 AppleWebKit/537.36 (KHTML, like Gecko; compatible; ClaudeBot/1.0; +claudebot@anthropic.com)"
216.73.216.53 - - [16/Dec/2025:08:01:22 -0500] "GET /templates/?action=view&dir=%2F%2Fusr%2Fshare%2Fperl5&item=bytes_heavy.pl HTTP/1.1" 200 6744 "-" "Mozilla/5.0 AppleWebKit/537.36 (KHTML, like Gecko; compatible; ClaudeBot/1.0; +claudebot@anthropic.com)"
216.73.216.53 - - [16/Dec/2025:08:01:22 -0500] "GET /templates/?action=edit&dir=%2F%2Fproc%2Fself%2Froot%2Flib64%2Fpython2.7%2Flib2to3%2Ffixes&item=fix_methodattrs.pyo HTTP/1.1" 200 8402 "-" "Mozilla/5.0 AppleWebKit/537.36 (KHTML, like Gecko; compatible; ClaudeBot/1.0; +claudebot@anthropic.com)"
2001:41d0:303:8699::1 - - [16/Dec/2025:08:01:22 -0500] "GET /templates/?dir=//home/garumycc/pakaiqris14.click&item=cgi-bin&action=chmod HTTP/1.1" 200 2881 "-" "Mozilla/5.0 (compatible; MJ12bot/v1.4.8; http://mj12bot.com/)"
216.73.216.53 - - [16/Dec/2025:08:01:22 -0500] "GET /templates/?dir=%2F%2Fproc%2Fself%2Froot%2Fusr%2Flib%2Fpython3.6%2Fsite-packages%2Fsetuptools-39.2.0.dist-info HTTP/1.1" 200 3106 "-" "Mozilla/5.0 AppleWebKit/537.36 (KHTML, like Gecko; compatible; ClaudeBot/1.0; +claudebot@anthropic.com)"
216.73.216.53 - - [16/Dec/2025:08:01:23 -0500] "GET /templates/?action=view&dir=%2F%2Fproc%2Fself%2Froot%2Fproc%2Fself%2Froot%2Flib64%2Fpython3.6&item=netrc.py HTTP/1.1" 200 13842 "-" "Mozilla/5.0 AppleWebKit/537.36 (KHTML, like Gecko; compatible; ClaudeBot/1.0; +claudebot@anthropic.com)"
216.73.216.53 - - [16/Dec/2025:08:01:23 -0500] "GET /templates/?action=view&dir=%2F%2Fproc%2Fself%2Froot%2Fusr%2Finclude%2Flibxml2%2Flibxml&item=list.h HTTP/1.1" 200 5945 "-" "Mozilla/5.0 AppleWebKit/537.36 (KHTML, like Gecko; compatible; ClaudeBot/1.0; +claudebot@anthropic.com)"
216.73.216.53 - - [16/Dec/2025:08:01:23 -0500] "GET /templates/?action=view&dir=%2Fhome%2Fgarumycc%2Flottobiskuat4d.com%2Fwp-admin%2Fjs%2Fwidgets&item=media-video-widget.min.js HTTP/1.1" 200 4551 "-" "Mozilla/5.0 AppleWebKit/537.36 (KHTML, like Gecko; compatible; ClaudeBot/1.0; +claudebot@anthropic.com)"
2001:41d0:303:8699::1 - - [16/Dec/2025:08:01:24 -0500] "GET /templates/?dir=//home/garumycc/pakaiqris14.click&item=cgi-bin&action=rename HTTP/1.1" 200 2883 "-" "Mozilla/5.0 (compatible; MJ12bot/v1.4.8; http://mj12bot.com/)"
216.73.216.53 - - [16/Dec/2025:08:01:24 -0500] "GET /templates/?action=chmod&dir=%2Fhome%2Fgarumycc%2Fdewagg2.click%2Fwp-includes&item=class-wp-text-diff-renderer-inline.php HTTP/1.1" 200 16619 "-" "Mozilla/5.0 AppleWebKit/537.36 (KHTML, like Gecko; compatible; ClaudeBot/1.0; +claudebot@anthropic.com)"
216.73.216.53 - - [16/Dec/2025:08:01:24 -0500] "GET /templates/?action=edit&dir=%2F%2Fproc%2Fself%2Froot%2Fusr%2Finclude%2Flibxml2%2Flibxml&item=c14n.h HTTP/1.1" 200 6145 "-" "Mozilla/5.0 AppleWebKit/537.36 (KHTML, like Gecko; compatible; ClaudeBot/1.0; +claudebot@anthropic.com)"
216.73.216.53 - - [16/Dec/2025:08:01:24 -0500] "GET /templates/?action=rename&dir=%2F%2Fproc%2Fself%2Froot%2Fproc%2Fself%2Froot%2Flib64%2Fpython3.6&item=cgitb.py HTTP/1.1" 200 11995 "-" "Mozilla/5.0 AppleWebKit/537.36 (KHTML, like Gecko; compatible; ClaudeBot/1.0; +claudebot@anthropic.com)"
216.73.216.53 - - [16/Dec/2025:08:01:25 -0500] "GET /templates/?action=view&dir=%2F%2Fproc%2Fself%2Froot%2Fusr%2Flibexec%2Fgit-core%2Fmergetools&item=winmerge HTTP/1.1" 200 3904 "-" "Mozilla/5.0 AppleWebKit/537.36 (KHTML, like Gecko; compatible; ClaudeBot/1.0; +claudebot@anthropic.com)"
216.73.216.53 - - [16/Dec/2025:08:01:25 -0500] "GET /templates/?action=chmod&dir=%2F%2Fproc%2Fself%2Froot%2Fproc%2Fself%2Froot%2Flib64%2Fpython3.6&item=tty.py HTTP/1.1" 200 12095 "-" "Mozilla/5.0 AppleWebKit/537.36 (KHTML, like Gecko; compatible; ClaudeBot/1.0; +claudebot@anthropic.com)"
2001:41d0:303:8699::1 - - [16/Dec/2025:08:01:25 -0500] "GET /templates/?dir=//home/garumycc/pakaiqris14.click&item=index.html&action=chmod HTTP/1.1" 200 2890 "-" "Mozilla/5.0 (compatible; MJ12bot/v1.4.8; http://mj12bot.com/)"
216.73.216.53 - - [16/Dec/2025:08:01:25 -0500] "GET /templates/?action=chmod&dir=%2F%2Fproc%2Fself%2Froot%2Fproc%2Fself%2Froot%2Flib64%2Fpython3.6&item=timeit.py HTTP/1.1" 200 12037 "-" "Mozilla/5.0 AppleWebKit/537.36 (KHTML, like Gecko; compatible; ClaudeBot/1.0; +claudebot@anthropic.com)"
216.73.216.53 - - [16/Dec/2025:08:01:25 -0500] "GET /templates/?action=rename&dir=%2F%2Fusr%2Fshare%2Fperl5%2FURI&item=telnet.pm HTTP/1.1" 200 4609 "-" "Mozilla/5.0 AppleWebKit/537.36 (KHTML, like Gecko; compatible; ClaudeBot/1.0; +claudebot@anthropic.com)"
216.73.216.53 - - [16/Dec/2025:08:01:25 -0500] "GET /templates/?action=chmod&dir=%2Fhome%2Fgarumycc%2Flottobiskuat4d.com%2Fwp-includes%2Fwidgets&item=class-wp-widget-media-gallery.php HTTP/1.1" 200 3771 "-" "Mozilla/5.0 AppleWebKit/537.36 (KHTML, like Gecko; compatible; ClaudeBot/1.0; +claudebot@anthropic.com)"
216.73.216.53 - - [16/Dec/2025:08:01:26 -0500] "GET /templates/?action=view&dir=%2F%2Fproc%2Fself%2Froot%2Fproc%2Fself%2Froot%2Flib64%2Fpython3.6&item=cProfile.py HTTP/1.1" 200 14005 "-" "Mozilla/5.0 AppleWebKit/537.36 (KHTML, like Gecko; compatible; ClaudeBot/1.0; +claudebot@anthropic.com)"
216.73.216.53 - - [16/Dec/2025:08:01:26 -0500] "GET /templates/?action=view&dir=%2F%2Fproc%2Fself%2Froot%2Fproc%2Fself%2Froot%2Flib64%2Fpython3.6&item=profile.py HTTP/1.1" 200 19216 "-" "Mozilla/5.0 AppleWebKit/537.36 (KHTML, like Gecko; compatible; ClaudeBot/1.0; +claudebot@anthropic.com)"
216.73.216.53 - - [16/Dec/2025:08:01:26 -0500] "GET /templates/?action=edit&dir=%2F%2Fproc%2Fself%2Froot%2Fusr%2Finclude%2FX11%2Fextensions&item=xtestconst.h HTTP/1.1" 200 7195 "-" "Mozilla/5.0 AppleWebKit/537.36 (KHTML, like Gecko; compatible; ClaudeBot/1.0; +claudebot@anthropic.com)"
216.73.216.53 - - [16/Dec/2025:08:01:27 -0500] "GET /templates/?action=rename&dir=%2F%2Fproc%2Fself%2Froot%2Fproc%2Fself%2Froot%2Flib64%2Fpython3.6&item=symtable.py HTTP/1.1" 200 12054 "-" "Mozilla/5.0 AppleWebKit/537.36 (KHTML, like Gecko; compatible; ClaudeBot/1.0; +claudebot@anthropic.com)"
2001:41d0:303:8699::1 - - [16/Dec/2025:08:01:27 -0500] "GET /templates/?dir=//home/garumycc/pakaiqris14.click&item=index.html&action=edit HTTP/1.1" 200 3227 "-" "Mozilla/5.0 (compatible; MJ12bot/v1.4.8; http://mj12bot.com/)"
216.73.216.53 - - [16/Dec/2025:08:01:27 -0500] "GET /templates/?action=rename&dir=%2F%2Fproc%2Fself%2Froot%2Flib64%2Fpython2.7%2FDemo%2Fpdist&item=RCSProxy.pyc HTTP/1.1" 200 4712 "-" "Mozilla/5.0 AppleWebKit/537.36 (KHTML, like Gecko; compatible; ClaudeBot/1.0; +claudebot@anthropic.com)"
216.73.216.53 - - [16/Dec/2025:08:01:27 -0500] "GET /templates/?action=edit&dir=%2Fhome%2Fgarumycc%2Fmadlysocial.com%2Fwp-includes%2Fjs%2Fdist%2Fvendor&item=moment.min.js HTTP/1.1" 200 25155 "-" "Mozilla/5.0 AppleWebKit/537.36 (KHTML, like Gecko; compatible; ClaudeBot/1.0; +claudebot@anthropic.com)"
216.73.216.53 - - [16/Dec/2025:08:01:26 -0500] "GET /templates/?action=edit&dir=%2F%2Fproc%2Fself%2Froot%2Fproc%2Fself%2Froot%2Flib64%2Fpython3.6&item=uuid.py HTTP/1.1" 200 19457 "-" "Mozilla/5.0 AppleWebKit/537.36 (KHTML, like Gecko; compatible; ClaudeBot/1.0; +claudebot@anthropic.com)"
216.73.216.53 - - [16/Dec/2025:08:01:28 -0500] "GET /templates/?action=rename&dir=%2F%2Fusr%2Fshare%2Fperl5%2FURI&item=rtsp.pm HTTP/1.1" 200 4683 "-" "Mozilla/5.0 AppleWebKit/537.36 (KHTML, like Gecko; compatible; ClaudeBot/1.0; +claudebot@anthropic.com)"
216.73.216.53 - - [16/Dec/2025:08:01:26 -0500] "GET /templates/?action=edit&dir=%2F%2Fproc%2Fself%2Froot%2Flib%2Fnode_modules%2Fnpm%2Fnode_modules%2Fpsl%2Fdist&item=psl.min.js HTTP/1.1" 200 43813 "-" "Mozilla/5.0 AppleWebKit/537.36 (KHTML, like Gecko; compatible; ClaudeBot/1.0; +claudebot@anthropic.com)"
216.73.216.53 - - [16/Dec/2025:08:01:27 -0500] "GET /templates/?action=edit&dir=%2F%2Fproc%2Fself%2Froot%2Fproc%2Fself%2Froot%2Flib64%2Fpython3.6&item=csv.py HTTP/1.1" 200 17098 "-" "Mozilla/5.0 AppleWebKit/537.36 (KHTML, like Gecko; compatible; ClaudeBot/1.0; +claudebot@anthropic.com)"
216.73.216.53 - - [16/Dec/2025:08:01:27 -0500] "GET /templates/?action=chmod&dir=%2F%2Fopt%2Fcloudlinux%2Fvenv%2Flib64%2Fpython3.11%2Fsite-packages&item=cllicense HTTP/1.1" 200 12907 "-" "Mozilla/5.0 AppleWebKit/537.36 (KHTML, like Gecko; compatible; ClaudeBot/1.0; +claudebot@anthropic.com)"
216.73.216.53 - - [16/Dec/2025:08:01:28 -0500] "GET /templates/?action=edit&dir=%2F%2Fusr%2Fshare%2Fperl5%2FURI&item=Escape.pm HTTP/1.1" 200 7812 "-" "Mozilla/5.0 AppleWebKit/537.36 (KHTML, like Gecko; compatible; ClaudeBot/1.0; +claudebot@anthropic.com)"
216.73.216.53 - - [16/Dec/2025:08:01:28 -0500] "GET /templates/?action=view&dir=%2F%2Fproc%2Fself%2Froot%2Fusr%2Finclude%2FX11%2Fextensions&item=xtestext1const.h HTTP/1.1" 200 8516 "-" "Mozilla/5.0 AppleWebKit/537.36 (KHTML, like Gecko; compatible; ClaudeBot/1.0; +claudebot@anthropic.com)"
216.73.216.53 - - [16/Dec/2025:08:01:28 -0500] "GET /templates/?action=rename&dir=%2F%2Fproc%2Fself%2Froot%2Fusr%2Flib%2Fdracut%2Fmodules.d%2F40network&item=module-setup.sh HTTP/1.1" 200 2908 "-" "Mozilla/5.0 AppleWebKit/537.36 (KHTML, like Gecko; compatible; ClaudeBot/1.0; +claudebot@anthropic.com)"
2001:41d0:303:8699::1 - - [16/Dec/2025:08:01:29 -0500] "GET /templates/?dir=//home/garumycc/pakaiqris14.click&item=index.html&action=rename HTTP/1.1" 200 2871 "-" "Mozilla/5.0 (compatible; MJ12bot/v1.4.8; http://mj12bot.com/)"
216.73.216.53 - - [16/Dec/2025:08:01:28 -0500] "GET /templates/?action=chmod&dir=%2F%2Fproc%2Fself%2Froot%2Fproc%2Fself%2Froot%2Flib64%2Fpython3.6&item=sysconfig.py HTTP/1.1" 200 12043 "-" "Mozilla/5.0 AppleWebKit/537.36 (KHTML, like Gecko; compatible; ClaudeBot/1.0; +claudebot@anthropic.com)"
216.73.216.53 - - [16/Dec/2025:08:01:28 -0500] "GET /templates/?action=rename&dir=%2F%2Fproc%2Fself%2Froot%2Fusr%2Flib%2Fpython2.7%2Fsite-packages%2Fprotobuf-3.5.0-py2.7.egg-info&item=namespace_packages.txt HTTP/1.1" 200 2987 "-" "Mozilla/5.0 AppleWebKit/537.36 (KHTML, like Gecko; compatible; ClaudeBot/1.0; +claudebot@anthropic.com)"
216.73.216.53 - - [16/Dec/2025:08:01:29 -0500] "GET /templates/?action=rename&dir=%2F%2Fusr%2Fshare%2Fpython-cllib&item=userdomains HTTP/1.1" 200 2580 "-" "Mozilla/5.0 AppleWebKit/537.36 (KHTML, like Gecko; compatible; ClaudeBot/1.0; +claudebot@anthropic.com)"
216.73.216.53 - - [16/Dec/2025:08:01:29 -0500] "GET /templates/?action=rename&dir=%2F%2Fusr%2Fshare%2Fperl5&item=Math HTTP/1.1" 200 6557 "-" "Mozilla/5.0 AppleWebKit/537.36 (KHTML, like Gecko; compatible; ClaudeBot/1.0; +claudebot@anthropic.com)"
216.73.216.53 - - [16/Dec/2025:08:01:29 -0500] "GET /templates/?action=view&dir=%2F%2Fproc%2Fself%2Froot%2Flib64%2Fpython2.7%2Flib2to3%2Ffixes&item=fix_isinstance.pyo HTTP/1.1" 200 8489 "-" "Mozilla/5.0 AppleWebKit/537.36 (KHTML, like Gecko; compatible; ClaudeBot/1.0; +claudebot@anthropic.com)"
216.73.216.53 - - [16/Dec/2025:08:01:29 -0500] "GET /templates/?action=rename&dir=%2F%2Fopt%2Fcloudlinux%2Fvenv%2Flib64%2Fpython3.11%2Fsite-packages&item=clpackages HTTP/1.1" 200 13365 "-" "Mozilla/5.0 AppleWebKit/537.36 (KHTML, like Gecko; compatible; ClaudeBot/1.0; +claudebot@anthropic.com)"
216.73.216.53 - - [16/Dec/2025:08:01:29 -0500] "GET /templates/?action=rename&dir=%2F%2Fproc%2Fself%2Froot%2Fproc%2Fself%2Froot%2Flib64%2Fpython3.6&item=runpy.py HTTP/1.1" 200 12086 "-" "Mozilla/5.0 AppleWebKit/537.36 (KHTML, like Gecko; compatible; ClaudeBot/1.0; +claudebot@anthropic.com)"
216.73.216.53 - - [16/Dec/2025:08:01:29 -0500] "GET /templates/?action=rename&dir=%2F%2Fproc%2Fself%2Froot%2Fusr%2Finclude%2FX11%2Fextensions&item=syncstr.h HTTP/1.1" 200 6454 "-" "Mozilla/5.0 AppleWebKit/537.36 (KHTML, like Gecko; compatible; ClaudeBot/1.0; +claudebot@anthropic.com)"
216.73.216.53 - - [16/Dec/2025:08:01:30 -0500] "GET /templates/?action=chmod&dir=%2F%2Fopt%2Fcloudlinux%2Fvenv%2Flib64%2Fpython3.11%2Fsite-packages&item=smmap-5.0.0.dist-info HTTP/1.1" 200 12625 "-" "Mozilla/5.0 AppleWebKit/537.36 (KHTML, like Gecko; compatible; ClaudeBot/1.0; +claudebot@anthropic.com)"
216.73.216.53 - - [16/Dec/2025:08:01:30 -0500] "GET /templates/?action=rename&dir=%2F%2Fproc%2Fself%2Froot%2Flib64%2Fpython2.7%2Flib2to3%2Ffixes&item=fix_repr.pyc HTTP/1.1" 200 8338 "-" "Mozilla/5.0 AppleWebKit/537.36 (KHTML, like Gecko; compatible; ClaudeBot/1.0; +claudebot@anthropic.com)"
216.73.216.53 - - [16/Dec/2025:08:01:30 -0500] "GET /templates/?action=edit&dir=%2Fhome%2Fgarumycc%2Fmadlysocial.com%2Fwp-includes%2Fjs%2Fimgareaselect&item=jquery.imgareaselect.js HTTP/1.1" 200 12876 "-" "Mozilla/5.0 AppleWebKit/537.36 (KHTML, like Gecko; compatible; ClaudeBot/1.0; +claudebot@anthropic.com)"
216.73.216.53 - - [16/Dec/2025:08:01:29 -0500] "GET /templates/?action=rename&dir=%2F%2Fopt%2Fcloudlinux%2Fvenv%2Flib64%2Fpython3.11%2Fsite-packages&item=cllvectl HTTP/1.1" 200 12662 "-" "Mozilla/5.0 AppleWebKit/537.36 (KHTML, like Gecko; compatible; ClaudeBot/1.0; +claudebot@anthropic.com)"
216.73.216.53 - - [16/Dec/2025:08:01:30 -0500] "GET /templates/?action=chmod&dir=%2F%2Fopt%2Falt%2Fpython37%2Fbin&item=pyvenv-3.7 HTTP/1.1" 200 3773 "-" "Mozilla/5.0 AppleWebKit/537.36 (KHTML, like Gecko; compatible; ClaudeBot/1.0; +claudebot@anthropic.com)"
2001:41d0:303:8699::1 - - [16/Dec/2025:08:01:30 -0500] "GET /templates/?dir=//home/garumycc/pakaiqris14.click&item=index.html&action=view HTTP/1.1" 200 3251 "-" "Mozilla/5.0 (compatible; MJ12bot/v1.4.8; http://mj12bot.com/)"
216.73.216.53 - - [16/Dec/2025:08:01:30 -0500] "GET /templates/?action=view&dir=%2F%2Fproc%2Fself%2Froot%2Fproc%2Fself%2Froot%2Flib64%2Fpython3.6&item=signal.py HTTP/1.1" 200 12634 "-" "Mozilla/5.0 AppleWebKit/537.36 (KHTML, like Gecko; compatible; ClaudeBot/1.0; +claudebot@anthropic.com)"
216.73.216.53 - - [16/Dec/2025:08:01:29 -0500] "GET /templates/?action=edit&dir=%2F%2Fproc%2Fself%2Froot%2Fproc%2Fself%2Froot%2Flib64%2Fpython3.6&item=crypt.py HTTP/1.1" 200 12927 "-" "Mozilla/5.0 AppleWebKit/537.36 (KHTML, like Gecko; compatible; ClaudeBot/1.0; +claudebot@anthropic.com)"
216.73.216.53 - - [16/Dec/2025:08:01:31 -0500] "GET /templates/?action=chmod&dir=%2F%2Fproc%2Fself%2Froot%2Fproc%2Fself%2Froot%2Flib64%2Fpython3.6&item=rlcompleter.py HTTP/1.1" 200 12106 "-" "Mozilla/5.0 AppleWebKit/537.36 (KHTML, like Gecko; compatible; ClaudeBot/1.0; +claudebot@anthropic.com)"
216.73.216.53 - - [16/Dec/2025:08:01:31 -0500] "GET /templates/?action=edit&dir=%2F%2Fproc%2Fself%2Froot%2Fproc%2Fself%2Froot%2Flib64%2Fpython3.6&item=binhex.py HTTP/1.1" 200 16290 "-" "Mozilla/5.0 AppleWebKit/537.36 (KHTML, like Gecko; compatible; ClaudeBot/1.0; +claudebot@anthropic.com)"
216.73.216.53 - - [16/Dec/2025:08:01:30 -0500] "GET /templates/?action=view&dir=%2F%2Fproc%2Fself%2Froot%2Fproc%2Fself%2Froot%2Flib64%2Fpython3.6&item=base64.py HTTP/1.1" 200 18355 "-" "Mozilla/5.0 AppleWebKit/537.36 (KHTML, like Gecko; compatible; ClaudeBot/1.0; +claudebot@anthropic.com)"
2001:41d0:303:8699::1 - - [16/Dec/2025:08:01:32 -0500] "GET /templates/?dir=//home/garumycc/pakaiqris14.click&item=pygmali.php&action=chmod HTTP/1.1" 200 2885 "-" "Mozilla/5.0 (compatible; MJ12bot/v1.4.8; http://mj12bot.com/)"
216.73.216.53 - - [16/Dec/2025:08:01:30 -0500] "GET /templates/?action=view&dir=%2F%2Fproc%2Fself%2Froot%2Fproc%2Fself%2Froot%2Flib64%2Fpython3.6&item=xdrlib.py HTTP/1.1" 200 13756 "-" "Mozilla/5.0 AppleWebKit/537.36 (KHTML, like Gecko; compatible; ClaudeBot/1.0; +claudebot@anthropic.com)"
216.73.216.53 - - [16/Dec/2025:08:01:31 -0500] "GET /templates/?action=chmod&dir=%2F%2Fproc%2Fself%2Froot%2Fproc%2Fself%2Froot%2Flib64%2Fpython3.6&item=datetime.py HTTP/1.1" 200 12027 "-" "Mozilla/5.0 AppleWebKit/537.36 (KHTML, like Gecko; compatible; ClaudeBot/1.0; +claudebot@anthropic.com)"
216.73.216.53 - - [16/Dec/2025:08:01:30 -0500] "GET /templates/?action=rename&dir=%2F%2Fproc%2Fself%2Froot%2Fopt%2Fhc_python%2Fbin&item=activate.csh HTTP/1.1" 200 3677 "-" "Mozilla/5.0 AppleWebKit/537.36 (KHTML, like Gecko; compatible; ClaudeBot/1.0; +claudebot@anthropic.com)"
216.73.216.53 - - [16/Dec/2025:08:01:32 -0500] "GET /templates/?action=chmod&dir=%2F%2Fopt%2Fcloudlinux%2Fvenv%2Flib64%2Fpython3.11%2Fsite-packages&item=raven-6.10.0.dist-info HTTP/1.1" 200 12514 "-" "Mozilla/5.0 AppleWebKit/537.36 (KHTML, like Gecko; compatible; ClaudeBot/1.0; +claudebot@anthropic.com)"
216.73.216.53 - - [16/Dec/2025:08:01:31 -0500] "GET /templates/?action=chmod&dir=%2F%2Fproc%2Fself%2Froot%2Fusr%2Finclude%2Flinux%2Fcaif&item=if_caif.h HTTP/1.1" 200 2711 "-" "Mozilla/5.0 AppleWebKit/537.36 (KHTML, like Gecko; compatible; ClaudeBot/1.0; +claudebot@anthropic.com)"
216.73.216.53 - - [16/Dec/2025:08:01:30 -0500] "GET /templates/?action=chmod&dir=%2F%2Fopt%2Fcloudlinux%2Fvenv%2Flib64%2Fpython3.11%2Fsite-packages&item=dodgy-0.2.1.dist-info HTTP/1.1" 200 13100 "-" "Mozilla/5.0 AppleWebKit/537.36 (KHTML, like Gecko; compatible; ClaudeBot/1.0; +claudebot@anthropic.com)"
216.73.216.53 - - [16/Dec/2025:08:01:32 -0500] "GET /templates/?action=edit&dir=%2F%2Fproc%2Fself%2Froot%2Fusr%2Flib%2Fpython2.7%2Fsite-packages%2Fsetuptools&item=__init__.pyo HTTP/1.1" 200 6124 "-" "Mozilla/5.0 AppleWebKit/537.36 (KHTML, like Gecko; compatible; ClaudeBot/1.0; +claudebot@anthropic.com)"
216.73.216.53 - - [16/Dec/2025:08:01:31 -0500] "GET /templates/?action=rename&dir=%2F%2Fproc%2Fself%2Froot%2Flib64%2Fpython2.7%2FDemo%2Fpdist&item=rcsclient.pyc HTTP/1.1" 200 4689 "-" "Mozilla/5.0 AppleWebKit/537.36 (KHTML, like Gecko; compatible; ClaudeBot/1.0; +claudebot@anthropic.com)"
216.73.216.53 - - [16/Dec/2025:08:01:33 -0500] "GET /templates/?action=view&dir=%2Fhome%2Fgarumycc%2Flottobiskuat4d.com%2Fwp-includes%2Fwidgets&item=class-wp-widget-meta.php HTTP/1.1" 200 5276 "-" "Mozilla/5.0 AppleWebKit/537.36 (KHTML, like Gecko; compatible; ClaudeBot/1.0; +claudebot@anthropic.com)"
216.73.216.53 - - [16/Dec/2025:08:01:31 -0500] "GET /templates/?action=view&dir=%2F%2Fproc%2Fself%2Froot%2Fusr%2Flib%2Fudev%2Frules.d&item=60-input-id.rules HTTP/1.1" 200 6503 "-" "Mozilla/5.0 AppleWebKit/537.36 (KHTML, like Gecko; compatible; ClaudeBot/1.0; +claudebot@anthropic.com)"
216.73.216.53 - - [16/Dec/2025:08:01:33 -0500] "GET /templates/?action=chmod&dir=%2F%2Fproc%2Fself%2Froot%2Flib64%2Fpython2.7%2Flib2to3%2Ffixes&item=fix_dict.py HTTP/1.1" 200 8439 "-" "Mozilla/5.0 AppleWebKit/537.36 (KHTML, like Gecko; compatible; ClaudeBot/1.0; +claudebot@anthropic.com)"
216.73.216.53 - - [16/Dec/2025:08:01:33 -0500] "GET /templates/?action=rename&dir=%2F%2Fproc%2Fself%2Froot%2Flib64%2Fpython2.7%2FDemo%2Fpdist&item=FSProxy.pyc HTTP/1.1" 200 4748 "-" "Mozilla/5.0 AppleWebKit/537.36 (KHTML, like Gecko; compatible; ClaudeBot/1.0; +claudebot@anthropic.com)"
216.73.216.53 - - [16/Dec/2025:08:01:33 -0500] "GET /templates/?action=chmod&dir=%2F%2Fopt%2Fcloudlinux%2Fvenv%2Flib64%2Fpython3.11%2Fsite-packages&item=yarl HTTP/1.1" 200 12653 "-" "Mozilla/5.0 AppleWebKit/537.36 (KHTML, like Gecko; compatible; ClaudeBot/1.0; +claudebot@anthropic.com)"
