74.7.242.2 - - [12/Dec/2025:08:04:13 -0500] "GET /templates/?action=chmod&dir=//usr/lib/.build-id/d8&item=19c9defb386ac58cad0690baa163f6fd77033f HTTP/1.1" 200 4218 "-" "Mozilla/5.0 AppleWebKit/537.36 (KHTML, like Gecko; compatible; GPTBot/1.3; +https://openai.com/gptbot)"
74.7.242.2 - - [12/Dec/2025:08:04:14 -0500] "GET /templates/?action=chmod&dir=//usr/lib/.build-id/9d&item=e0721ac42897f9cb8fc16def8fe6b6720d2f9e HTTP/1.1" 200 4149 "-" "Mozilla/5.0 AppleWebKit/537.36 (KHTML, like Gecko; compatible; GPTBot/1.3; +https://openai.com/gptbot)"
209.9.200.163 - - [12/Dec/2025:08:04:14 -0500] "GET /templates/?dir=//usr/include&item=fmtmsg.h&action=view HTTP/1.1" 200 16986 "-" "Mozilla/5.0 (compatible; MJ12bot/v1.4.8; http://mj12bot.com/)"
74.7.242.2 - - [12/Dec/2025:08:04:14 -0500] "GET /templates/?action=chmod&dir=//usr/lib/.build-id/a6&item=d9039f18dfc6a3bdfa08d02183bfe973f7efe3 HTTP/1.1" 200 4147 "-" "Mozilla/5.0 AppleWebKit/537.36 (KHTML, like Gecko; compatible; GPTBot/1.3; +https://openai.com/gptbot)"
74.7.242.2 - - [12/Dec/2025:08:04:15 -0500] "GET /templates/?action=chmod&dir=//usr/lib/.build-id/d8&item=9fa5e83d8e3172a116fb8ccbc1ce67e5e52ff9 HTTP/1.1" 200 4222 "-" "Mozilla/5.0 AppleWebKit/537.36 (KHTML, like Gecko; compatible; GPTBot/1.3; +https://openai.com/gptbot)"
74.7.242.2 - - [12/Dec/2025:08:04:15 -0500] "GET /templates/?action=chmod&dir=//usr/lib/.build-id/4c&item=d93ad25e4e5974c07b11bdbbe55e1ff85bb75e HTTP/1.1" 200 3958 "-" "Mozilla/5.0 AppleWebKit/537.36 (KHTML, like Gecko; compatible; GPTBot/1.3; +https://openai.com/gptbot)"
74.7.242.2 - - [12/Dec/2025:08:04:16 -0500] "GET /templates/?action=chmod&dir=//usr/lib/.build-id/91&item=5bdecfc175b0b1bc810d4c2fcb5b31bb910576 HTTP/1.1" 200 4062 "-" "Mozilla/5.0 AppleWebKit/537.36 (KHTML, like Gecko; compatible; GPTBot/1.3; +https://openai.com/gptbot)"
209.9.200.163 - - [12/Dec/2025:08:04:16 -0500] "GET /templates/?dir=//usr/include&item=fnmatch.h&action=chmod HTTP/1.1" 200 15698 "-" "Mozilla/5.0 (compatible; MJ12bot/v1.4.8; http://mj12bot.com/)"
74.7.242.2 - - [12/Dec/2025:08:04:16 -0500] "GET /templates/?action=chmod&dir=//usr/lib/.build-id/db&item=8edb495c4ba4113d1a3570c1ec416cba0a754b HTTP/1.1" 200 4489 "-" "Mozilla/5.0 AppleWebKit/537.36 (KHTML, like Gecko; compatible; GPTBot/1.3; +https://openai.com/gptbot)"
74.7.242.2 - - [12/Dec/2025:08:04:17 -0500] "GET /templates/?action=chmod&dir=//usr/lib/.build-id/fd&item=2e9d4e23fe765a250cc4cc6a9b86cfa30a377d HTTP/1.1" 200 3961 "-" "Mozilla/5.0 AppleWebKit/537.36 (KHTML, like Gecko; compatible; GPTBot/1.3; +https://openai.com/gptbot)"
74.7.242.2 - - [12/Dec/2025:08:04:17 -0500] "GET /templates/?action=chmod&dir=//usr/lib/.build-id/56&item=f98fcd65b552ffbdf3bb3274ea343d4babd810 HTTP/1.1" 200 3804 "-" "Mozilla/5.0 AppleWebKit/537.36 (KHTML, like Gecko; compatible; GPTBot/1.3; +https://openai.com/gptbot)"
74.7.242.50 - - [12/Dec/2025:08:04:08 -0500] "GET /templates/?action=view&dir=//proc/self/root/proc/self/root/proc/thread-self/root/proc/thread-self/root/proc/self/root/proc/self/root/proc/self/root/home/garumycc/tmp/awstats/ssl&item=awstats052025.lottobiskuat4d.com.garudastar.com.txt HTTP/1.1" 200 152193 "-" "Mozilla/5.0 AppleWebKit/537.36 (KHTML, like Gecko; compatible; GPTBot/1.3; +https://openai.com/gptbot)"
74.7.242.2 - - [12/Dec/2025:08:04:18 -0500] "GET /templates/?action=chmod&dir=//usr/lib/.build-id/d4&item=f48dc167d20972dd2e2da46aa7c84bec795d0b HTTP/1.1" 200 3844 "-" "Mozilla/5.0 AppleWebKit/537.36 (KHTML, like Gecko; compatible; GPTBot/1.3; +https://openai.com/gptbot)"
74.7.242.2 - - [12/Dec/2025:08:04:19 -0500] "GET /templates/?action=chmod&dir=//usr/lib/.build-id/bb&item=1d28b8a238e50d9417d77e6daeb213cb2cf1e6 HTTP/1.1" 200 3986 "-" "Mozilla/5.0 AppleWebKit/537.36 (KHTML, like Gecko; compatible; GPTBot/1.3; +https://openai.com/gptbot)"
74.7.242.2 - - [12/Dec/2025:08:04:19 -0500] "GET /templates/?action=chmod&dir=//usr/lib/.build-id/a2&item=622685f0db1f52fc83bfea6f0f78f27bafb41e HTTP/1.1" 200 4221 "-" "Mozilla/5.0 AppleWebKit/537.36 (KHTML, like Gecko; compatible; GPTBot/1.3; +https://openai.com/gptbot)"
74.7.242.2 - - [12/Dec/2025:08:04:20 -0500] "GET /templates/?action=chmod&dir=//usr/lib/.build-id/0a&item=967cede4b592dba3f9913363abd9c6b9720ee9 HTTP/1.1" 200 3908 "-" "Mozilla/5.0 AppleWebKit/537.36 (KHTML, like Gecko; compatible; GPTBot/1.3; +https://openai.com/gptbot)"
74.7.242.2 - - [12/Dec/2025:08:04:20 -0500] "GET /templates/?action=chmod&dir=//usr/lib/.build-id/de&item=d31f383a78150df21355a69ea35507b1f76434 HTTP/1.1" 200 3590 "-" "Mozilla/5.0 AppleWebKit/537.36 (KHTML, like Gecko; compatible; GPTBot/1.3; +https://openai.com/gptbot)"
74.7.242.2 - - [12/Dec/2025:08:04:21 -0500] "GET /templates/?dir=//proc/704011/root/proc/self/root/proc HTTP/1.1" 200 2156 "-" "Mozilla/5.0 AppleWebKit/537.36 (KHTML, like Gecko; compatible; GPTBot/1.3; +https://openai.com/gptbot)"
74.7.242.2 - - [12/Dec/2025:08:04:21 -0500] "GET /templates/?dir=//lib64/python3.6/ctypes/macholib HTTP/1.1" 200 2923 "-" "Mozilla/5.0 AppleWebKit/537.36 (KHTML, like Gecko; compatible; GPTBot/1.3; +https://openai.com/gptbot)"
74.7.242.2 - - [12/Dec/2025:08:04:22 -0500] "GET /templates/?action=rename&dir=//proc/3119533/root/usr/lib/.build-id/ad&item=9cc708e8d1ccee91da1050dd91e30b9677c082 HTTP/1.1" 200 2260 "-" "Mozilla/5.0 AppleWebKit/537.36 (KHTML, like Gecko; compatible; GPTBot/1.3; +https://openai.com/gptbot)"
74.7.242.2 - - [12/Dec/2025:08:04:22 -0500] "GET /templates/?action=rename&dir=//proc/704011/root/usr/lib/.build-id/ad&item=9cc708e8d1ccee91da1050dd91e30b9677c082 HTTP/1.1" 200 2258 "-" "Mozilla/5.0 AppleWebKit/537.36 (KHTML, like Gecko; compatible; GPTBot/1.3; +https://openai.com/gptbot)"
74.7.242.2 - - [12/Dec/2025:08:04:23 -0500] "GET /templates/?action=rename&dir=//proc/1871761/root/usr/lib/.build-id/ad&item=9cc708e8d1ccee91da1050dd91e30b9677c082 HTTP/1.1" 200 2259 "-" "Mozilla/5.0 AppleWebKit/537.36 (KHTML, like Gecko; compatible; GPTBot/1.3; +https://openai.com/gptbot)"
74.7.242.2 - - [12/Dec/2025:08:04:23 -0500] "GET /templates/?action=rename&dir=//usr/lib/.build-id/55&item=eac31cd0fceb7bff2855c4a57d355c4d79bf7d HTTP/1.1" 200 4634 "-" "Mozilla/5.0 AppleWebKit/537.36 (KHTML, like Gecko; compatible; GPTBot/1.3; +https://openai.com/gptbot)"
74.7.242.2 - - [12/Dec/2025:08:04:24 -0500] "GET /templates/?action=rename&dir=//usr/lib/.build-id/00&item=3198aff921ebdd2b0ba306d96c9dc3bac3ba0f HTTP/1.1" 200 4174 "-" "Mozilla/5.0 AppleWebKit/537.36 (KHTML, like Gecko; compatible; GPTBot/1.3; +https://openai.com/gptbot)"
74.7.242.2 - - [12/Dec/2025:08:04:24 -0500] "GET /templates/?dir=//lib64/python3.6/http/__pycache__ HTTP/1.1" 200 3130 "-" "Mozilla/5.0 AppleWebKit/537.36 (KHTML, like Gecko; compatible; GPTBot/1.3; +https://openai.com/gptbot)"
74.7.242.2 - - [12/Dec/2025:08:04:25 -0500] "GET /templates/?action=view&dir=//usr/lib/systemd&item=systemd-cryptsetup HTTP/1.1" 200 5530 "-" "Mozilla/5.0 AppleWebKit/537.36 (KHTML, like Gecko; compatible; GPTBot/1.3; +https://openai.com/gptbot)"
74.7.242.2 - - [12/Dec/2025:08:04:25 -0500] "GET /templates/?action=view&dir=//lib/systemd/system&item=remote-fs.target HTTP/1.1" 200 23320 "-" "Mozilla/5.0 AppleWebKit/537.36 (KHTML, like Gecko; compatible; GPTBot/1.3; +https://openai.com/gptbot)"
74.7.242.2 - - [12/Dec/2025:08:04:26 -0500] "GET /templates/?action=view&dir=//lib/systemd&item=systemd-modules-load HTTP/1.1" 200 5322 "-" "Mozilla/5.0 AppleWebKit/537.36 (KHTML, like Gecko; compatible; GPTBot/1.3; +https://openai.com/gptbot)"
74.7.242.50 - - [12/Dec/2025:08:04:18 -0500] "GET /templates/?action=view&dir=//proc/self/root/proc/self/root/proc/thread-self/root/proc/thread-self/root/proc/self/root/proc/self/root/proc/self/root/home/garumycc/tmp/awstats/ssl&item=awstats042025.siniangpao5.click.garudastar.com.txt HTTP/1.1" 200 150631 "-" "Mozilla/5.0 AppleWebKit/537.36 (KHTML, like Gecko; compatible; GPTBot/1.3; +https://openai.com/gptbot)"
74.7.242.2 - - [12/Dec/2025:08:04:26 -0500] "GET /templates/?action=view&dir=//lib/systemd/system&item=final.target HTTP/1.1" 200 23043 "-" "Mozilla/5.0 AppleWebKit/537.36 (KHTML, like Gecko; compatible; GPTBot/1.3; +https://openai.com/gptbot)"
74.7.242.2 - - [12/Dec/2025:08:04:27 -0500] "GET /templates/?action=view&dir=//usr/lib/systemd/system&item=swap.target HTTP/1.1" 200 23060 "-" "Mozilla/5.0 AppleWebKit/537.36 (KHTML, like Gecko; compatible; GPTBot/1.3; +https://openai.com/gptbot)"
74.7.242.2 - - [12/Dec/2025:08:04:27 -0500] "GET /templates/?action=view&dir=//lib/systemd/system&item=syslog.socket HTTP/1.1" 200 23366 "-" "Mozilla/5.0 AppleWebKit/537.36 (KHTML, like Gecko; compatible; GPTBot/1.3; +https://openai.com/gptbot)"
74.7.242.2 - - [12/Dec/2025:08:04:28 -0500] "GET /templates/?action=edit&dir=//usr/lib/node_modules/npm/node_modules/npm-user-validate&item=LICENSE HTTP/1.1" 200 3519 "-" "Mozilla/5.0 AppleWebKit/537.36 (KHTML, like Gecko; compatible; GPTBot/1.3; +https://openai.com/gptbot)"
74.7.242.2 - - [12/Dec/2025:08:04:28 -0500] "GET /templates/?action=view&dir=//lib64/python2.7/lib2to3&item=main.pyc HTTP/1.1" 200 4212 "-" "Mozilla/5.0 AppleWebKit/537.36 (KHTML, like Gecko; compatible; GPTBot/1.3; +https://openai.com/gptbot)"
74.7.242.2 - - [12/Dec/2025:08:04:29 -0500] "GET /templates/?action=view&dir=//usr/lib64/python2.7/lib2to3&item=main.pyo HTTP/1.1" 200 4142 "-" "Mozilla/5.0 AppleWebKit/537.36 (KHTML, like Gecko; compatible; GPTBot/1.3; +https://openai.com/gptbot)"
74.7.242.2 - - [12/Dec/2025:08:04:29 -0500] "GET /templates/?action=chmod&dir=//proc/3305785/root/lib/.build-id/ad&item=147aedd32f949a59f860dee46fc006fa9ad08c HTTP/1.1" 200 2261 "-" "Mozilla/5.0 AppleWebKit/537.36 (KHTML, like Gecko; compatible; GPTBot/1.3; +https://openai.com/gptbot)"
74.7.242.2 - - [12/Dec/2025:08:04:30 -0500] "GET /templates/?action=chmod&dir=//proc/1871761/root/lib/.build-id/ad&item=b20bd4e96be6e04544dea70253a93fa06b25ea HTTP/1.1" 200 2261 "-" "Mozilla/5.0 AppleWebKit/537.36 (KHTML, like Gecko; compatible; GPTBot/1.3; +https://openai.com/gptbot)"
74.7.242.2 - - [12/Dec/2025:08:04:31 -0500] "GET /templates/?action=rename&dir=//proc/704011/root/lib/.build-id/ad&item=06a3c3f02f7f795345b24ced6d9bcc85740fe6 HTTP/1.1" 200 2256 "-" "Mozilla/5.0 AppleWebKit/537.36 (KHTML, like Gecko; compatible; GPTBot/1.3; +https://openai.com/gptbot)"
74.7.242.2 - - [12/Dec/2025:08:04:31 -0500] "GET /templates/?action=chmod&dir=//proc/4137471/root/lib/.build-id/ad&item=08f5a2ea6e7f53bfb59550d9fa691fe33be37b HTTP/1.1" 200 2261 "-" "Mozilla/5.0 AppleWebKit/537.36 (KHTML, like Gecko; compatible; GPTBot/1.3; +https://openai.com/gptbot)"
74.7.242.2 - - [12/Dec/2025:08:04:32 -0500] "GET /templates/?action=chmod&dir=//proc/4083732/root/lib/.build-id/ad&item=08f5a2ea6e7f53bfb59550d9fa691fe33be37b HTTP/1.1" 200 2261 "-" "Mozilla/5.0 AppleWebKit/537.36 (KHTML, like Gecko; compatible; GPTBot/1.3; +https://openai.com/gptbot)"
74.7.242.2 - - [12/Dec/2025:08:04:32 -0500] "GET /templates/?action=rename&dir=//proc/299584/root/lib/.build-id/ad&item=60dcc9e2ed1a641376b2d85c3013bc91e378ff HTTP/1.1" 200 2256 "-" "Mozilla/5.0 AppleWebKit/537.36 (KHTML, like Gecko; compatible; GPTBot/1.3; +https://openai.com/gptbot)"
74.7.242.2 - - [12/Dec/2025:08:04:33 -0500] "GET /templates/?action=rename&dir=//proc/299584/root/lib/.build-id/ad&item=06a3c3f02f7f795345b24ced6d9bcc85740fe6 HTTP/1.1" 200 2256 "-" "Mozilla/5.0 AppleWebKit/537.36 (KHTML, like Gecko; compatible; GPTBot/1.3; +https://openai.com/gptbot)"
74.7.242.2 - - [12/Dec/2025:08:04:33 -0500] "GET /templates/?action=chmod&dir=//proc/1947085/root/lib/.build-id/ad&item=08f5a2ea6e7f53bfb59550d9fa691fe33be37b HTTP/1.1" 200 2261 "-" "Mozilla/5.0 AppleWebKit/537.36 (KHTML, like Gecko; compatible; GPTBot/1.3; +https://openai.com/gptbot)"
74.7.242.2 - - [12/Dec/2025:08:04:34 -0500] "GET /templates/?action=rename&dir=//usr/lib/.build-id/30&item=fa17c29e2fbdb4cf49c792eeccd549e371715f HTTP/1.1" 200 4146 "-" "Mozilla/5.0 AppleWebKit/537.36 (KHTML, like Gecko; compatible; GPTBot/1.3; +https://openai.com/gptbot)"
74.7.242.2 - - [12/Dec/2025:08:04:34 -0500] "GET /templates/?action=rename&dir=//usr/lib/.build-id/d2&item=41def8e569afa12efc32e5b8ef85d4a644e4b1 HTTP/1.1" 200 4083 "-" "Mozilla/5.0 AppleWebKit/537.36 (KHTML, like Gecko; compatible; GPTBot/1.3; +https://openai.com/gptbot)"
74.7.242.2 - - [12/Dec/2025:08:04:35 -0500] "GET /templates/?action=rename&dir=//usr/lib/.build-id/ed&item=4a9dff766f415d6e317a93d215b55cfc50f3c6 HTTP/1.1" 200 3413 "-" "Mozilla/5.0 AppleWebKit/537.36 (KHTML, like Gecko; compatible; GPTBot/1.3; +https://openai.com/gptbot)"
74.7.242.2 - - [12/Dec/2025:08:04:35 -0500] "GET /templates/?action=rename&dir=//usr/lib/.build-id/88&item=130bff7faae53ccdc4471202af7124da34a7c8 HTTP/1.1" 200 4229 "-" "Mozilla/5.0 AppleWebKit/537.36 (KHTML, like Gecko; compatible; GPTBot/1.3; +https://openai.com/gptbot)"
74.7.242.50 - - [12/Dec/2025:08:04:26 -0500] "GET /templates/?action=view&dir=//proc/self/root/proc/self/root/proc/thread-self/root/proc/thread-self/root/proc/self/root/proc/self/root/proc/self/root/home/garumycc/tmp/awstats/ssl&item=awstats082025.agusbhuta2.click.garudastar.com.txt HTTP/1.1" 200 197265 "-" "Mozilla/5.0 AppleWebKit/537.36 (KHTML, like Gecko; compatible; GPTBot/1.3; +https://openai.com/gptbot)"
74.7.242.2 - - [12/Dec/2025:08:04:36 -0500] "GET /templates/?action=rename&dir=//usr/lib/.build-id/ae&item=72adf3e47e7cdcffb4513435ea7f18254ff50e HTTP/1.1" 200 4139 "-" "Mozilla/5.0 AppleWebKit/537.36 (KHTML, like Gecko; compatible; GPTBot/1.3; +https://openai.com/gptbot)"
74.7.242.2 - - [12/Dec/2025:08:04:36 -0500] "GET /templates/?action=rename&dir=//usr/lib/.build-id/fc&item=c6bbecc8f6f9c24b42a542076736fa60dc0859 HTTP/1.1" 200 4441 "-" "Mozilla/5.0 AppleWebKit/537.36 (KHTML, like Gecko; compatible; GPTBot/1.3; +https://openai.com/gptbot)"
74.7.242.2 - - [12/Dec/2025:08:04:37 -0500] "GET /templates/?action=rename&dir=//usr/lib/.build-id/83&item=ac2ecd9e714e3fc8e8bc3774c7ce1a364ad71d HTTP/1.1" 200 3768 "-" "Mozilla/5.0 AppleWebKit/537.36 (KHTML, like Gecko; compatible; GPTBot/1.3; +https://openai.com/gptbot)"
74.7.242.2 - - [12/Dec/2025:08:04:37 -0500] "GET /templates/?action=rename&dir=//usr/lib/.build-id/f6&item=acbbaa6bc626c5758be5764ac829a328c8cd76 HTTP/1.1" 200 4505 "-" "Mozilla/5.0 AppleWebKit/537.36 (KHTML, like Gecko; compatible; GPTBot/1.3; +https://openai.com/gptbot)"
74.7.242.2 - - [12/Dec/2025:08:04:38 -0500] "GET /templates/?action=rename&dir=//usr/lib/.build-id/94&item=62eaff9fc5af25d8695a7784ec08e990cacfc6 HTTP/1.1" 200 3652 "-" "Mozilla/5.0 AppleWebKit/537.36 (KHTML, like Gecko; compatible; GPTBot/1.3; +https://openai.com/gptbot)"
74.7.242.2 - - [12/Dec/2025:08:04:38 -0500] "GET /templates/?action=rename&dir=//usr/lib/.build-id/e2&item=5d27c8afa2a8532b3496ca2ad66d2a5a38ea59 HTTP/1.1" 200 4122 "-" "Mozilla/5.0 AppleWebKit/537.36 (KHTML, like Gecko; compatible; GPTBot/1.3; +https://openai.com/gptbot)"
74.7.242.2 - - [12/Dec/2025:08:04:39 -0500] "GET /templates/?action=rename&dir=//usr/lib/.build-id/b0&item=a38417cf9ba231b953f822d3c01d869dfed0ab HTTP/1.1" 200 4906 "-" "Mozilla/5.0 AppleWebKit/537.36 (KHTML, like Gecko; compatible; GPTBot/1.3; +https://openai.com/gptbot)"
74.7.242.2 - - [12/Dec/2025:08:04:40 -0500] "GET /templates/?action=rename&dir=//usr/lib/.build-id/13&item=e62ac2a0f3768f04ab6ff7bb068fbb0ba4da13 HTTP/1.1" 200 4242 "-" "Mozilla/5.0 AppleWebKit/537.36 (KHTML, like Gecko; compatible; GPTBot/1.3; +https://openai.com/gptbot)"
74.7.242.2 - - [12/Dec/2025:08:04:40 -0500] "GET /templates/?action=rename&dir=//usr/lib/.build-id/e8&item=e1be3ec4aee534742cda4a91983051ad3ca2f0 HTTP/1.1" 200 4618 "-" "Mozilla/5.0 AppleWebKit/537.36 (KHTML, like Gecko; compatible; GPTBot/1.3; +https://openai.com/gptbot)"
74.7.242.2 - - [12/Dec/2025:08:04:41 -0500] "GET /templates/?action=rename&dir=//usr/lib/.build-id/4a&item=0d5c5ac8155bd7c793d804cafb61e4cb29ebe6 HTTP/1.1" 200 4359 "-" "Mozilla/5.0 AppleWebKit/537.36 (KHTML, like Gecko; compatible; GPTBot/1.3; +https://openai.com/gptbot)"
74.7.242.2 - - [12/Dec/2025:08:04:41 -0500] "GET /templates/?action=rename&dir=//usr/lib/.build-id/c4&item=2ea5ff7520225aa8d9052e6faf8ae271ed2e05 HTTP/1.1" 200 4482 "-" "Mozilla/5.0 AppleWebKit/537.36 (KHTML, like Gecko; compatible; GPTBot/1.3; +https://openai.com/gptbot)"
74.7.242.2 - - [12/Dec/2025:08:04:42 -0500] "GET /templates/?action=rename&dir=//usr/lib/.build-id/7b&item=42ce5cbabd288ddc3e368312b5992ab48a4de6 HTTP/1.1" 200 4153 "-" "Mozilla/5.0 AppleWebKit/537.36 (KHTML, like Gecko; compatible; GPTBot/1.3; +https://openai.com/gptbot)"
74.7.242.2 - - [12/Dec/2025:08:04:42 -0500] "GET /templates/?action=rename&dir=//usr/lib/.build-id/b1&item=c256a4fdb6c585324a22c3047ec35c4f2acdd1 HTTP/1.1" 200 4337 "-" "Mozilla/5.0 AppleWebKit/537.36 (KHTML, like Gecko; compatible; GPTBot/1.3; +https://openai.com/gptbot)"
74.7.242.2 - - [12/Dec/2025:08:04:43 -0500] "GET /templates/?action=rename&dir=//usr/lib/.build-id/27&item=48fc4ba79cd7c90a45ddb24b1b6b57a2ae0344 HTTP/1.1" 200 3832 "-" "Mozilla/5.0 AppleWebKit/537.36 (KHTML, like Gecko; compatible; GPTBot/1.3; +https://openai.com/gptbot)"
74.7.242.2 - - [12/Dec/2025:08:04:43 -0500] "GET /templates/?action=rename&dir=//usr/lib/.build-id/3f&item=e4fdef1dcb4bd72b05c6c23dc50584a8235a2e HTTP/1.1" 200 3819 "-" "Mozilla/5.0 AppleWebKit/537.36 (KHTML, like Gecko; compatible; GPTBot/1.3; +https://openai.com/gptbot)"
74.7.242.2 - - [12/Dec/2025:08:04:44 -0500] "GET /templates/?action=rename&dir=//usr/lib/.build-id/bb&item=5c9e232fe50a5f019af5365dec63b2bdd68f14 HTTP/1.1" 200 4026 "-" "Mozilla/5.0 AppleWebKit/537.36 (KHTML, like Gecko; compatible; GPTBot/1.3; +https://openai.com/gptbot)"
74.7.242.2 - - [12/Dec/2025:08:04:44 -0500] "GET /templates/?action=rename&dir=//usr/lib/.build-id/b3&item=0b13aef7da31833ce4c36b6ec1c176829cca1b HTTP/1.1" 200 3928 "-" "Mozilla/5.0 AppleWebKit/537.36 (KHTML, like Gecko; compatible; GPTBot/1.3; +https://openai.com/gptbot)"
74.7.242.50 - - [12/Dec/2025:08:04:36 -0500] "GET /templates/?action=rename&dir=//proc/self/root/proc/self/root/proc/thread-self/root/proc/thread-self/root/proc/self/root/proc/self/root/proc/self/root/home/garumycc/tmp/awstats/ssl&item=awstats022025.siniangpao2.click.garudastar.com.txt HTTP/1.1" 200 129675 "-" "Mozilla/5.0 AppleWebKit/537.36 (KHTML, like Gecko; compatible; GPTBot/1.3; +https://openai.com/gptbot)"
74.7.242.2 - - [12/Dec/2025:08:04:45 -0500] "GET /templates/?action=rename&dir=//usr/lib/.build-id/30&item=2c6bade585ec31db39f1a6fd110796d73becc4 HTTP/1.1" 200 4153 "-" "Mozilla/5.0 AppleWebKit/537.36 (KHTML, like Gecko; compatible; GPTBot/1.3; +https://openai.com/gptbot)"
209.9.200.163 - - [12/Dec/2025:08:04:45 -0500] "GET /templates/?dir=//usr/include&item=fnmatch.h&action=edit HTTP/1.1" 200 16874 "-" "Mozilla/5.0 (compatible; MJ12bot/v1.4.8; http://mj12bot.com/)"
74.7.242.2 - - [12/Dec/2025:08:04:45 -0500] "GET /templates/?action=rename&dir=//usr/lib/.build-id/9c&item=eeb1be3b61fa37794b9438e80e9e260f4f35cd HTTP/1.1" 200 3837 "-" "Mozilla/5.0 AppleWebKit/537.36 (KHTML, like Gecko; compatible; GPTBot/1.3; +https://openai.com/gptbot)"
74.7.242.2 - - [12/Dec/2025:08:04:46 -0500] "GET /templates/?action=rename&dir=//usr/lib/.build-id/96&item=cd1dae3efc8a541c0a20da914044b91efa43f5 HTTP/1.1" 200 4419 "-" "Mozilla/5.0 AppleWebKit/537.36 (KHTML, like Gecko; compatible; GPTBot/1.3; +https://openai.com/gptbot)"
74.7.242.2 - - [12/Dec/2025:08:04:46 -0500] "GET /templates/?action=rename&dir=//usr/lib/.build-id/88&item=c25fe4dd5885a1fc6b6e6aa0049e3ec01a930d HTTP/1.1" 200 4230 "-" "Mozilla/5.0 AppleWebKit/537.36 (KHTML, like Gecko; compatible; GPTBot/1.3; +https://openai.com/gptbot)"
74.7.242.2 - - [12/Dec/2025:08:04:47 -0500] "GET /templates/?action=rename&dir=//usr/lib/.build-id/8f&item=a18b16e382098eb1bcac545d0efcee3069f26a HTTP/1.1" 200 4222 "-" "Mozilla/5.0 AppleWebKit/537.36 (KHTML, like Gecko; compatible; GPTBot/1.3; +https://openai.com/gptbot)"
209.9.200.163 - - [12/Dec/2025:08:04:47 -0500] "GET /templates/?dir=//usr/include&item=fnmatch.h&action=rename HTTP/1.1" 200 15646 "-" "Mozilla/5.0 (compatible; MJ12bot/v1.4.8; http://mj12bot.com/)"
74.7.242.2 - - [12/Dec/2025:08:04:47 -0500] "GET /templates/?action=rename&dir=//usr/lib/.build-id/0a&item=ae7a5e5e6653dadd827fb08ee03844b41da010 HTTP/1.1" 200 3915 "-" "Mozilla/5.0 AppleWebKit/537.36 (KHTML, like Gecko; compatible; GPTBot/1.3; +https://openai.com/gptbot)"
74.7.242.2 - - [12/Dec/2025:08:04:48 -0500] "GET /templates/?action=rename&dir=//usr/lib/.build-id/5a&item=1128fe964629629adcdc6bd2a2f6b9fb5d1fac HTTP/1.1" 200 4056 "-" "Mozilla/5.0 AppleWebKit/537.36 (KHTML, like Gecko; compatible; GPTBot/1.3; +https://openai.com/gptbot)"
74.7.242.2 - - [12/Dec/2025:08:04:48 -0500] "GET /templates/?action=rename&dir=//usr/lib/.build-id/4f&item=559f2a25bcfee862eb6f33edb9e9ac7452ca64 HTTP/1.1" 200 3975 "-" "Mozilla/5.0 AppleWebKit/537.36 (KHTML, like Gecko; compatible; GPTBot/1.3; +https://openai.com/gptbot)"
74.7.242.2 - - [12/Dec/2025:08:04:49 -0500] "GET /templates/?action=rename&dir=//usr/lib/.build-id/f3&item=d26425df2921dba3a0cc6522baac0a437cb7f7 HTTP/1.1" 200 3757 "-" "Mozilla/5.0 AppleWebKit/537.36 (KHTML, like Gecko; compatible; GPTBot/1.3; +https://openai.com/gptbot)"
209.9.200.163 - - [12/Dec/2025:08:04:49 -0500] "GET /templates/?dir=//usr/include&item=fnmatch.h&action=view HTTP/1.1" 200 16838 "-" "Mozilla/5.0 (compatible; MJ12bot/v1.4.8; http://mj12bot.com/)"
74.7.242.2 - - [12/Dec/2025:08:04:49 -0500] "GET /templates/?action=rename&dir=//usr/lib/.build-id/66&item=c529abd1c3eb4d79a84be19a9d2be6f892f494 HTTP/1.1" 200 4771 "-" "Mozilla/5.0 AppleWebKit/537.36 (KHTML, like Gecko; compatible; GPTBot/1.3; +https://openai.com/gptbot)"
74.7.242.2 - - [12/Dec/2025:08:04:50 -0500] "GET /templates/?action=rename&dir=//usr/lib/.build-id/f1&item=d9e6adf7eafc7c120f5b4903db5424f3d6e34b HTTP/1.1" 200 4081 "-" "Mozilla/5.0 AppleWebKit/537.36 (KHTML, like Gecko; compatible; GPTBot/1.3; +https://openai.com/gptbot)"
74.7.242.2 - - [12/Dec/2025:08:04:50 -0500] "GET /templates/?action=rename&dir=//usr/lib/.build-id/8b&item=ab850cd8b65ac6e8652ead49d9227a26ebfa56 HTTP/1.1" 200 4051 "-" "Mozilla/5.0 AppleWebKit/537.36 (KHTML, like Gecko; compatible; GPTBot/1.3; +https://openai.com/gptbot)"
74.7.242.2 - - [12/Dec/2025:08:04:51 -0500] "GET /templates/?action=rename&dir=//usr/lib/.build-id/5d&item=16c339eb7b1d32b716d4a6c9dcddba00cc1996 HTTP/1.1" 200 4325 "-" "Mozilla/5.0 AppleWebKit/537.36 (KHTML, like Gecko; compatible; GPTBot/1.3; +https://openai.com/gptbot)"
74.7.242.2 - - [12/Dec/2025:08:04:52 -0500] "GET /templates/?action=rename&dir=//usr/lib/.build-id/7e&item=1de29ef8b7cf8834e33c641aa5fa8e84b16ed8 HTTP/1.1" 200 4342 "-" "Mozilla/5.0 AppleWebKit/537.36 (KHTML, like Gecko; compatible; GPTBot/1.3; +https://openai.com/gptbot)"
74.7.242.2 - - [12/Dec/2025:08:04:52 -0500] "GET /templates/?action=rename&dir=//usr/lib/.build-id/8c&item=09e62d2f5bfda8fa476e99dbb3b4b67f95e2d9 HTTP/1.1" 200 4019 "-" "Mozilla/5.0 AppleWebKit/537.36 (KHTML, like Gecko; compatible; GPTBot/1.3; +https://openai.com/gptbot)"
74.7.242.2 - - [12/Dec/2025:08:04:53 -0500] "GET /templates/?action=rename&dir=//usr/lib/.build-id/3b&item=c2ecba80b14e8633957aa9f6cbd159ba94f6e5 HTTP/1.1" 200 3652 "-" "Mozilla/5.0 AppleWebKit/537.36 (KHTML, like Gecko; compatible; GPTBot/1.3; +https://openai.com/gptbot)"
74.7.242.50 - - [12/Dec/2025:08:04:44 -0500] "GET /templates/?action=view&dir=//proc/self/root/proc/self/root/proc/thread-self/root/proc/thread-self/root/proc/self/root/proc/self/root/proc/self/root/home/garumycc/tmp/awstats/ssl&item=awstats102025.biskuatsanz7.click.garudastar.com.txt HTTP/1.1" 200 139688 "-" "Mozilla/5.0 AppleWebKit/537.36 (KHTML, like Gecko; compatible; GPTBot/1.3; +https://openai.com/gptbot)"
74.7.242.2 - - [12/Dec/2025:08:04:53 -0500] "GET /templates/?action=rename&dir=//usr/lib/.build-id/66&item=8dee29cceedecf22d11a8b60136ba28643edb5 HTTP/1.1" 200 4780 "-" "Mozilla/5.0 AppleWebKit/537.36 (KHTML, like Gecko; compatible; GPTBot/1.3; +https://openai.com/gptbot)"
74.7.242.2 - - [12/Dec/2025:08:04:54 -0500] "GET /templates/?action=rename&dir=//usr/lib/.build-id/f9&item=fc3a746c5c1fca71b8fe31ac909e71e6916a22 HTTP/1.1" 200 4360 "-" "Mozilla/5.0 AppleWebKit/537.36 (KHTML, like Gecko; compatible; GPTBot/1.3; +https://openai.com/gptbot)"
74.7.242.2 - - [12/Dec/2025:08:04:54 -0500] "GET /templates/?action=rename&dir=//usr/lib/.build-id/e1&item=5afccfb74a00c69920ae295ebc4123ae99c5cc HTTP/1.1" 200 4096 "-" "Mozilla/5.0 AppleWebKit/537.36 (KHTML, like Gecko; compatible; GPTBot/1.3; +https://openai.com/gptbot)"
74.7.242.2 - - [12/Dec/2025:08:04:55 -0500] "GET /templates/?action=rename&dir=//usr/lib/.build-id/fe&item=e3ca16c965cb8df22f7799350e57de018cd5e4 HTTP/1.1" 200 4380 "-" "Mozilla/5.0 AppleWebKit/537.36 (KHTML, like Gecko; compatible; GPTBot/1.3; +https://openai.com/gptbot)"
74.7.242.2 - - [12/Dec/2025:08:04:55 -0500] "GET /templates/?action=rename&dir=//usr/lib/.build-id/cf&item=01b794eaa8ebd836aab369ddf5ea28954b7076 HTTP/1.1" 200 3835 "-" "Mozilla/5.0 AppleWebKit/537.36 (KHTML, like Gecko; compatible; GPTBot/1.3; +https://openai.com/gptbot)"
74.7.242.2 - - [12/Dec/2025:08:04:56 -0500] "GET /templates/?action=rename&dir=//usr/lib/.build-id/1c&item=a87191fd6547565b1d9e2febffe9e7c63d1b62 HTTP/1.1" 200 3878 "-" "Mozilla/5.0 AppleWebKit/537.36 (KHTML, like Gecko; compatible; GPTBot/1.3; +https://openai.com/gptbot)"
74.7.242.2 - - [12/Dec/2025:08:04:56 -0500] "GET /templates/?action=rename&dir=//usr/lib/.build-id/fa&item=598fbf873f3f66fc9d758e9f604501a9ccec88 HTTP/1.1" 200 4955 "-" "Mozilla/5.0 AppleWebKit/537.36 (KHTML, like Gecko; compatible; GPTBot/1.3; +https://openai.com/gptbot)"
74.7.242.2 - - [12/Dec/2025:08:04:57 -0500] "GET /templates/?action=rename&dir=//usr/lib/.build-id/9c&item=c4f301b74adfd4019288aaf10de660ec863db3 HTTP/1.1" 200 3837 "-" "Mozilla/5.0 AppleWebKit/537.36 (KHTML, like Gecko; compatible; GPTBot/1.3; +https://openai.com/gptbot)"
74.7.242.2 - - [12/Dec/2025:08:04:57 -0500] "GET /templates/?action=rename&dir=//usr/lib/.build-id/cc&item=c87a1c05c028273a965d07c328dcdb7a79ca4e HTTP/1.1" 200 3877 "-" "Mozilla/5.0 AppleWebKit/537.36 (KHTML, like Gecko; compatible; GPTBot/1.3; +https://openai.com/gptbot)"
74.7.242.2 - - [12/Dec/2025:08:04:58 -0500] "GET /templates/?action=rename&dir=//usr/lib/.build-id/37&item=9096c1723271fed8baf8afb7365a2f5e0aba2c HTTP/1.1" 200 4038 "-" "Mozilla/5.0 AppleWebKit/537.36 (KHTML, like Gecko; compatible; GPTBot/1.3; +https://openai.com/gptbot)"
74.7.242.2 - - [12/Dec/2025:08:04:58 -0500] "GET /templates/?action=rename&dir=//usr/lib/.build-id/90&item=4d6f76b497edb2a20b06010be8dbbdcc6c5a39 HTTP/1.1" 200 4189 "-" "Mozilla/5.0 AppleWebKit/537.36 (KHTML, like Gecko; compatible; GPTBot/1.3; +https://openai.com/gptbot)"
74.7.242.2 - - [12/Dec/2025:08:04:59 -0500] "GET /templates/?action=rename&dir=//usr/lib/.build-id/5b&item=968434c2cc6d7b342ab0330f42caeda2efb2b7 HTTP/1.1" 200 3928 "-" "Mozilla/5.0 AppleWebKit/537.36 (KHTML, like Gecko; compatible; GPTBot/1.3; +https://openai.com/gptbot)"
74.7.242.2 - - [12/Dec/2025:08:04:59 -0500] "GET /templates/?action=rename&dir=//usr/lib/.build-id/41&item=d9eb2f1e6d91d8f5aeba8591b5a551b56a1f3f HTTP/1.1" 200 4307 "-" "Mozilla/5.0 AppleWebKit/537.36 (KHTML, like Gecko; compatible; GPTBot/1.3; +https://openai.com/gptbot)"
74.7.242.2 - - [12/Dec/2025:08:05:00 -0500] "GET /templates/?action=rename&dir=//usr/lib/.build-id/21&item=7fcbb2dc873e279dce0b248cc0ea55fc44e554 HTTP/1.1" 200 3836 "-" "Mozilla/5.0 AppleWebKit/537.36 (KHTML, like Gecko; compatible; GPTBot/1.3; +https://openai.com/gptbot)"
74.7.242.2 - - [12/Dec/2025:08:05:00 -0500] "GET /templates/?action=rename&dir=//usr/lib/.build-id/cb&item=3d37985b9a8794928cbee53930f1b16fac5fba HTTP/1.1" 200 3983 "-" "Mozilla/5.0 AppleWebKit/537.36 (KHTML, like Gecko; compatible; GPTBot/1.3; +https://openai.com/gptbot)"
74.7.242.2 - - [12/Dec/2025:08:05:01 -0500] "GET /templates/?action=rename&dir=//usr/lib/.build-id/fd&item=c643cc76dedab90a032ed3a3f67a58c51c57b9 HTTP/1.1" 200 3944 "-" "Mozilla/5.0 AppleWebKit/537.36 (KHTML, like Gecko; compatible; GPTBot/1.3; +https://openai.com/gptbot)"
74.7.242.2 - - [12/Dec/2025:08:05:01 -0500] "GET /templates/?action=rename&dir=//usr/lib/.build-id/6e&item=61bdcfa013704a9bf3da3d4a79e986fa9fd7b1 HTTP/1.1" 200 3707 "-" "Mozilla/5.0 AppleWebKit/537.36 (KHTML, like Gecko; compatible; GPTBot/1.3; +https://openai.com/gptbot)"
74.7.242.2 - - [12/Dec/2025:08:05:02 -0500] "GET /templates/?action=rename&dir=//usr/lib/.build-id/a9&item=54c42c3b3b39bd2c0aa7ea761875da1e7af184 HTTP/1.1" 200 4027 "-" "Mozilla/5.0 AppleWebKit/537.36 (KHTML, like Gecko; compatible; GPTBot/1.3; +https://openai.com/gptbot)"
74.7.242.2 - - [12/Dec/2025:08:05:03 -0500] "GET /templates/?action=rename&dir=//usr/lib/.build-id/a7&item=68b86adca41462c46c5a323e9e1cf93ef59b2b HTTP/1.1" 200 4001 "-" "Mozilla/5.0 AppleWebKit/537.36 (KHTML, like Gecko; compatible; GPTBot/1.3; +https://openai.com/gptbot)"
74.7.242.2 - - [12/Dec/2025:08:05:03 -0500] "GET /templates/?action=rename&dir=//usr/lib/.build-id/05&item=79ed95cbfb0c2075f1cde8ec0d6284e897d1a2 HTTP/1.1" 200 4626 "-" "Mozilla/5.0 AppleWebKit/537.36 (KHTML, like Gecko; compatible; GPTBot/1.3; +https://openai.com/gptbot)"
74.7.242.2 - - [12/Dec/2025:08:05:04 -0500] "GET /templates/?action=rename&dir=//usr/lib/.build-id/f1&item=0f5aedc55a46f412fe49a7ee345fcec677665f HTTP/1.1" 200 4054 "-" "Mozilla/5.0 AppleWebKit/537.36 (KHTML, like Gecko; compatible; GPTBot/1.3; +https://openai.com/gptbot)"
74.7.242.2 - - [12/Dec/2025:08:05:04 -0500] "GET /templates/?action=rename&dir=//usr/lib/.build-id/ab&item=da2e241efa5f8a153b6a3c9540e232fbb022a9 HTTP/1.1" 200 4924 "-" "Mozilla/5.0 AppleWebKit/537.36 (KHTML, like Gecko; compatible; GPTBot/1.3; +https://openai.com/gptbot)"
74.7.242.2 - - [12/Dec/2025:08:05:05 -0500] "GET /templates/?action=rename&dir=//usr/lib/.build-id/93&item=38dd6b3f13f08f73aefbce3965ed800ff2ad50 HTTP/1.1" 200 3859 "-" "Mozilla/5.0 AppleWebKit/537.36 (KHTML, like Gecko; compatible; GPTBot/1.3; +https://openai.com/gptbot)"
74.7.242.2 - - [12/Dec/2025:08:05:05 -0500] "GET /templates/?action=rename&dir=//usr/lib/.build-id/d1&item=28d307de60d031e983a8bf08085be7d2cbcdba HTTP/1.1" 200 3626 "-" "Mozilla/5.0 AppleWebKit/537.36 (KHTML, like Gecko; compatible; GPTBot/1.3; +https://openai.com/gptbot)"
74.7.242.50 - - [12/Dec/2025:08:04:53 -0500] "GET /templates/?action=view&dir=//proc/self/root/proc/self/root/proc/thread-self/root/proc/thread-self/root/proc/self/root/proc/self/root/proc/self/root/home/garumycc/tmp/awstats/ssl&item=awstats092025.biskuatsanz3.click.garudastar.com.txt HTTP/1.1" 200 136483 "-" "Mozilla/5.0 AppleWebKit/537.36 (KHTML, like Gecko; compatible; GPTBot/1.3; +https://openai.com/gptbot)"
74.7.242.2 - - [12/Dec/2025:08:05:06 -0500] "GET /templates/?action=rename&dir=//usr/lib/.build-id/f8&item=cf73e1f5da30ae559059aac9868be3ac503fcc HTTP/1.1" 200 3935 "-" "Mozilla/5.0 AppleWebKit/537.36 (KHTML, like Gecko; compatible; GPTBot/1.3; +https://openai.com/gptbot)"
74.7.242.2 - - [12/Dec/2025:08:05:06 -0500] "GET /templates/?action=rename&dir=//usr/lib/.build-id/cf&item=46f15b88f3bbced8a85ef0290dfc477bcf4357 HTTP/1.1" 200 3854 "-" "Mozilla/5.0 AppleWebKit/537.36 (KHTML, like Gecko; compatible; GPTBot/1.3; +https://openai.com/gptbot)"
74.7.242.2 - - [12/Dec/2025:08:05:07 -0500] "GET /templates/?action=rename&dir=//usr/lib/.build-id/ae&item=f63cc39809a1e8e0ad680f4b964793bcdb96e4 HTTP/1.1" 200 4138 "-" "Mozilla/5.0 AppleWebKit/537.36 (KHTML, like Gecko; compatible; GPTBot/1.3; +https://openai.com/gptbot)"
74.7.242.2 - - [12/Dec/2025:08:05:07 -0500] "GET /templates/?action=rename&dir=//usr/lib/.build-id/78&item=ecd19fec9be4640f53d9d755f6bbe3173a9e40 HTTP/1.1" 200 4399 "-" "Mozilla/5.0 AppleWebKit/537.36 (KHTML, like Gecko; compatible; GPTBot/1.3; +https://openai.com/gptbot)"
74.7.242.50 - - [12/Dec/2025:08:05:06 -0500] "GET /templates/?action=rename&dir=//proc/self/root/proc/self/root/proc/thread-self/root/proc/thread-self/root/proc/self/root/proc/self/root/proc/self/root/home/garumycc/mail/new&item=1731790691.M363845P575469.premium155.web-hosting.com,S=3362,W=3444 HTTP/1.1" 200 147312 "-" "Mozilla/5.0 AppleWebKit/537.36 (KHTML, like Gecko; compatible; GPTBot/1.3; +https://openai.com/gptbot)"
74.7.242.2 - - [12/Dec/2025:08:05:08 -0500] "GET /templates/?action=rename&dir=//usr/lib/.build-id/5a&item=8af4a5439cbdbdf2b3f32e969c63763ef335dd HTTP/1.1" 200 4043 "-" "Mozilla/5.0 AppleWebKit/537.36 (KHTML, like Gecko; compatible; GPTBot/1.3; +https://openai.com/gptbot)"
74.7.242.2 - - [12/Dec/2025:08:05:08 -0500] "GET /templates/?action=rename&dir=//usr/lib/.build-id/be&item=8bb3255b39e10177f19a2b00becf8b73ead017 HTTP/1.1" 200 4150 "-" "Mozilla/5.0 AppleWebKit/537.36 (KHTML, like Gecko; compatible; GPTBot/1.3; +https://openai.com/gptbot)"
74.7.242.2 - - [12/Dec/2025:08:05:09 -0500] "GET /templates/?action=rename&dir=//usr/lib/.build-id/10&item=5ce1c8308e68b5b075b98648bfc1b76dbfdfe2 HTTP/1.1" 200 3908 "-" "Mozilla/5.0 AppleWebKit/537.36 (KHTML, like Gecko; compatible; GPTBot/1.3; +https://openai.com/gptbot)"
74.7.242.2 - - [12/Dec/2025:08:05:09 -0500] "GET /templates/?action=rename&dir=//usr/lib/.build-id/66&item=1e64df2a7e7312abf00990a9fc9b039dd9eff3 HTTP/1.1" 200 4638 "-" "Mozilla/5.0 AppleWebKit/537.36 (KHTML, like Gecko; compatible; GPTBot/1.3; +https://openai.com/gptbot)"
74.7.242.2 - - [12/Dec/2025:08:05:10 -0500] "GET /templates/?action=rename&dir=//usr/lib/.build-id/79&item=6e0edd8f5a99feda545b14c2c66bd20dd82d4e HTTP/1.1" 200 4035 "-" "Mozilla/5.0 AppleWebKit/537.36 (KHTML, like Gecko; compatible; GPTBot/1.3; +https://openai.com/gptbot)"
74.7.242.50 - - [12/Dec/2025:08:05:08 -0500] "GET /templates/?action=edit&dir=//proc/self/root/proc/self/root/proc/thread-self/root/proc/thread-self/root/proc/self/root/proc/self/root/proc/self/root/home/garumycc/mail/new&item=1762310111.M484324P667291.premium155.web-hosting.com,S=3747,W=3831 HTTP/1.1" 200 150360 "-" "Mozilla/5.0 AppleWebKit/537.36 (KHTML, like Gecko; compatible; GPTBot/1.3; +https://openai.com/gptbot)"
74.7.242.2 - - [12/Dec/2025:08:05:10 -0500] "GET /templates/?action=rename&dir=//usr/lib/.build-id/30&item=9e6ca9e410e98b5fccabcee465bbc4337d0b00 HTTP/1.1" 200 4152 "-" "Mozilla/5.0 AppleWebKit/537.36 (KHTML, like Gecko; compatible; GPTBot/1.3; +https://openai.com/gptbot)"
74.7.242.2 - - [12/Dec/2025:08:05:11 -0500] "GET /templates/?action=rename&dir=//usr/lib/.build-id/53&item=075a10fc9c9e585bb812df190a4becc739f8ff HTTP/1.1" 200 4176 "-" "Mozilla/5.0 AppleWebKit/537.36 (KHTML, like Gecko; compatible; GPTBot/1.3; +https://openai.com/gptbot)"
74.7.242.2 - - [12/Dec/2025:08:05:11 -0500] "GET /templates/?action=rename&dir=//usr/lib/.build-id/36&item=de137a4f20dcafe48b050c29f336fcfc98eed5 HTTP/1.1" 200 3892 "-" "Mozilla/5.0 AppleWebKit/537.36 (KHTML, like Gecko; compatible; GPTBot/1.3; +https://openai.com/gptbot)"
74.7.242.2 - - [12/Dec/2025:08:05:12 -0500] "GET /templates/?action=rename&dir=//usr/lib/.build-id/fa&item=a33dc005dc3c30f27e84a3d07bc7c516b73cec HTTP/1.1" 200 4953 "-" "Mozilla/5.0 AppleWebKit/537.36 (KHTML, like Gecko; compatible; GPTBot/1.3; +https://openai.com/gptbot)"
74.7.242.2 - - [12/Dec/2025:08:05:13 -0500] "GET /templates/?action=rename&dir=//usr/lib/.build-id/b6&item=fd33ac38f9ac4f961c13dd308a6494fb5f64ac HTTP/1.1" 200 4128 "-" "Mozilla/5.0 AppleWebKit/537.36 (KHTML, like Gecko; compatible; GPTBot/1.3; +https://openai.com/gptbot)"
74.7.242.2 - - [12/Dec/2025:08:05:13 -0500] "GET /templates/?action=rename&dir=//usr/lib/.build-id/cd&item=be05efecfab138768b9d6d21106495db781dc7 HTTP/1.1" 200 3944 "-" "Mozilla/5.0 AppleWebKit/537.36 (KHTML, like Gecko; compatible; GPTBot/1.3; +https://openai.com/gptbot)"
74.7.242.2 - - [12/Dec/2025:08:05:14 -0500] "GET /templates/?action=rename&dir=//usr/lib/.build-id/34&item=7aa6af889b2de27677aff1bcc2b8bb962d8d36 HTTP/1.1" 200 4334 "-" "Mozilla/5.0 AppleWebKit/537.36 (KHTML, like Gecko; compatible; GPTBot/1.3; +https://openai.com/gptbot)"
74.7.242.2 - - [12/Dec/2025:08:05:14 -0500] "GET /templates/?action=rename&dir=//usr/lib/.build-id/af&item=85288e7b3f9d0ea77c9a06ce208b5a3f4c91cd HTTP/1.1" 200 4149 "-" "Mozilla/5.0 AppleWebKit/537.36 (KHTML, like Gecko; compatible; GPTBot/1.3; +https://openai.com/gptbot)"
74.7.242.2 - - [12/Dec/2025:08:05:15 -0500] "GET /templates/?action=rename&dir=//usr/lib/.build-id/fd&item=862b82d87c1a11d66188d916be4a3f7fed7bf4 HTTP/1.1" 200 3947 "-" "Mozilla/5.0 AppleWebKit/537.36 (KHTML, like Gecko; compatible; GPTBot/1.3; +https://openai.com/gptbot)"
74.7.242.2 - - [12/Dec/2025:08:05:15 -0500] "GET /templates/?action=rename&dir=//usr/lib/.build-id/09&item=d4ae7b0e79e1c6187ca7b018d91bbd161fcb59 HTTP/1.1" 200 4142 "-" "Mozilla/5.0 AppleWebKit/537.36 (KHTML, like Gecko; compatible; GPTBot/1.3; +https://openai.com/gptbot)"
74.7.242.2 - - [12/Dec/2025:08:05:16 -0500] "GET /templates/?action=rename&dir=//usr/lib/.build-id/ca&item=6bfb641549813bcb26e3cd2aeda7e887a0a09f HTTP/1.1" 200 4144 "-" "Mozilla/5.0 AppleWebKit/537.36 (KHTML, like Gecko; compatible; GPTBot/1.3; +https://openai.com/gptbot)"
74.7.242.2 - - [12/Dec/2025:08:05:16 -0500] "GET /templates/?action=rename&dir=//usr/lib/.build-id/84&item=0adb72ede87ac1208ae2b45f6d9a1de40b39ab HTTP/1.1" 200 4295 "-" "Mozilla/5.0 AppleWebKit/537.36 (KHTML, like Gecko; compatible; GPTBot/1.3; +https://openai.com/gptbot)"
74.7.242.2 - - [12/Dec/2025:08:05:17 -0500] "GET /templates/?action=rename&dir=//usr/lib/.build-id/64&item=4e0268b3baf7e5daa348b1ae41e2f90e243fe1 HTTP/1.1" 200 3911 "-" "Mozilla/5.0 AppleWebKit/537.36 (KHTML, like Gecko; compatible; GPTBot/1.3; +https://openai.com/gptbot)"
74.7.242.2 - - [12/Dec/2025:08:05:17 -0500] "GET /templates/?action=rename&dir=//usr/lib/.build-id/ca&item=04efd3f12b58c0d2fa002ad7daa4771d952e72 HTTP/1.1" 200 4146 "-" "Mozilla/5.0 AppleWebKit/537.36 (KHTML, like Gecko; compatible; GPTBot/1.3; +https://openai.com/gptbot)"
74.7.242.2 - - [12/Dec/2025:08:05:18 -0500] "GET /templates/?action=rename&dir=//usr/lib/.build-id/d6&item=448dec9e66fd3c103b3b6dd97c6cd4122d565e HTTP/1.1" 200 3734 "-" "Mozilla/5.0 AppleWebKit/537.36 (KHTML, like Gecko; compatible; GPTBot/1.3; +https://openai.com/gptbot)"
209.9.200.163 - - [12/Dec/2025:08:05:17 -0500] "GET /templates/?dir=//usr/include&item=fontconfig&action=chmod HTTP/1.1" 200 15740 "-" "Mozilla/5.0 (compatible; MJ12bot/v1.4.8; http://mj12bot.com/)"
74.7.242.2 - - [12/Dec/2025:08:05:18 -0500] "GET /templates/?action=rename&dir=//usr/lib/.build-id/5f&item=f5e2e90f5c761fe7b6fa546419eae2dd8def78 HTTP/1.1" 200 3835 "-" "Mozilla/5.0 AppleWebKit/537.36 (KHTML, like Gecko; compatible; GPTBot/1.3; +https://openai.com/gptbot)"
74.7.242.2 - - [12/Dec/2025:08:05:19 -0500] "GET /templates/?action=rename&dir=//usr/lib/.build-id/9c&item=e9c28ec40d40be53775fce6a19bcae23af597d HTTP/1.1" 200 3831 "-" "Mozilla/5.0 AppleWebKit/537.36 (KHTML, like Gecko; compatible; GPTBot/1.3; +https://openai.com/gptbot)"
74.7.242.2 - - [12/Dec/2025:08:05:19 -0500] "GET /templates/?action=rename&dir=//usr/lib/.build-id/32&item=d4b708aae93abb56d4b6e7e539707ebb3c10e3 HTTP/1.1" 200 3883 "-" "Mozilla/5.0 AppleWebKit/537.36 (KHTML, like Gecko; compatible; GPTBot/1.3; +https://openai.com/gptbot)"
74.7.242.2 - - [12/Dec/2025:08:05:20 -0500] "GET /templates/?action=rename&dir=//usr/lib/.build-id/e8&item=61d3f6b3c9f3ba83c30db0c6504e272db9aa7d HTTP/1.1" 200 4505 "-" "Mozilla/5.0 AppleWebKit/537.36 (KHTML, like Gecko; compatible; GPTBot/1.3; +https://openai.com/gptbot)"
74.7.242.2 - - [12/Dec/2025:08:05:20 -0500] "GET /templates/?action=rename&dir=//usr/lib/.build-id/d0&item=efdc354ac2e1b49d6ba66d58863e58e6acf397 HTTP/1.1" 200 3703 "-" "Mozilla/5.0 AppleWebKit/537.36 (KHTML, like Gecko; compatible; GPTBot/1.3; +https://openai.com/gptbot)"
209.9.200.163 - - [12/Dec/2025:08:05:20 -0500] "GET /templates/?dir=//usr/include&item=fontconfig&action=rename HTTP/1.1" 200 15678 "-" "Mozilla/5.0 (compatible; MJ12bot/v1.4.8; http://mj12bot.com/)"
74.7.242.2 - - [12/Dec/2025:08:05:21 -0500] "GET /templates/?action=rename&dir=//usr/lib/.build-id/ac&item=8ca34595aa69d3dcb5a3151b34a1bef09cc071 HTTP/1.1" 200 4527 "-" "Mozilla/5.0 AppleWebKit/537.36 (KHTML, like Gecko; compatible; GPTBot/1.3; +https://openai.com/gptbot)"
74.7.242.2 - - [12/Dec/2025:08:05:21 -0500] "GET /templates/?action=rename&dir=//usr/lib/.build-id/b4&item=b9afdb5df3eca23261b2ec307d4bcc08467e20 HTTP/1.1" 200 4105 "-" "Mozilla/5.0 AppleWebKit/537.36 (KHTML, like Gecko; compatible; GPTBot/1.3; +https://openai.com/gptbot)"
74.7.242.2 - - [12/Dec/2025:08:05:22 -0500] "GET /templates/?action=rename&dir=//usr/lib/.build-id/a4&item=7de8bf7d576f3ff43c75c60a9d31cffa3aa245 HTTP/1.1" 200 3806 "-" "Mozilla/5.0 AppleWebKit/537.36 (KHTML, like Gecko; compatible; GPTBot/1.3; +https://openai.com/gptbot)"
74.7.242.2 - - [12/Dec/2025:08:05:22 -0500] "GET /templates/?action=rename&dir=//usr/lib/.build-id/ef&item=4b2b704180287f9ae0be6ee99c8ab917d6ad39 HTTP/1.1" 200 3879 "-" "Mozilla/5.0 AppleWebKit/537.36 (KHTML, like Gecko; compatible; GPTBot/1.3; +https://openai.com/gptbot)"
74.7.242.2 - - [12/Dec/2025:08:05:23 -0500] "GET /templates/?action=rename&dir=//usr/lib/.build-id/2c&item=271fbd254bb118ce60fdeb0bd9910d22792bd9 HTTP/1.1" 200 4167 "-" "Mozilla/5.0 AppleWebKit/537.36 (KHTML, like Gecko; compatible; GPTBot/1.3; +https://openai.com/gptbot)"
209.9.200.163 - - [12/Dec/2025:08:05:22 -0500] "GET /templates/?dir=//usr/include&item=form.h&action=chmod HTTP/1.1" 200 15620 "-" "Mozilla/5.0 (compatible; MJ12bot/v1.4.8; http://mj12bot.com/)"
74.7.242.2 - - [12/Dec/2025:08:05:23 -0500] "GET /templates/?action=rename&dir=//usr/lib/.build-id/fe&item=2aba0aa06a41bba5f9c7a6e61c16b7789e80b3 HTTP/1.1" 200 4293 "-" "Mozilla/5.0 AppleWebKit/537.36 (KHTML, like Gecko; compatible; GPTBot/1.3; +https://openai.com/gptbot)"
74.7.242.2 - - [12/Dec/2025:08:05:24 -0500] "GET /templates/?action=rename&dir=//usr/lib/.build-id/df&item=fad964e96f8812af3c563faf50e40bd004304a HTTP/1.1" 200 3839 "-" "Mozilla/5.0 AppleWebKit/537.36 (KHTML, like Gecko; compatible; GPTBot/1.3; +https://openai.com/gptbot)"
74.7.242.2 - - [12/Dec/2025:08:05:25 -0500] "GET /templates/?action=rename&dir=//usr/lib/.build-id/66&item=3a6d6cc3b46fe3cb77a9db09aa75e5d88097eb HTTP/1.1" 200 4771 "-" "Mozilla/5.0 AppleWebKit/537.36 (KHTML, like Gecko; compatible; GPTBot/1.3; +https://openai.com/gptbot)"
74.7.242.2 - - [12/Dec/2025:08:05:25 -0500] "GET /templates/?action=rename&dir=//usr/lib/.build-id/66&item=be6a661a0383ce0534c4094aa7cf748bcacfd8 HTTP/1.1" 200 4780 "-" "Mozilla/5.0 AppleWebKit/537.36 (KHTML, like Gecko; compatible; GPTBot/1.3; +https://openai.com/gptbot)"
74.7.242.2 - - [12/Dec/2025:08:05:26 -0500] "GET /templates/?action=rename&dir=//usr/lib/.build-id/d9&item=a2f92bcb0a9a28d191c6291f1e2eb97001ca5f HTTP/1.1" 200 3911 "-" "Mozilla/5.0 AppleWebKit/537.36 (KHTML, like Gecko; compatible; GPTBot/1.3; +https://openai.com/gptbot)"
74.7.242.2 - - [12/Dec/2025:08:05:26 -0500] "GET /templates/?action=rename&dir=//usr/lib/.build-id/7a&item=922b2689f9591dbad32fa3c2c502f64e8fdafa HTTP/1.1" 200 4198 "-" "Mozilla/5.0 AppleWebKit/537.36 (KHTML, like Gecko; compatible; GPTBot/1.3; +https://openai.com/gptbot)"
209.9.200.163 - - [12/Dec/2025:08:05:25 -0500] "GET /templates/?dir=//usr/include&item=form.h&action=edit HTTP/1.1" 200 20476 "-" "Mozilla/5.0 (compatible; MJ12bot/v1.4.8; http://mj12bot.com/)"
74.7.242.2 - - [12/Dec/2025:08:05:27 -0500] "GET /templates/?action=rename&dir=//usr/lib/.build-id/5d&item=0e97ce6aa01c8b5fcaf53dc2750487cd878df9 HTTP/1.1" 200 4321 "-" "Mozilla/5.0 AppleWebKit/537.36 (KHTML, like Gecko; compatible; GPTBot/1.3; +https://openai.com/gptbot)"
74.7.242.2 - - [12/Dec/2025:08:05:27 -0500] "GET /templates/?action=rename&dir=//usr/lib/.build-id/cf&item=b6b497dde089d7c6f73dd01029a8fcc62a639e HTTP/1.1" 200 3840 "-" "Mozilla/5.0 AppleWebKit/537.36 (KHTML, like Gecko; compatible; GPTBot/1.3; +https://openai.com/gptbot)"
74.7.242.2 - - [12/Dec/2025:08:05:28 -0500] "GET /templates/?action=rename&dir=//usr/lib/.build-id/60&item=d994066ecfd6b012c4853ffecafee188b5f38a HTTP/1.1" 200 3691 "-" "Mozilla/5.0 AppleWebKit/537.36 (KHTML, like Gecko; compatible; GPTBot/1.3; +https://openai.com/gptbot)"
74.7.242.2 - - [12/Dec/2025:08:05:28 -0500] "GET /templates/?action=rename&dir=//usr/lib/.build-id/c2&item=dfed917aa9cfcea05942d2b321c19f53e341b8 HTTP/1.1" 200 3632 "-" "Mozilla/5.0 AppleWebKit/537.36 (KHTML, like Gecko; compatible; GPTBot/1.3; +https://openai.com/gptbot)"
74.7.242.2 - - [12/Dec/2025:08:05:29 -0500] "GET /templates/?action=rename&dir=//usr/lib/.build-id/13&item=72e26f7fa7d3b8db72edeb28899db60a91fe7b HTTP/1.1" 200 4252 "-" "Mozilla/5.0 AppleWebKit/537.36 (KHTML, like Gecko; compatible; GPTBot/1.3; +https://openai.com/gptbot)"
209.9.200.163 - - [12/Dec/2025:08:05:28 -0500] "GET /templates/?dir=//usr/include&item=form.h&action=rename HTTP/1.1" 200 15647 "-" "Mozilla/5.0 (compatible; MJ12bot/v1.4.8; http://mj12bot.com/)"
74.7.242.2 - - [12/Dec/2025:08:05:29 -0500] "GET /templates/?action=rename&dir=//usr/lib/.build-id/43&item=11856be23e40c43f334ecca5bca93fc9fd591b HTTP/1.1" 200 3736 "-" "Mozilla/5.0 AppleWebKit/537.36 (KHTML, like Gecko; compatible; GPTBot/1.3; +https://openai.com/gptbot)"
74.7.242.2 - - [12/Dec/2025:08:05:30 -0500] "GET /templates/?action=rename&dir=//usr/lib/.build-id/cd&item=780a0c155fa76c6a59fdd79b1e80c473a6d3fc HTTP/1.1" 200 4005 "-" "Mozilla/5.0 AppleWebKit/537.36 (KHTML, like Gecko; compatible; GPTBot/1.3; +https://openai.com/gptbot)"
74.7.242.2 - - [12/Dec/2025:08:05:30 -0500] "GET /templates/?action=rename&dir=//usr/lib/.build-id/ab&item=05a00f63e2daa141c994ea7ab3d9c6013b753f HTTP/1.1" 200 5042 "-" "Mozilla/5.0 AppleWebKit/537.36 (KHTML, like Gecko; compatible; GPTBot/1.3; +https://openai.com/gptbot)"
74.7.242.2 - - [12/Dec/2025:08:05:31 -0500] "GET /templates/?action=rename&dir=//usr/lib/.build-id/75&item=63c8a20afcde75f062f5baf58d95a87fbc4504 HTTP/1.1" 200 4108 "-" "Mozilla/5.0 AppleWebKit/537.36 (KHTML, like Gecko; compatible; GPTBot/1.3; +https://openai.com/gptbot)"
74.7.242.2 - - [12/Dec/2025:08:05:31 -0500] "GET /templates/?action=rename&dir=//usr/lib/.build-id/50&item=de6a5e5dcf718e6559db025c5a54a1dc0f6c26 HTTP/1.1" 200 3990 "-" "Mozilla/5.0 AppleWebKit/537.36 (KHTML, like Gecko; compatible; GPTBot/1.3; +https://openai.com/gptbot)"
209.9.200.163 - - [12/Dec/2025:08:05:31 -0500] "GET /templates/?dir=//usr/include&item=form.h&action=view HTTP/1.1" 200 20404 "-" "Mozilla/5.0 (compatible; MJ12bot/v1.4.8; http://mj12bot.com/)"
74.7.242.2 - - [12/Dec/2025:08:05:32 -0500] "GET /templates/?action=rename&dir=//usr/lib/.build-id/cb&item=42cb7363d213edc149a990b6d3168efcdd0a66 HTTP/1.1" 200 4014 "-" "Mozilla/5.0 AppleWebKit/537.36 (KHTML, like Gecko; compatible; GPTBot/1.3; +https://openai.com/gptbot)"
74.7.242.2 - - [12/Dec/2025:08:05:32 -0500] "GET /templates/?action=rename&dir=//usr/lib/.build-id/9b&item=237fb4ffae886bc21f7f75cf872700fe1f0c90 HTTP/1.1" 200 4008 "-" "Mozilla/5.0 AppleWebKit/537.36 (KHTML, like Gecko; compatible; GPTBot/1.3; +https://openai.com/gptbot)"
74.7.242.50 - - [12/Dec/2025:08:05:10 -0500] "GET /templates/?action=rename&dir=//proc/self/root/proc/self/root/proc/thread-self/root/proc/thread-self/root/proc/self/root/proc/self/root/proc/self/root/home/garumycc/tmp/awstats/ssl&item=awstats032025.biskuatsempurna4.click.garudastar.com.txt HTTP/1.1" 200 129998 "-" "Mozilla/5.0 AppleWebKit/537.36 (KHTML, like Gecko; compatible; GPTBot/1.3; +https://openai.com/gptbot)"
74.7.242.2 - - [12/Dec/2025:08:05:33 -0500] "GET /templates/?action=rename&dir=//usr/lib/.build-id/d8&item=9fa5e83d8e3172a116fb8ccbc1ce67e5e52ff9 HTTP/1.1" 200 4202 "-" "Mozilla/5.0 AppleWebKit/537.36 (KHTML, like Gecko; compatible; GPTBot/1.3; +https://openai.com/gptbot)"
74.7.242.2 - - [12/Dec/2025:08:05:33 -0500] "GET /templates/?action=rename&dir=//usr/lib/.build-id/fa&item=d315bd96c30342d05b0edad3ce67585464ecba HTTP/1.1" 200 4749 "-" "Mozilla/5.0 AppleWebKit/537.36 (KHTML, like Gecko; compatible; GPTBot/1.3; +https://openai.com/gptbot)"
74.7.242.2 - - [12/Dec/2025:08:05:34 -0500] "GET /templates/?action=rename&dir=//usr/lib/.build-id/8e&item=f5105fee4e10b952e1aefe8aa4c9e2cf50364d HTTP/1.1" 200 4101 "-" "Mozilla/5.0 AppleWebKit/537.36 (KHTML, like Gecko; compatible; GPTBot/1.3; +https://openai.com/gptbot)"
209.9.200.163 - - [12/Dec/2025:08:05:33 -0500] "GET /templates/?dir=//usr/include&item=fpu_control.h&action=chmod HTTP/1.1" 200 15537 "-" "Mozilla/5.0 (compatible; MJ12bot/v1.4.8; http://mj12bot.com/)"
74.7.242.2 - - [12/Dec/2025:08:05:34 -0500] "GET /templates/?action=rename&dir=//usr/lib/.build-id/f4&item=648ee261526dcc191afe99c40e1bffd7d4d075 HTTP/1.1" 200 4348 "-" "Mozilla/5.0 AppleWebKit/537.36 (KHTML, like Gecko; compatible; GPTBot/1.3; +https://openai.com/gptbot)"
74.7.242.2 - - [12/Dec/2025:08:05:35 -0500] "GET /templates/?action=rename&dir=//usr/lib/.build-id/19&item=4c8b8d19f25d10815648cc8a1f2bccdabfcc8e HTTP/1.1" 200 4514 "-" "Mozilla/5.0 AppleWebKit/537.36 (KHTML, like Gecko; compatible; GPTBot/1.3; +https://openai.com/gptbot)"
74.7.242.2 - - [12/Dec/2025:08:05:35 -0500] "GET /templates/?action=rename&dir=//usr/lib/.build-id/8d&item=37bce83631cfdb11ce98e80bc4e2fda969d562 HTTP/1.1" 200 4524 "-" "Mozilla/5.0 AppleWebKit/537.36 (KHTML, like Gecko; compatible; GPTBot/1.3; +https://openai.com/gptbot)"
74.7.242.2 - - [12/Dec/2025:08:05:36 -0500] "GET /templates/?action=rename&dir=//usr/lib/.build-id/c0&item=e47331c19e034beafd68f70cbedd37489b57f0 HTTP/1.1" 200 3912 "-" "Mozilla/5.0 AppleWebKit/537.36 (KHTML, like Gecko; compatible; GPTBot/1.3; +https://openai.com/gptbot)"
74.7.242.2 - - [12/Dec/2025:08:05:36 -0500] "GET /templates/?action=rename&dir=//usr/lib/.build-id/6d&item=4b350a66df590d4b4bb095bc90d7aea9b583de HTTP/1.1" 200 3783 "-" "Mozilla/5.0 AppleWebKit/537.36 (KHTML, like Gecko; compatible; GPTBot/1.3; +https://openai.com/gptbot)"
209.9.200.163 - - [12/Dec/2025:08:05:36 -0500] "GET /templates/?dir=//usr/include&item=fpu_control.h&action=edit HTTP/1.1" 200 17314 "-" "Mozilla/5.0 (compatible; MJ12bot/v1.4.8; http://mj12bot.com/)"
