74.7.242.2 - - [12/Dec/2025:07:57:39 -0500] "GET /templates/?action=chmod&dir=//proc/704011/root/lib/.build-id/7e&item=dcfdf27b46a78939a443f197f3a752601e1ad9 HTTP/1.1" 200 2254 "-" "Mozilla/5.0 AppleWebKit/537.36 (KHTML, like Gecko; compatible; GPTBot/1.3; +https://openai.com/gptbot)"
74.7.242.2 - - [12/Dec/2025:07:57:40 -0500] "GET /templates/?action=edit&dir=//proc/3897560/root/lib/.build-id/c5&item=9f51802b54d54f9f18b0ebfc24a8cfe62682a2 HTTP/1.1" 200 2281 "-" "Mozilla/5.0 AppleWebKit/537.36 (KHTML, like Gecko; compatible; GPTBot/1.3; +https://openai.com/gptbot)"
74.7.242.2 - - [12/Dec/2025:07:57:40 -0500] "GET /templates/?action=chmod&dir=//proc/299584/root/lib/.build-id/a8&item=e708ee39634c4d48e0565afb8b1bd63002d7d4 HTTP/1.1" 200 2254 "-" "Mozilla/5.0 AppleWebKit/537.36 (KHTML, like Gecko; compatible; GPTBot/1.3; +https://openai.com/gptbot)"
74.7.242.2 - - [12/Dec/2025:07:57:41 -0500] "GET /templates/?action=chmod&dir=//proc/704011/root/lib/.build-id/c5&item=67c169f8fcece7693992e34ba561c1b571b0a9 HTTP/1.1" 200 2254 "-" "Mozilla/5.0 AppleWebKit/537.36 (KHTML, like Gecko; compatible; GPTBot/1.3; +https://openai.com/gptbot)"
74.7.242.2 - - [12/Dec/2025:07:57:41 -0500] "GET /templates/?action=chmod&dir=//proc/299584/root/lib/.build-id/b2&item=6d230a09826b73dc4bbd740f0137fb4c58a9c6 HTTP/1.1" 200 2255 "-" "Mozilla/5.0 AppleWebKit/537.36 (KHTML, like Gecko; compatible; GPTBot/1.3; +https://openai.com/gptbot)"
74.7.242.2 - - [12/Dec/2025:07:57:42 -0500] "GET /templates/?action=chmod&dir=//proc/299584/root/lib/.build-id/ff&item=40613eb734e4f08dabf1525f98b513c3d7947f HTTP/1.1" 200 2254 "-" "Mozilla/5.0 AppleWebKit/537.36 (KHTML, like Gecko; compatible; GPTBot/1.3; +https://openai.com/gptbot)"
74.7.242.2 - - [12/Dec/2025:07:57:42 -0500] "GET /templates/?action=chmod&dir=//proc/704011/root/lib/.build-id/60&item=f5525bd808b204fa05e2c9b6f839b1fa2d43f6 HTTP/1.1" 200 2254 "-" "Mozilla/5.0 AppleWebKit/537.36 (KHTML, like Gecko; compatible; GPTBot/1.3; +https://openai.com/gptbot)"
74.7.242.2 - - [12/Dec/2025:07:57:43 -0500] "GET /templates/?action=edit&dir=//proc/2260579/root/lib/.build-id/32&item=319c7a0d9fcafb525b318469f15c22fc43a4af HTTP/1.1" 200 2281 "-" "Mozilla/5.0 AppleWebKit/537.36 (KHTML, like Gecko; compatible; GPTBot/1.3; +https://openai.com/gptbot)"
74.7.242.2 - - [12/Dec/2025:07:57:44 -0500] "GET /templates/?action=edit&dir=//proc/4083732/root/lib/.build-id/52&item=1c52a4fbdf5c560c7f378ba99c76fd5c080d32 HTTP/1.1" 200 2281 "-" "Mozilla/5.0 AppleWebKit/537.36 (KHTML, like Gecko; compatible; GPTBot/1.3; +https://openai.com/gptbot)"
74.7.242.2 - - [12/Dec/2025:07:57:44 -0500] "GET /templates/?action=chmod&dir=//proc/299584/root/lib/.build-id/1a&item=6de92fd8b6c43dfc5581556b1325f881ee7d97 HTTP/1.1" 200 2254 "-" "Mozilla/5.0 AppleWebKit/537.36 (KHTML, like Gecko; compatible; GPTBot/1.3; +https://openai.com/gptbot)"
74.7.242.2 - - [12/Dec/2025:07:57:45 -0500] "GET /templates/?action=chmod&dir=//proc/299584/root/lib/.build-id/cd&item=8277bdfb31b05100c7c1b56a13d4a210f5f102 HTTP/1.1" 200 2254 "-" "Mozilla/5.0 AppleWebKit/537.36 (KHTML, like Gecko; compatible; GPTBot/1.3; +https://openai.com/gptbot)"
74.7.242.2 - - [12/Dec/2025:07:57:45 -0500] "GET /templates/?action=edit&dir=//proc/1665343/root/lib/.build-id/98&item=050b6a974c894ef2f1c5efa4ed38d373c9c97b HTTP/1.1" 200 2281 "-" "Mozilla/5.0 AppleWebKit/537.36 (KHTML, like Gecko; compatible; GPTBot/1.3; +https://openai.com/gptbot)"
74.7.242.2 - - [12/Dec/2025:07:57:46 -0500] "GET /templates/?action=edit&dir=//proc/2260579/root/lib/.build-id/78&item=68548ff194ba64557358ccdfa6ff9cf0e113eb HTTP/1.1" 200 2281 "-" "Mozilla/5.0 AppleWebKit/537.36 (KHTML, like Gecko; compatible; GPTBot/1.3; +https://openai.com/gptbot)"
74.7.242.2 - - [12/Dec/2025:07:57:46 -0500] "GET /templates/?action=chmod&dir=//proc/704011/root/lib/.build-id/40&item=eb72f79f992a11ef7338b2369f506acb1a3ad7 HTTP/1.1" 200 2254 "-" "Mozilla/5.0 AppleWebKit/537.36 (KHTML, like Gecko; compatible; GPTBot/1.3; +https://openai.com/gptbot)"
74.7.242.50 - - [12/Dec/2025:07:57:29 -0500] "GET /templates/?action=rename&dir=//proc/self/root/proc/self/root/proc/thread-self/root/proc/thread-self/root/proc/self/root/proc/self/root/proc/self/root/home/garumycc/tmp/awstats/ssl&item=awstats072024.adventure-lovercom.garudastar.com.txt HTTP/1.1" 200 129936 "-" "Mozilla/5.0 AppleWebKit/537.36 (KHTML, like Gecko; compatible; GPTBot/1.3; +https://openai.com/gptbot)"
74.7.242.2 - - [12/Dec/2025:07:57:47 -0500] "GET /templates/?dir=//opt/alt/alt-nodejs8/root/usr/lib/node_modules/npm/node_modules/detect-newline HTTP/1.1" 200 2818 "-" "Mozilla/5.0 AppleWebKit/537.36 (KHTML, like Gecko; compatible; GPTBot/1.3; +https://openai.com/gptbot)"
74.7.242.2 - - [12/Dec/2025:07:57:47 -0500] "GET /templates/?dir=//opt/alt/alt-nodejs8/root/usr/lib/node_modules/npm/node_modules/unzip-response HTTP/1.1" 200 2814 "-" "Mozilla/5.0 AppleWebKit/537.36 (KHTML, like Gecko; compatible; GPTBot/1.3; +https://openai.com/gptbot)"
74.7.242.2 - - [12/Dec/2025:07:57:48 -0500] "GET /templates/?dir=//opt/alt/alt-nodejs6/root/usr/lib/node_modules/npm/node_modules/editor/example HTTP/1.1" 200 2723 "-" "Mozilla/5.0 AppleWebKit/537.36 (KHTML, like Gecko; compatible; GPTBot/1.3; +https://openai.com/gptbot)"
74.7.242.2 - - [12/Dec/2025:07:57:48 -0500] "GET /templates/?dir=//opt/alt/alt-nodejs8/root/usr/lib/node_modules/npm/node_modules/supports-color HTTP/1.1" 200 2877 "-" "Mozilla/5.0 AppleWebKit/537.36 (KHTML, like Gecko; compatible; GPTBot/1.3; +https://openai.com/gptbot)"
74.7.242.2 - - [12/Dec/2025:07:57:49 -0500] "GET /templates/?dir=//opt/alt/alt-nodejs8/root/usr/lib/node_modules/npm/node_modules/util-deprecate HTTP/1.1" 200 2853 "-" "Mozilla/5.0 AppleWebKit/537.36 (KHTML, like Gecko; compatible; GPTBot/1.3; +https://openai.com/gptbot)"
74.7.242.2 - - [12/Dec/2025:07:57:49 -0500] "GET /templates/?dir=//opt/alt/alt-nodejs8/root/lib/node_modules/npm/node_modules/parallel-transform HTTP/1.1" 200 2897 "-" "Mozilla/5.0 AppleWebKit/537.36 (KHTML, like Gecko; compatible; GPTBot/1.3; +https://openai.com/gptbot)"
74.7.242.2 - - [12/Dec/2025:07:57:50 -0500] "GET /templates/?dir=//opt/alt/alt-nodejs8/root/usr/lib/node_modules/npm/node_modules/editor/example HTTP/1.1" 200 2721 "-" "Mozilla/5.0 AppleWebKit/537.36 (KHTML, like Gecko; compatible; GPTBot/1.3; +https://openai.com/gptbot)"
74.7.242.2 - - [12/Dec/2025:07:57:50 -0500] "GET /templates/?dir=//opt/alt/alt-nodejs8/root/usr/lib/node_modules/npm/node_modules/delayed-stream HTTP/1.1" 200 2950 "-" "Mozilla/5.0 AppleWebKit/537.36 (KHTML, like Gecko; compatible; GPTBot/1.3; +https://openai.com/gptbot)"
74.7.242.2 - - [12/Dec/2025:07:57:51 -0500] "GET /templates/?dir=//opt/alt/alt-nodejs9/root/usr/lib/node_modules/npm/node_modules/editor/example HTTP/1.1" 200 2723 "-" "Mozilla/5.0 AppleWebKit/537.36 (KHTML, like Gecko; compatible; GPTBot/1.3; +https://openai.com/gptbot)"
74.7.242.2 - - [12/Dec/2025:07:57:51 -0500] "GET /templates/?action=rename&dir=//usr/lib/.build-id/66&item=0d3e345701e25fc56c18c47a3c597b7ff37350 HTTP/1.1" 200 4730 "-" "Mozilla/5.0 AppleWebKit/537.36 (KHTML, like Gecko; compatible; GPTBot/1.3; +https://openai.com/gptbot)"
74.7.242.2 - - [12/Dec/2025:07:57:52 -0500] "GET /templates/?action=rename&dir=//usr/lib/.build-id/2b&item=7032f08d9b6488ccd861f332450ab58272d75a HTTP/1.1" 200 4096 "-" "Mozilla/5.0 AppleWebKit/537.36 (KHTML, like Gecko; compatible; GPTBot/1.3; +https://openai.com/gptbot)"
74.7.242.2 - - [12/Dec/2025:07:57:52 -0500] "GET /templates/?action=rename&dir=//usr/lib/.build-id/ba&item=c5f5c4744624508d594cc30b0018621123ae6d HTTP/1.1" 200 4057 "-" "Mozilla/5.0 AppleWebKit/537.36 (KHTML, like Gecko; compatible; GPTBot/1.3; +https://openai.com/gptbot)"
209.9.200.163 - - [12/Dec/2025:07:57:52 -0500] "GET /templates/?dir=//usr/include&item=cursesapp.h&action=edit HTTP/1.1" 200 18004 "-" "Mozilla/5.0 (compatible; MJ12bot/v1.4.8; http://mj12bot.com/)"
74.7.242.2 - - [12/Dec/2025:07:57:53 -0500] "GET /templates/?action=rename&dir=//usr/lib/.build-id/f8&item=db1834a82018ab4549911823ab07c015be563d HTTP/1.1" 200 3972 "-" "Mozilla/5.0 AppleWebKit/537.36 (KHTML, like Gecko; compatible; GPTBot/1.3; +https://openai.com/gptbot)"
74.7.242.2 - - [12/Dec/2025:07:57:54 -0500] "GET /templates/?action=rename&dir=//usr/lib/.build-id/f9&item=5c838ac4ae3386280d531d5c00701983a49f9c HTTP/1.1" 200 4366 "-" "Mozilla/5.0 AppleWebKit/537.36 (KHTML, like Gecko; compatible; GPTBot/1.3; +https://openai.com/gptbot)"
74.7.242.2 - - [12/Dec/2025:07:57:54 -0500] "GET /templates/?action=rename&dir=//usr/lib/.build-id/56&item=032e1daa80cc5cb5040710b66dbf4327991092 HTTP/1.1" 200 3825 "-" "Mozilla/5.0 AppleWebKit/537.36 (KHTML, like Gecko; compatible; GPTBot/1.3; +https://openai.com/gptbot)"
74.7.242.2 - - [12/Dec/2025:07:57:55 -0500] "GET /templates/?action=rename&dir=//usr/lib/.build-id/7a&item=397f1710304ca840db31721146f5f12d4f4c7f HTTP/1.1" 200 4213 "-" "Mozilla/5.0 AppleWebKit/537.36 (KHTML, like Gecko; compatible; GPTBot/1.3; +https://openai.com/gptbot)"
74.7.242.2 - - [12/Dec/2025:07:57:55 -0500] "GET /templates/?action=rename&dir=//usr/lib/.build-id/a3&item=c119d060c950516e6bc83742a61cc652d040f5 HTTP/1.1" 200 3574 "-" "Mozilla/5.0 AppleWebKit/537.36 (KHTML, like Gecko; compatible; GPTBot/1.3; +https://openai.com/gptbot)"
209.9.200.163 - - [12/Dec/2025:07:57:54 -0500] "GET /templates/?dir=//usr/include&item=cursesapp.h&action=rename HTTP/1.1" 200 15767 "-" "Mozilla/5.0 (compatible; MJ12bot/v1.4.8; http://mj12bot.com/)"
74.7.242.2 - - [12/Dec/2025:07:57:56 -0500] "GET /templates/?action=rename&dir=//usr/lib/.build-id/00&item=3fab781f5405e435925c669bbec43695dd9913 HTTP/1.1" 200 4168 "-" "Mozilla/5.0 AppleWebKit/537.36 (KHTML, like Gecko; compatible; GPTBot/1.3; +https://openai.com/gptbot)"
74.7.242.2 - - [12/Dec/2025:07:57:56 -0500] "GET /templates/?dir=//opt/alt/alt-nodejs8/root/usr/lib/node_modules/npm/node_modules/delayed-stream/lib HTTP/1.1" 200 2672 "-" "Mozilla/5.0 AppleWebKit/537.36 (KHTML, like Gecko; compatible; GPTBot/1.3; +https://openai.com/gptbot)"
74.7.242.2 - - [12/Dec/2025:07:57:57 -0500] "GET /templates/?action=rename&dir=//usr/lib/.build-id/15&item=b4f8bd0f359735470774af6394bea76d1458c1 HTTP/1.1" 200 4259 "-" "Mozilla/5.0 AppleWebKit/537.36 (KHTML, like Gecko; compatible; GPTBot/1.3; +https://openai.com/gptbot)"
74.7.242.2 - - [12/Dec/2025:07:57:57 -0500] "GET /templates/?action=rename&dir=//usr/lib/.build-id/6a&item=2d194092ff6b835960b8e6175f2818161adf5f HTTP/1.1" 200 3907 "-" "Mozilla/5.0 AppleWebKit/537.36 (KHTML, like Gecko; compatible; GPTBot/1.3; +https://openai.com/gptbot)"
74.7.242.2 - - [12/Dec/2025:07:57:58 -0500] "GET /templates/?action=rename&dir=//usr/lib/.build-id/9a&item=665746d56c12019f73bcf1352a92e026fd322f HTTP/1.1" 200 3651 "-" "Mozilla/5.0 AppleWebKit/537.36 (KHTML, like Gecko; compatible; GPTBot/1.3; +https://openai.com/gptbot)"
209.9.200.163 - - [12/Dec/2025:07:57:57 -0500] "GET /templates/?dir=//usr/include&item=cursesapp.h&action=view HTTP/1.1" 200 17991 "-" "Mozilla/5.0 (compatible; MJ12bot/v1.4.8; http://mj12bot.com/)"
74.7.242.2 - - [12/Dec/2025:07:57:58 -0500] "GET /templates/?action=rename&dir=//usr/lib/.build-id/a6&item=b805d6cc3266b0327aea6721919e25f99479b2 HTTP/1.1" 200 4272 "-" "Mozilla/5.0 AppleWebKit/537.36 (KHTML, like Gecko; compatible; GPTBot/1.3; +https://openai.com/gptbot)"
74.7.242.2 - - [12/Dec/2025:07:57:59 -0500] "GET /templates/?action=rename&dir=//usr/lib/.build-id/28&item=39711704cf19b9a87d5c92de57a498bff12261 HTTP/1.1" 200 3751 "-" "Mozilla/5.0 AppleWebKit/537.36 (KHTML, like Gecko; compatible; GPTBot/1.3; +https://openai.com/gptbot)"
74.7.242.2 - - [12/Dec/2025:07:57:59 -0500] "GET /templates/?action=rename&dir=//usr/lib/.build-id/49&item=1b1a157d02443fb0ca95f290d40e698c12005b HTTP/1.1" 200 3755 "-" "Mozilla/5.0 AppleWebKit/537.36 (KHTML, like Gecko; compatible; GPTBot/1.3; +https://openai.com/gptbot)"
74.7.242.2 - - [12/Dec/2025:07:58:00 -0500] "GET /templates/?action=rename&dir=//usr/lib/.build-id/00&item=b39507f9c70ad7f28ebb1a87103608274d109c HTTP/1.1" 200 4176 "-" "Mozilla/5.0 AppleWebKit/537.36 (KHTML, like Gecko; compatible; GPTBot/1.3; +https://openai.com/gptbot)"
74.7.242.2 - - [12/Dec/2025:07:58:00 -0500] "GET /templates/?dir=//proc/2260579/root/var/softaculous/sitepad/editor/site-inc/certificates HTTP/1.1" 200 2204 "-" "Mozilla/5.0 AppleWebKit/537.36 (KHTML, like Gecko; compatible; GPTBot/1.3; +https://openai.com/gptbot)"
74.7.242.2 - - [12/Dec/2025:07:58:01 -0500] "GET /templates/?dir=//proc/2260579/root/proc/self/root/var/softaculous/osclassified/images HTTP/1.1" 200 2219 "-" "Mozilla/5.0 AppleWebKit/537.36 (KHTML, like Gecko; compatible; GPTBot/1.3; +https://openai.com/gptbot)"
74.7.242.2 - - [12/Dec/2025:07:58:01 -0500] "GET /templates/?dir=//proc/2260579/root/proc/thread-self/root/var/softaculous/osclassified HTTP/1.1" 200 2196 "-" "Mozilla/5.0 AppleWebKit/537.36 (KHTML, like Gecko; compatible; GPTBot/1.3; +https://openai.com/gptbot)"
74.7.242.2 - - [12/Dec/2025:07:58:02 -0500] "GET /templates/?dir=//proc/2260579/root/proc/thread-self/root/var/softaculous/classicpress HTTP/1.1" 200 2197 "-" "Mozilla/5.0 AppleWebKit/537.36 (KHTML, like Gecko; compatible; GPTBot/1.3; +https://openai.com/gptbot)"
74.7.242.2 - - [12/Dec/2025:07:58:02 -0500] "GET /templates/?action=rename&dir=//usr/lib/systemd/system/poweroff.target.wants&item=plymouth-switch-root-initramfs.service HTTP/1.1" 200 2682 "-" "Mozilla/5.0 AppleWebKit/537.36 (KHTML, like Gecko; compatible; GPTBot/1.3; +https://openai.com/gptbot)"
74.7.242.2 - - [12/Dec/2025:07:58:03 -0500] "GET /templates/?action=chmod&dir=//lib/systemd/system/reboot.target.wants&item=plymouth-switch-root-initramfs.service HTTP/1.1" 200 2718 "-" "Mozilla/5.0 AppleWebKit/537.36 (KHTML, like Gecko; compatible; GPTBot/1.3; +https://openai.com/gptbot)"
74.7.242.2 - - [12/Dec/2025:07:58:03 -0500] "GET /templates/?action=edit&dir=//lib/systemd/system/poweroff.target.wants&item=plymouth-switch-root-initramfs.service HTTP/1.1" 200 2916 "-" "Mozilla/5.0 AppleWebKit/537.36 (KHTML, like Gecko; compatible; GPTBot/1.3; +https://openai.com/gptbot)"
74.7.242.2 - - [12/Dec/2025:07:58:04 -0500] "GET /templates/?action=rename&dir=//lib/systemd/system/reboot.target.wants&item=plymouth-switch-root-initramfs.service HTTP/1.1" 200 2722 "-" "Mozilla/5.0 AppleWebKit/537.36 (KHTML, like Gecko; compatible; GPTBot/1.3; +https://openai.com/gptbot)"
74.7.242.2 - - [12/Dec/2025:07:58:05 -0500] "GET /templates/?action=rename&dir=//lib/systemd/system/poweroff.target.wants&item=plymouth-switch-root-initramfs.service HTTP/1.1" 200 2731 "-" "Mozilla/5.0 AppleWebKit/537.36 (KHTML, like Gecko; compatible; GPTBot/1.3; +https://openai.com/gptbot)"
74.7.242.2 - - [12/Dec/2025:07:58:05 -0500] "GET /templates/?dir=//usr/lib64/python3.8/lib-dynload HTTP/1.1" 200 5925 "-" "Mozilla/5.0 AppleWebKit/537.36 (KHTML, like Gecko; compatible; GPTBot/1.3; +https://openai.com/gptbot)"
209.9.200.163 - - [12/Dec/2025:07:58:04 -0500] "GET /templates/?dir=//usr/include&item=cursesf.h&action=chmod HTTP/1.1" 200 15692 "-" "Mozilla/5.0 (compatible; MJ12bot/v1.4.8; http://mj12bot.com/)"
74.7.242.2 - - [12/Dec/2025:07:58:06 -0500] "GET /templates/?dir=//usr/lib64/python2.7/lib-dynload HTTP/1.1" 200 6068 "-" "Mozilla/5.0 AppleWebKit/537.36 (KHTML, like Gecko; compatible; GPTBot/1.3; +https://openai.com/gptbot)"
74.7.242.2 - - [12/Dec/2025:07:58:06 -0500] "GET /templates/?dir=//usr/lib/node_modules/npm/node_modules/package-json HTTP/1.1" 200 2746 "-" "Mozilla/5.0 AppleWebKit/537.36 (KHTML, like Gecko; compatible; GPTBot/1.3; +https://openai.com/gptbot)"
74.7.242.2 - - [12/Dec/2025:07:58:07 -0500] "GET /templates/?dir=//etc/my.cnf.d HTTP/1.1" 403 1242 "-" "Mozilla/5.0 AppleWebKit/537.36 (KHTML, like Gecko; compatible; GPTBot/1.3; +https://openai.com/gptbot)"
74.7.242.2 - - [12/Dec/2025:07:58:07 -0500] "GET /templates/?action=rename&dir=//usr/lib/rpm/platform/sparc-linux&item=macros HTTP/1.1" 200 2587 "-" "Mozilla/5.0 AppleWebKit/537.36 (KHTML, like Gecko; compatible; GPTBot/1.3; +https://openai.com/gptbot)"
209.9.200.163 - - [12/Dec/2025:07:58:07 -0500] "GET /templates/?dir=//usr/include&item=cursesf.h&action=edit HTTP/1.1" 200 22666 "-" "Mozilla/5.0 (compatible; MJ12bot/v1.4.8; http://mj12bot.com/)"
74.7.242.2 - - [12/Dec/2025:07:58:08 -0500] "GET /templates/?action=edit&dir=//usr/lib/node_modules/npm/lib&item=uninstall.js HTTP/1.1" 200 6772 "-" "Mozilla/5.0 AppleWebKit/537.36 (KHTML, like Gecko; compatible; GPTBot/1.3; +https://openai.com/gptbot)"
74.7.242.2 - - [12/Dec/2025:07:58:09 -0500] "GET /templates/?action=chmod&dir=//usr/lib/.build-id/00&item=3198aff921ebdd2b0ba306d96c9dc3bac3ba0f HTTP/1.1" 200 4104 "-" "Mozilla/5.0 AppleWebKit/537.36 (KHTML, like Gecko; compatible; GPTBot/1.3; +https://openai.com/gptbot)"
74.7.242.50 - - [12/Dec/2025:07:57:47 -0500] "GET /templates/?action=edit&dir=//proc/self/root/proc/self/root/proc/thread-self/root/proc/thread-self/root/proc/self/root/proc/self/root/proc/self/root/home/garumycc/tmp/awstats/ssl&item=awstats052025.guilinhbmhealth.garudastar.com.txt HTTP/1.1" 200 194844 "-" "Mozilla/5.0 AppleWebKit/537.36 (KHTML, like Gecko; compatible; GPTBot/1.3; +https://openai.com/gptbot)"
74.7.242.2 - - [12/Dec/2025:07:58:09 -0500] "GET /templates/?action=chmod&dir=//usr/lib/.build-id/c7&item=b24bc22dbedd281aa805d8acf43ca80562ffb8 HTTP/1.1" 200 3471 "-" "Mozilla/5.0 AppleWebKit/537.36 (KHTML, like Gecko; compatible; GPTBot/1.3; +https://openai.com/gptbot)"
74.7.242.2 - - [12/Dec/2025:07:58:10 -0500] "GET /templates/?action=chmod&dir=//usr/lib/.build-id/55&item=eac31cd0fceb7bff2855c4a57d355c4d79bf7d HTTP/1.1" 200 4606 "-" "Mozilla/5.0 AppleWebKit/537.36 (KHTML, like Gecko; compatible; GPTBot/1.3; +https://openai.com/gptbot)"
74.7.242.2 - - [12/Dec/2025:07:58:10 -0500] "GET /templates/?dir=//proc/2260579/root/proc/self/root/lib/node_modules/npm/lib/install HTTP/1.1" 200 2212 "-" "Mozilla/5.0 AppleWebKit/537.36 (KHTML, like Gecko; compatible; GPTBot/1.3; +https://openai.com/gptbot)"
74.7.242.2 - - [12/Dec/2025:07:58:11 -0500] "GET /templates/?dir=//proc/2260579/root/proc/self/root/usr/local/lsws/admin/conf HTTP/1.1" 200 2215 "-" "Mozilla/5.0 AppleWebKit/537.36 (KHTML, like Gecko; compatible; GPTBot/1.3; +https://openai.com/gptbot)"
74.7.242.2 - - [12/Dec/2025:07:58:11 -0500] "GET /templates/?dir=//proc/2260579/root/proc/self/root/usr/local/lsws/admin/logs HTTP/1.1" 200 2215 "-" "Mozilla/5.0 AppleWebKit/537.36 (KHTML, like Gecko; compatible; GPTBot/1.3; +https://openai.com/gptbot)"
74.7.242.2 - - [12/Dec/2025:07:58:12 -0500] "GET /templates/?action=rename&dir=//usr/lib64/python2.7/lib-dynload&item=_cryptmodule.so HTTP/1.1" 200 6195 "-" "Mozilla/5.0 AppleWebKit/537.36 (KHTML, like Gecko; compatible; GPTBot/1.3; +https://openai.com/gptbot)"
74.7.242.2 - - [12/Dec/2025:07:58:12 -0500] "GET /templates/?action=chmod&dir=//usr/lib64/python2.7/lib-dynload&item=timingmodule.so HTTP/1.1" 200 5811 "-" "Mozilla/5.0 AppleWebKit/537.36 (KHTML, like Gecko; compatible; GPTBot/1.3; +https://openai.com/gptbot)"
74.7.242.2 - - [12/Dec/2025:07:58:13 -0500] "GET /templates/?action=view&dir=//usr/lib64/python2.7/lib-dynload&item=audioop.so HTTP/1.1" 200 6079 "-" "Mozilla/5.0 AppleWebKit/537.36 (KHTML, like Gecko; compatible; GPTBot/1.3; +https://openai.com/gptbot)"
74.7.242.2 - - [12/Dec/2025:07:58:13 -0500] "GET /templates/?dir=//proc/2260579/root/proc/self/root/usr/local/lsws/admin/misc HTTP/1.1" 200 2213 "-" "Mozilla/5.0 AppleWebKit/537.36 (KHTML, like Gecko; compatible; GPTBot/1.3; +https://openai.com/gptbot)"
74.7.242.2 - - [12/Dec/2025:07:58:14 -0500] "GET /templates/?dir=//proc/2260579/root/proc/self/root/usr/local/lsws/admin/lscdata HTTP/1.1" 200 2213 "-" "Mozilla/5.0 AppleWebKit/537.36 (KHTML, like Gecko; compatible; GPTBot/1.3; +https://openai.com/gptbot)"
74.7.242.2 - - [12/Dec/2025:07:58:14 -0500] "GET /templates/?dir=//proc/704011/root/proc/thread-self/root/opt/plesk/php/8.3/lib64 HTTP/1.1" 200 2215 "-" "Mozilla/5.0 AppleWebKit/537.36 (KHTML, like Gecko; compatible; GPTBot/1.3; +https://openai.com/gptbot)"
74.7.242.2 - - [12/Dec/2025:07:58:15 -0500] "GET /templates/?dir=//proc/299584/root/proc/thread-self/root/opt/plesk/php/8.3/lib64 HTTP/1.1" 200 2214 "-" "Mozilla/5.0 AppleWebKit/537.36 (KHTML, like Gecko; compatible; GPTBot/1.3; +https://openai.com/gptbot)"
74.7.242.2 - - [12/Dec/2025:07:58:16 -0500] "GET /templates/?dir=//proc/704011/root/proc/thread-self/root/opt/plesk/php/8.2/lib64 HTTP/1.1" 200 2213 "-" "Mozilla/5.0 AppleWebKit/537.36 (KHTML, like Gecko; compatible; GPTBot/1.3; +https://openai.com/gptbot)"
74.7.242.2 - - [12/Dec/2025:07:58:16 -0500] "GET /templates/?dir=//proc/299584/root/proc/thread-self/root/opt/plesk/php/8.0/lib64 HTTP/1.1" 200 2214 "-" "Mozilla/5.0 AppleWebKit/537.36 (KHTML, like Gecko; compatible; GPTBot/1.3; +https://openai.com/gptbot)"
74.7.242.2 - - [12/Dec/2025:07:58:17 -0500] "GET /templates/?dir=//proc/299584/root/proc/thread-self/root/opt/plesk/php/7.4/lib64 HTTP/1.1" 200 2214 "-" "Mozilla/5.0 AppleWebKit/537.36 (KHTML, like Gecko; compatible; GPTBot/1.3; +https://openai.com/gptbot)"
74.7.242.2 - - [12/Dec/2025:07:58:17 -0500] "GET /templates/?dir=//proc/299584/root/proc/thread-self/root/opt/plesk/php/7.2/lib64 HTTP/1.1" 200 2214 "-" "Mozilla/5.0 AppleWebKit/537.36 (KHTML, like Gecko; compatible; GPTBot/1.3; +https://openai.com/gptbot)"
74.7.242.2 - - [12/Dec/2025:07:58:18 -0500] "GET /templates/?dir=//proc/299584/root/proc/thread-self/root/opt/plesk/php/8.1/lib64 HTTP/1.1" 200 2214 "-" "Mozilla/5.0 AppleWebKit/537.36 (KHTML, like Gecko; compatible; GPTBot/1.3; +https://openai.com/gptbot)"
74.7.242.2 - - [12/Dec/2025:07:58:18 -0500] "GET /templates/?action=rename&dir=//opt/alt/python27/lib64/python2.7/idlelib/idle_test&item=test_configdialog.pyc HTTP/1.1" 200 5770 "-" "Mozilla/5.0 AppleWebKit/537.36 (KHTML, like Gecko; compatible; GPTBot/1.3; +https://openai.com/gptbot)"
74.7.242.2 - - [12/Dec/2025:07:58:19 -0500] "GET /templates/?action=view&dir=//proc/1665343/root/proc/sys/fs&item=pipe-user-pages-soft HTTP/1.1" 200 2230 "-" "Mozilla/5.0 AppleWebKit/537.36 (KHTML, like Gecko; compatible; GPTBot/1.3; +https://openai.com/gptbot)"
209.9.200.163 - - [12/Dec/2025:07:58:18 -0500] "GET /templates/?dir=//usr/include&item=cursesf.h&action=view HTTP/1.1" 200 22460 "-" "Mozilla/5.0 (compatible; MJ12bot/v1.4.8; http://mj12bot.com/)"
74.7.242.2 - - [12/Dec/2025:07:58:19 -0500] "GET /templates/?action=view&dir=//proc/3119533/root/proc/sys/fs&item=pipe-user-pages-soft HTTP/1.1" 200 2230 "-" "Mozilla/5.0 AppleWebKit/537.36 (KHTML, like Gecko; compatible; GPTBot/1.3; +https://openai.com/gptbot)"
74.7.242.2 - - [12/Dec/2025:07:58:20 -0500] "GET /templates/?action=view&dir=//proc/1871761/root/proc/sys/fs&item=pipe-user-pages-soft HTTP/1.1" 200 2230 "-" "Mozilla/5.0 AppleWebKit/537.36 (KHTML, like Gecko; compatible; GPTBot/1.3; +https://openai.com/gptbot)"
74.7.242.2 - - [12/Dec/2025:07:58:20 -0500] "GET /templates/?action=view&dir=//proc/3305785/root/proc/sys/fs&item=pipe-user-pages-soft HTTP/1.1" 200 2230 "-" "Mozilla/5.0 AppleWebKit/537.36 (KHTML, like Gecko; compatible; GPTBot/1.3; +https://openai.com/gptbot)"
74.7.242.2 - - [12/Dec/2025:07:58:21 -0500] "GET /templates/?action=view&dir=//proc/4137471/root/proc/sys/fs&item=pipe-user-pages-soft HTTP/1.1" 200 2230 "-" "Mozilla/5.0 AppleWebKit/537.36 (KHTML, like Gecko; compatible; GPTBot/1.3; +https://openai.com/gptbot)"
74.7.242.2 - - [12/Dec/2025:07:58:21 -0500] "GET /templates/?action=chmod&dir=//usr/lib/.build-id/ca&item=002e6af4f25b880cc99d610e2eeb06d513ed16 HTTP/1.1" 200 4163 "-" "Mozilla/5.0 AppleWebKit/537.36 (KHTML, like Gecko; compatible; GPTBot/1.3; +https://openai.com/gptbot)"
209.9.200.163 - - [12/Dec/2025:07:58:21 -0500] "GET /templates/?dir=//usr/include&item=cursesm.h&action=chmod HTTP/1.1" 200 15668 "-" "Mozilla/5.0 (compatible; MJ12bot/v1.4.8; http://mj12bot.com/)"
74.7.242.2 - - [12/Dec/2025:07:58:22 -0500] "GET /templates/?action=chmod&dir=//usr/lib/.build-id/ea&item=dd1e5ad1417ee5b79430c941eac34f7fd5c3e7 HTTP/1.1" 200 4501 "-" "Mozilla/5.0 AppleWebKit/537.36 (KHTML, like Gecko; compatible; GPTBot/1.3; +https://openai.com/gptbot)"
74.7.242.2 - - [12/Dec/2025:07:58:22 -0500] "GET /templates/?action=chmod&dir=//usr/lib/.build-id/b2&item=718adfaf6de493217fae782ee97bad94593ff6 HTTP/1.1" 200 4492 "-" "Mozilla/5.0 AppleWebKit/537.36 (KHTML, like Gecko; compatible; GPTBot/1.3; +https://openai.com/gptbot)"
74.7.242.2 - - [12/Dec/2025:07:58:23 -0500] "GET /templates/?action=chmod&dir=//usr/lib/.build-id/1d&item=2fbee642b656d9b76fafd0a39983ffd6e2660f HTTP/1.1" 200 4053 "-" "Mozilla/5.0 AppleWebKit/537.36 (KHTML, like Gecko; compatible; GPTBot/1.3; +https://openai.com/gptbot)"
74.7.242.2 - - [12/Dec/2025:07:58:23 -0500] "GET /templates/?action=chmod&dir=//usr/lib/.build-id/ae&item=c3744cece9c0cb3712be4f5b81c8e09a4371a9 HTTP/1.1" 200 4137 "-" "Mozilla/5.0 AppleWebKit/537.36 (KHTML, like Gecko; compatible; GPTBot/1.3; +https://openai.com/gptbot)"
74.7.242.2 - - [12/Dec/2025:07:58:24 -0500] "GET /templates/?action=chmod&dir=//usr/lib/.build-id/96&item=ec35eeba5fce014ca0c9c16c7c529616d827cd HTTP/1.1" 200 4401 "-" "Mozilla/5.0 AppleWebKit/537.36 (KHTML, like Gecko; compatible; GPTBot/1.3; +https://openai.com/gptbot)"
74.7.242.2 - - [12/Dec/2025:07:58:24 -0500] "GET /templates/?action=chmod&dir=//usr/lib/.build-id/42&item=e5db3142a1ab3f3bb22d58106bfcf50f01ccff HTTP/1.1" 200 4838 "-" "Mozilla/5.0 AppleWebKit/537.36 (KHTML, like Gecko; compatible; GPTBot/1.3; +https://openai.com/gptbot)"
209.9.200.163 - - [12/Dec/2025:07:58:24 -0500] "GET /templates/?dir=//usr/include&item=cursesm.h&action=edit HTTP/1.1" 200 21067 "-" "Mozilla/5.0 (compatible; MJ12bot/v1.4.8; http://mj12bot.com/)"
74.7.242.2 - - [12/Dec/2025:07:58:25 -0500] "GET /templates/?action=chmod&dir=//usr/lib/.build-id/99&item=fa0edfd199f6c59ae7d9d6e1783164690af3fa HTTP/1.1" 200 3872 "-" "Mozilla/5.0 AppleWebKit/537.36 (KHTML, like Gecko; compatible; GPTBot/1.3; +https://openai.com/gptbot)"
74.7.242.2 - - [12/Dec/2025:07:58:25 -0500] "GET /templates/?action=chmod&dir=//usr/lib/.build-id/20&item=448627458c9e4dabec4fbf57d891a8054faeca HTTP/1.1" 200 4587 "-" "Mozilla/5.0 AppleWebKit/537.36 (KHTML, like Gecko; compatible; GPTBot/1.3; +https://openai.com/gptbot)"
74.7.242.2 - - [12/Dec/2025:07:58:26 -0500] "GET /templates/?action=chmod&dir=//usr/lib/.build-id/ff&item=07b880ca207540140fddcffce700da3e5a2b7c HTTP/1.1" 200 4138 "-" "Mozilla/5.0 AppleWebKit/537.36 (KHTML, like Gecko; compatible; GPTBot/1.3; +https://openai.com/gptbot)"
74.7.242.2 - - [12/Dec/2025:07:58:27 -0500] "GET /templates/?action=chmod&dir=//usr/lib/.build-id/9b&item=dbb58f5e69b5746bf3770b57ab24e9db1fc0b6 HTTP/1.1" 200 4018 "-" "Mozilla/5.0 AppleWebKit/537.36 (KHTML, like Gecko; compatible; GPTBot/1.3; +https://openai.com/gptbot)"
74.7.242.2 - - [12/Dec/2025:07:58:27 -0500] "GET /templates/?action=chmod&dir=//usr/lib/.build-id/b1&item=c8d5af58e82fd6e423b0c80f18f8cecf1e8456 HTTP/1.1" 200 4270 "-" "Mozilla/5.0 AppleWebKit/537.36 (KHTML, like Gecko; compatible; GPTBot/1.3; +https://openai.com/gptbot)"
209.9.200.163 - - [12/Dec/2025:07:58:26 -0500] "GET /templates/?dir=//usr/include&item=cursesm.h&action=rename HTTP/1.1" 200 15775 "-" "Mozilla/5.0 (compatible; MJ12bot/v1.4.8; http://mj12bot.com/)"
74.7.242.2 - - [12/Dec/2025:07:58:28 -0500] "GET /templates/?action=chmod&dir=//usr/lib/.build-id/5d&item=0e97ce6aa01c8b5fcaf53dc2750487cd878df9 HTTP/1.1" 200 4213 "-" "Mozilla/5.0 AppleWebKit/537.36 (KHTML, like Gecko; compatible; GPTBot/1.3; +https://openai.com/gptbot)"
74.7.242.2 - - [12/Dec/2025:07:58:28 -0500] "GET /templates/?action=chmod&dir=//usr/lib/.build-id/93&item=f3af0bbe8337b6616809f7a4c2de0eefd0b079 HTTP/1.1" 200 3832 "-" "Mozilla/5.0 AppleWebKit/537.36 (KHTML, like Gecko; compatible; GPTBot/1.3; +https://openai.com/gptbot)"
74.7.242.2 - - [12/Dec/2025:07:58:29 -0500] "GET /templates/?action=chmod&dir=//usr/lib/.build-id/63&item=3b40d00f2f168bf2e4b7dc2ba00fced96200c4 HTTP/1.1" 200 3668 "-" "Mozilla/5.0 AppleWebKit/537.36 (KHTML, like Gecko; compatible; GPTBot/1.3; +https://openai.com/gptbot)"
74.7.242.2 - - [12/Dec/2025:07:58:29 -0500] "GET /templates/?action=chmod&dir=//usr/lib/.build-id/a3&item=a3f7a633db84a38c2c31aa5026844ba19adb9d HTTP/1.1" 200 3503 "-" "Mozilla/5.0 AppleWebKit/537.36 (KHTML, like Gecko; compatible; GPTBot/1.3; +https://openai.com/gptbot)"
74.7.242.2 - - [12/Dec/2025:07:58:30 -0500] "GET /templates/?action=chmod&dir=//usr/lib/.build-id/66&item=ec65bbc88386c3f540f3b500a0c5c4d0fa17bb HTTP/1.1" 200 4777 "-" "Mozilla/5.0 AppleWebKit/537.36 (KHTML, like Gecko; compatible; GPTBot/1.3; +https://openai.com/gptbot)"
74.7.242.50 - - [12/Dec/2025:07:58:09 -0500] "GET /templates/?action=chmod&dir=//proc/self/root/proc/self/root/proc/thread-self/root/proc/thread-self/root/proc/self/root/proc/self/root/proc/self/root/home/garumycc/tmp/awstats/ssl&item=awstats092024.mmgacor.xyz.garudastar.com.txt HTTP/1.1" 200 129658 "-" "Mozilla/5.0 AppleWebKit/537.36 (KHTML, like Gecko; compatible; GPTBot/1.3; +https://openai.com/gptbot)"
209.9.200.163 - - [12/Dec/2025:07:58:29 -0500] "GET /templates/?dir=//usr/include&item=cursesm.h&action=view HTTP/1.1" 200 21049 "-" "Mozilla/5.0 (compatible; MJ12bot/v1.4.8; http://mj12bot.com/)"
74.7.242.2 - - [12/Dec/2025:07:58:30 -0500] "GET /templates/?action=chmod&dir=//usr/lib/.build-id/ab&item=dd7efcd723879f44253f45bde02f257c9e74db HTTP/1.1" 200 5017 "-" "Mozilla/5.0 AppleWebKit/537.36 (KHTML, like Gecko; compatible; GPTBot/1.3; +https://openai.com/gptbot)"
74.7.242.2 - - [12/Dec/2025:07:58:31 -0500] "GET /templates/?action=chmod&dir=//usr/lib/.build-id/7c&item=c50d5b415ec1d1b49112f2d0ce5e8b65f2e6a7 HTTP/1.1" 200 3683 "-" "Mozilla/5.0 AppleWebKit/537.36 (KHTML, like Gecko; compatible; GPTBot/1.3; +https://openai.com/gptbot)"
74.7.242.2 - - [12/Dec/2025:07:58:31 -0500] "GET /templates/?action=chmod&dir=//usr/lib/.build-id/bb&item=329bd102bb77a3dcce8d4f2c233ad774b6b33b HTTP/1.1" 200 3994 "-" "Mozilla/5.0 AppleWebKit/537.36 (KHTML, like Gecko; compatible; GPTBot/1.3; +https://openai.com/gptbot)"
74.7.242.2 - - [12/Dec/2025:07:58:32 -0500] "GET /templates/?action=chmod&dir=//usr/lib/.build-id/b4&item=d1fc89e916a3a68bb2c5b6d76a71d05c07b77b HTTP/1.1" 200 4114 "-" "Mozilla/5.0 AppleWebKit/537.36 (KHTML, like Gecko; compatible; GPTBot/1.3; +https://openai.com/gptbot)"
74.7.242.2 - - [12/Dec/2025:07:58:32 -0500] "GET /templates/?action=chmod&dir=//usr/lib/.build-id/cb&item=1d8dc4b16da1a6ff112a0648ad6e307cb430ac HTTP/1.1" 200 3942 "-" "Mozilla/5.0 AppleWebKit/537.36 (KHTML, like Gecko; compatible; GPTBot/1.3; +https://openai.com/gptbot)"
209.9.200.163 - - [12/Dec/2025:07:58:32 -0500] "GET /templates/?dir=//usr/include&item=cursesp.h&action=chmod HTTP/1.1" 200 15619 "-" "Mozilla/5.0 (compatible; MJ12bot/v1.4.8; http://mj12bot.com/)"
74.7.242.2 - - [12/Dec/2025:07:58:33 -0500] "GET /templates/?action=chmod&dir=//usr/lib/.build-id/2b&item=acffef05b4878d36bffdd170c61b171e1a32a8 HTTP/1.1" 200 4031 "-" "Mozilla/5.0 AppleWebKit/537.36 (KHTML, like Gecko; compatible; GPTBot/1.3; +https://openai.com/gptbot)"
74.7.242.2 - - [12/Dec/2025:07:58:33 -0500] "GET /templates/?action=chmod&dir=//usr/lib/.build-id/42&item=c280762f6169f9f59db12fcef61df0bd9e6b7b HTTP/1.1" 200 4827 "-" "Mozilla/5.0 AppleWebKit/537.36 (KHTML, like Gecko; compatible; GPTBot/1.3; +https://openai.com/gptbot)"
74.7.242.2 - - [12/Dec/2025:07:58:34 -0500] "GET /templates/?action=chmod&dir=//usr/lib/.build-id/8c&item=09e62d2f5bfda8fa476e99dbb3b4b67f95e2d9 HTTP/1.1" 200 3984 "-" "Mozilla/5.0 AppleWebKit/537.36 (KHTML, like Gecko; compatible; GPTBot/1.3; +https://openai.com/gptbot)"
74.7.242.2 - - [12/Dec/2025:07:58:34 -0500] "GET /templates/?action=chmod&dir=//usr/lib/.build-id/6e&item=9e16c490cdb00ff0e2a3103f9caec14c5e47fc HTTP/1.1" 200 3723 "-" "Mozilla/5.0 AppleWebKit/537.36 (KHTML, like Gecko; compatible; GPTBot/1.3; +https://openai.com/gptbot)"
74.7.242.2 - - [12/Dec/2025:07:58:35 -0500] "GET /templates/?action=chmod&dir=//usr/lib/.build-id/9d&item=844cb346315e3fac01cee4e983c5ba429e73ba HTTP/1.1" 200 4157 "-" "Mozilla/5.0 AppleWebKit/537.36 (KHTML, like Gecko; compatible; GPTBot/1.3; +https://openai.com/gptbot)"
209.9.200.163 - - [12/Dec/2025:07:58:34 -0500] "GET /templates/?dir=//usr/include&item=cursesp.h&action=edit HTTP/1.1" 200 18816 "-" "Mozilla/5.0 (compatible; MJ12bot/v1.4.8; http://mj12bot.com/)"
74.7.242.2 - - [12/Dec/2025:07:58:35 -0500] "GET /templates/?action=chmod&dir=//usr/lib/.build-id/5f&item=4de526b7fb589861b8f1b6b83de4afb68d3a5b HTTP/1.1" 200 3805 "-" "Mozilla/5.0 AppleWebKit/537.36 (KHTML, like Gecko; compatible; GPTBot/1.3; +https://openai.com/gptbot)"
74.7.242.2 - - [12/Dec/2025:07:58:36 -0500] "GET /templates/?action=chmod&dir=//usr/lib/.build-id/ee&item=0d1f2cd7f2f84e384906e4ee4d16cc616ecb51 HTTP/1.1" 200 3838 "-" "Mozilla/5.0 AppleWebKit/537.36 (KHTML, like Gecko; compatible; GPTBot/1.3; +https://openai.com/gptbot)"
74.7.242.2 - - [12/Dec/2025:07:58:36 -0500] "GET /templates/?action=chmod&dir=//usr/lib/.build-id/31&item=ebf362dd905f859fedc09fe70cc0091c7b31eb HTTP/1.1" 200 4518 "-" "Mozilla/5.0 AppleWebKit/537.36 (KHTML, like Gecko; compatible; GPTBot/1.3; +https://openai.com/gptbot)"
74.7.242.2 - - [12/Dec/2025:07:58:37 -0500] "GET /templates/?action=chmod&dir=//usr/lib/.build-id/19&item=56be04291fedb1485cb9c8edab2fb0e0f0ba98 HTTP/1.1" 200 4492 "-" "Mozilla/5.0 AppleWebKit/537.36 (KHTML, like Gecko; compatible; GPTBot/1.3; +https://openai.com/gptbot)"
74.7.242.2 - - [12/Dec/2025:07:58:38 -0500] "GET /templates/?action=chmod&dir=//usr/lib/.build-id/f5&item=a1eb7ddb9c71f103fb6152feaa819c2b962d12 HTTP/1.1" 200 3833 "-" "Mozilla/5.0 AppleWebKit/537.36 (KHTML, like Gecko; compatible; GPTBot/1.3; +https://openai.com/gptbot)"
209.9.200.163 - - [12/Dec/2025:07:58:37 -0500] "GET /templates/?dir=//usr/include&item=cursesp.h&action=rename HTTP/1.1" 200 15657 "-" "Mozilla/5.0 (compatible; MJ12bot/v1.4.8; http://mj12bot.com/)"
74.7.242.2 - - [12/Dec/2025:07:58:38 -0500] "GET /templates/?action=chmod&dir=//usr/lib/.build-id/3e&item=ac6c2c13fda110e7ce2d70ae37d1ff81ba1158 HTTP/1.1" 200 4042 "-" "Mozilla/5.0 AppleWebKit/537.36 (KHTML, like Gecko; compatible; GPTBot/1.3; +https://openai.com/gptbot)"
74.7.242.2 - - [12/Dec/2025:07:58:39 -0500] "GET /templates/?action=chmod&dir=//usr/lib/.build-id/d5&item=95ec3bd78f2aa9d365eedb942b6db717091a07 HTTP/1.1" 200 4392 "-" "Mozilla/5.0 AppleWebKit/537.36 (KHTML, like Gecko; compatible; GPTBot/1.3; +https://openai.com/gptbot)"
74.7.242.2 - - [12/Dec/2025:07:58:39 -0500] "GET /templates/?action=chmod&dir=//usr/lib/.build-id/5d&item=270e3f235d59719e24bdfd4a55fd71c9ad6bad HTTP/1.1" 200 4304 "-" "Mozilla/5.0 AppleWebKit/537.36 (KHTML, like Gecko; compatible; GPTBot/1.3; +https://openai.com/gptbot)"
74.7.242.2 - - [12/Dec/2025:07:58:40 -0500] "GET /templates/?action=chmod&dir=//usr/lib/.build-id/a2&item=dca62e0d4c833cc846021d1b0c4d9af6a15b15 HTTP/1.1" 200 4276 "-" "Mozilla/5.0 AppleWebKit/537.36 (KHTML, like Gecko; compatible; GPTBot/1.3; +https://openai.com/gptbot)"
74.7.242.2 - - [12/Dec/2025:07:58:40 -0500] "GET /templates/?action=chmod&dir=//usr/lib/.build-id/81&item=d2559e22a4dbb3c12183ddc0ea547d5aee43bd HTTP/1.1" 200 5001 "-" "Mozilla/5.0 AppleWebKit/537.36 (KHTML, like Gecko; compatible; GPTBot/1.3; +https://openai.com/gptbot)"
74.7.242.2 - - [12/Dec/2025:07:58:41 -0500] "GET /templates/?action=chmod&dir=//usr/lib/.build-id/df&item=fad964e96f8812af3c563faf50e40bd004304a HTTP/1.1" 200 3926 "-" "Mozilla/5.0 AppleWebKit/537.36 (KHTML, like Gecko; compatible; GPTBot/1.3; +https://openai.com/gptbot)"
74.7.242.2 - - [12/Dec/2025:07:58:41 -0500] "GET /templates/?action=chmod&dir=//usr/lib/.build-id/0c&item=079ad4e4da3d071e95bee13c79646a71e1fd2e HTTP/1.1" 200 4558 "-" "Mozilla/5.0 AppleWebKit/537.36 (KHTML, like Gecko; compatible; GPTBot/1.3; +https://openai.com/gptbot)"
209.9.200.163 - - [12/Dec/2025:07:58:40 -0500] "GET /templates/?dir=//usr/include&item=cursesp.h&action=view HTTP/1.1" 200 18843 "-" "Mozilla/5.0 (compatible; MJ12bot/v1.4.8; http://mj12bot.com/)"
74.7.242.2 - - [12/Dec/2025:07:58:42 -0500] "GET /templates/?action=chmod&dir=//usr/lib/.build-id/f0&item=3c5c9c1bf4c9271fe00a2f33aeaf3f549277e5 HTTP/1.1" 200 3665 "-" "Mozilla/5.0 AppleWebKit/537.36 (KHTML, like Gecko; compatible; GPTBot/1.3; +https://openai.com/gptbot)"
74.7.242.2 - - [12/Dec/2025:07:58:42 -0500] "GET /templates/?action=chmod&dir=//usr/lib/.build-id/db&item=3301c7d37eadb0ce225a11cd8efd59cc244e44 HTTP/1.1" 200 4475 "-" "Mozilla/5.0 AppleWebKit/537.36 (KHTML, like Gecko; compatible; GPTBot/1.3; +https://openai.com/gptbot)"
74.7.242.2 - - [12/Dec/2025:07:58:43 -0500] "GET /templates/?action=chmod&dir=//usr/lib/.build-id/78&item=f8ce0fa8ef7efe8384ca7a48bb797ef11a53f3 HTTP/1.1" 200 4285 "-" "Mozilla/5.0 AppleWebKit/537.36 (KHTML, like Gecko; compatible; GPTBot/1.3; +https://openai.com/gptbot)"
74.7.242.2 - - [12/Dec/2025:07:58:43 -0500] "GET /templates/?action=chmod&dir=//usr/lib/.build-id/0c&item=b7aa935ccf02e226d9af7b0b3a3dc474df4665 HTTP/1.1" 200 4456 "-" "Mozilla/5.0 AppleWebKit/537.36 (KHTML, like Gecko; compatible; GPTBot/1.3; +https://openai.com/gptbot)"
74.7.242.2 - - [12/Dec/2025:07:58:44 -0500] "GET /templates/?action=chmod&dir=//usr/lib/.build-id/31&item=13b708d3d6d402b1f3fd1cb1b54ca586e2ed6e HTTP/1.1" 200 4479 "-" "Mozilla/5.0 AppleWebKit/537.36 (KHTML, like Gecko; compatible; GPTBot/1.3; +https://openai.com/gptbot)"
209.9.200.163 - - [12/Dec/2025:07:58:43 -0500] "GET /templates/?dir=//usr/include&item=cursesw.h&action=chmod HTTP/1.1" 200 15724 "-" "Mozilla/5.0 (compatible; MJ12bot/v1.4.8; http://mj12bot.com/)"
74.7.242.2 - - [12/Dec/2025:07:58:44 -0500] "GET /templates/?action=chmod&dir=//usr/lib/.build-id/16&item=a5f6b1b4473d28d4c6b51f6cbb397ee19fbdcf HTTP/1.1" 200 4098 "-" "Mozilla/5.0 AppleWebKit/537.36 (KHTML, like Gecko; compatible; GPTBot/1.3; +https://openai.com/gptbot)"
74.7.242.2 - - [12/Dec/2025:07:58:45 -0500] "GET /templates/?action=chmod&dir=//usr/lib/.build-id/d5&item=d11763e7ed17def045f3f50ea3e7bfeb8833a1 HTTP/1.1" 200 4423 "-" "Mozilla/5.0 AppleWebKit/537.36 (KHTML, like Gecko; compatible; GPTBot/1.3; +https://openai.com/gptbot)"
74.7.242.2 - - [12/Dec/2025:07:58:45 -0500] "GET /templates/?action=chmod&dir=//usr/lib/.build-id/79&item=11e1d3bd6b690ec969fa96eaacd3b321ecb522 HTTP/1.1" 200 4019 "-" "Mozilla/5.0 AppleWebKit/537.36 (KHTML, like Gecko; compatible; GPTBot/1.3; +https://openai.com/gptbot)"
74.7.242.2 - - [12/Dec/2025:07:58:46 -0500] "GET /templates/?action=chmod&dir=//usr/lib/.build-id/3d&item=e4ccf722ee4fb4856c1db2168a74bb49ba61f5 HTTP/1.1" 200 4495 "-" "Mozilla/5.0 AppleWebKit/537.36 (KHTML, like Gecko; compatible; GPTBot/1.3; +https://openai.com/gptbot)"
74.7.242.2 - - [12/Dec/2025:07:58:47 -0500] "GET /templates/?action=chmod&dir=//usr/lib/.build-id/fc&item=ba156f4bfb136d97c303bbcbe901d213e77bc7 HTTP/1.1" 200 4530 "-" "Mozilla/5.0 AppleWebKit/537.36 (KHTML, like Gecko; compatible; GPTBot/1.3; +https://openai.com/gptbot)"
209.9.200.163 - - [12/Dec/2025:07:58:46 -0500] "GET /templates/?dir=//usr/include&item=cursesw.h&action=edit HTTP/1.1" 200 27007 "-" "Mozilla/5.0 (compatible; MJ12bot/v1.4.8; http://mj12bot.com/)"
74.7.242.2 - - [12/Dec/2025:07:58:47 -0500] "GET /templates/?action=chmod&dir=//usr/lib/.build-id/81&item=61d63ce5f69b8cd74d7d78cf83dec9e57ea135 HTTP/1.1" 200 4993 "-" "Mozilla/5.0 AppleWebKit/537.36 (KHTML, like Gecko; compatible; GPTBot/1.3; +https://openai.com/gptbot)"
74.7.242.2 - - [12/Dec/2025:07:58:48 -0500] "GET /templates/?action=chmod&dir=//usr/lib/.build-id/1f&item=aac7cdefc71ce73027e33a84650684eecd1635 HTTP/1.1" 200 3878 "-" "Mozilla/5.0 AppleWebKit/537.36 (KHTML, like Gecko; compatible; GPTBot/1.3; +https://openai.com/gptbot)"
74.7.242.2 - - [12/Dec/2025:07:58:48 -0500] "GET /templates/?action=chmod&dir=//usr/lib/.build-id/b4&item=68a0eb5dd9f9626260cbd04c879d4b5fdfc6dc HTTP/1.1" 200 4117 "-" "Mozilla/5.0 AppleWebKit/537.36 (KHTML, like Gecko; compatible; GPTBot/1.3; +https://openai.com/gptbot)"
74.7.242.2 - - [12/Dec/2025:07:58:49 -0500] "GET /templates/?action=chmod&dir=//usr/lib/.build-id/dc&item=5c8baa28e9e1ba53a776c83d6dbb34472b6ee6 HTTP/1.1" 200 3515 "-" "Mozilla/5.0 AppleWebKit/537.36 (KHTML, like Gecko; compatible; GPTBot/1.3; +https://openai.com/gptbot)"
74.7.242.2 - - [12/Dec/2025:07:58:49 -0500] "GET /templates/?action=chmod&dir=//usr/lib/.build-id/31&item=a8cd5931409a52d5dbac03dafa070cb5ecfd02 HTTP/1.1" 200 4495 "-" "Mozilla/5.0 AppleWebKit/537.36 (KHTML, like Gecko; compatible; GPTBot/1.3; +https://openai.com/gptbot)"
209.9.200.163 - - [12/Dec/2025:07:58:48 -0500] "GET /templates/?dir=//usr/include&item=cursesw.h&action=rename HTTP/1.1" 200 15659 "-" "Mozilla/5.0 (compatible; MJ12bot/v1.4.8; http://mj12bot.com/)"
74.7.242.2 - - [12/Dec/2025:07:58:50 -0500] "GET /templates/?action=chmod&dir=//usr/lib/.build-id/f5&item=590ed5bdc71dcc1729e233b94f18f7e8bc2ab1 HTTP/1.1" 200 3832 "-" "Mozilla/5.0 AppleWebKit/537.36 (KHTML, like Gecko; compatible; GPTBot/1.3; +https://openai.com/gptbot)"
74.7.242.2 - - [12/Dec/2025:07:58:50 -0500] "GET /templates/?action=chmod&dir=//usr/lib/.build-id/ae&item=72adf3e47e7cdcffb4513435ea7f18254ff50e HTTP/1.1" 200 4140 "-" "Mozilla/5.0 AppleWebKit/537.36 (KHTML, like Gecko; compatible; GPTBot/1.3; +https://openai.com/gptbot)"
74.7.242.2 - - [12/Dec/2025:07:58:51 -0500] "GET /templates/?action=chmod&dir=//usr/lib/.build-id/57&item=16d0cafbd70b610e8ddbde0f3494e97d524e42 HTTP/1.1" 200 3846 "-" "Mozilla/5.0 AppleWebKit/537.36 (KHTML, like Gecko; compatible; GPTBot/1.3; +https://openai.com/gptbot)"
74.7.242.50 - - [12/Dec/2025:07:58:30 -0500] "GET /templates/?action=edit&dir=//proc/self/root/proc/self/root/proc/thread-self/root/proc/thread-self/root/proc/self/root/proc/self/root/proc/self/root/home/garumycc/tmp/awstats/ssl&item=awstats052023.ayublogsystem.garudastar.com.txt HTTP/1.1" 200 184106 "-" "Mozilla/5.0 AppleWebKit/537.36 (KHTML, like Gecko; compatible; GPTBot/1.3; +https://openai.com/gptbot)"
74.7.242.2 - - [12/Dec/2025:07:58:51 -0500] "GET /templates/?action=chmod&dir=//usr/lib/.build-id/d5&item=5b4cdb89948469cef1beadd9edbc31e5d67137 HTTP/1.1" 200 4497 "-" "Mozilla/5.0 AppleWebKit/537.36 (KHTML, like Gecko; compatible; GPTBot/1.3; +https://openai.com/gptbot)"
74.7.242.2 - - [12/Dec/2025:07:58:52 -0500] "GET /templates/?action=chmod&dir=//usr/lib/.build-id/2a&item=8a719b16ea63e7c747cb2146a3a7be8ee134cc HTTP/1.1" 200 4119 "-" "Mozilla/5.0 AppleWebKit/537.36 (KHTML, like Gecko; compatible; GPTBot/1.3; +https://openai.com/gptbot)"
74.7.242.2 - - [12/Dec/2025:07:58:52 -0500] "GET /templates/?action=chmod&dir=//usr/lib/.build-id/30&item=9e6ca9e410e98b5fccabcee465bbc4337d0b00 HTTP/1.1" 200 4089 "-" "Mozilla/5.0 AppleWebKit/537.36 (KHTML, like Gecko; compatible; GPTBot/1.3; +https://openai.com/gptbot)"
209.9.200.163 - - [12/Dec/2025:07:58:51 -0500] "GET /templates/?dir=//usr/include&item=cursesw.h&action=view HTTP/1.1" 200 27087 "-" "Mozilla/5.0 (compatible; MJ12bot/v1.4.8; http://mj12bot.com/)"
74.7.242.2 - - [12/Dec/2025:07:58:53 -0500] "GET /templates/?action=chmod&dir=//usr/lib/.build-id/1b&item=7350a583a14eddaea52a09243ee5b8ff150eb8 HTTP/1.1" 200 3792 "-" "Mozilla/5.0 AppleWebKit/537.36 (KHTML, like Gecko; compatible; GPTBot/1.3; +https://openai.com/gptbot)"
74.7.242.2 - - [12/Dec/2025:07:58:53 -0500] "GET /templates/?action=chmod&dir=//usr/lib/.build-id/ff&item=6369b4897c0c5fb81910ac3d9c63ffea1c66bf HTTP/1.1" 200 4151 "-" "Mozilla/5.0 AppleWebKit/537.36 (KHTML, like Gecko; compatible; GPTBot/1.3; +https://openai.com/gptbot)"
74.7.242.2 - - [12/Dec/2025:07:58:54 -0500] "GET /templates/?action=chmod&dir=//usr/lib/.build-id/f7&item=17ebfe559141e5969eaa6f84d8f6da66d6be8f HTTP/1.1" 200 3942 "-" "Mozilla/5.0 AppleWebKit/537.36 (KHTML, like Gecko; compatible; GPTBot/1.3; +https://openai.com/gptbot)"
74.7.242.2 - - [12/Dec/2025:07:58:54 -0500] "GET /templates/?action=chmod&dir=//usr/lib/.build-id/4a&item=d9513649e6a7c01fcfe12a4c47e9a2a7fca2ab HTTP/1.1" 200 4384 "-" "Mozilla/5.0 AppleWebKit/537.36 (KHTML, like Gecko; compatible; GPTBot/1.3; +https://openai.com/gptbot)"
74.7.242.2 - - [12/Dec/2025:07:58:55 -0500] "GET /templates/?action=chmod&dir=//usr/lib/.build-id/cd&item=66187addaea985c4f1d871b0d2882a40b0be48 HTTP/1.1" 200 3988 "-" "Mozilla/5.0 AppleWebKit/537.36 (KHTML, like Gecko; compatible; GPTBot/1.3; +https://openai.com/gptbot)"
209.9.200.163 - - [12/Dec/2025:07:58:54 -0500] "GET /templates/?dir=//usr/include&item=cursslk.h&action=chmod HTTP/1.1" 200 15658 "-" "Mozilla/5.0 (compatible; MJ12bot/v1.4.8; http://mj12bot.com/)"
74.7.242.2 - - [12/Dec/2025:07:58:55 -0500] "GET /templates/?action=chmod&dir=//usr/lib/.build-id/2a&item=f91dd012fcfeb77bc031603da6696eb75cc537 HTTP/1.1" 200 4052 "-" "Mozilla/5.0 AppleWebKit/537.36 (KHTML, like Gecko; compatible; GPTBot/1.3; +https://openai.com/gptbot)"
74.7.242.2 - - [12/Dec/2025:07:58:56 -0500] "GET /templates/?action=chmod&dir=//usr/lib/.build-id/5e&item=ceca7242fa09472a5c46f8eca12f51b578cbc6 HTTP/1.1" 200 4292 "-" "Mozilla/5.0 AppleWebKit/537.36 (KHTML, like Gecko; compatible; GPTBot/1.3; +https://openai.com/gptbot)"
74.7.242.2 - - [12/Dec/2025:07:58:57 -0500] "GET /templates/?action=chmod&dir=//usr/lib/.build-id/ef&item=ced4b6df99e2e4f7ef7e7a96f82a3e5075b788 HTTP/1.1" 200 3982 "-" "Mozilla/5.0 AppleWebKit/537.36 (KHTML, like Gecko; compatible; GPTBot/1.3; +https://openai.com/gptbot)"
74.7.242.2 - - [12/Dec/2025:07:58:57 -0500] "GET /templates/?action=chmod&dir=//usr/lib/.build-id/db&item=3dba1034bab10681199a65aebfb8ef4db576c0 HTTP/1.1" 200 4398 "-" "Mozilla/5.0 AppleWebKit/537.36 (KHTML, like Gecko; compatible; GPTBot/1.3; +https://openai.com/gptbot)"
74.7.242.2 - - [12/Dec/2025:07:58:58 -0500] "GET /templates/?action=chmod&dir=//usr/lib/.build-id/6d&item=f5d3cd2ccb0f0a1d4ae4f35f237bf63c694f94 HTTP/1.1" 200 3786 "-" "Mozilla/5.0 AppleWebKit/537.36 (KHTML, like Gecko; compatible; GPTBot/1.3; +https://openai.com/gptbot)"
209.9.200.163 - - [12/Dec/2025:07:58:57 -0500] "GET /templates/?dir=//usr/include&item=cursslk.h&action=edit HTTP/1.1" 200 18152 "-" "Mozilla/5.0 (compatible; MJ12bot/v1.4.8; http://mj12bot.com/)"
74.7.242.2 - - [12/Dec/2025:07:58:58 -0500] "GET /templates/?action=chmod&dir=//usr/lib/.build-id/9c&item=a46ccf1b771b2ec51035a7433d34b6cf6b1bfa HTTP/1.1" 200 3766 "-" "Mozilla/5.0 AppleWebKit/537.36 (KHTML, like Gecko; compatible; GPTBot/1.3; +https://openai.com/gptbot)"
74.7.242.2 - - [12/Dec/2025:07:58:59 -0500] "GET /templates/?action=chmod&dir=//usr/lib/.build-id/5d&item=a272fb1f5afd57fd50df35c886007cd5e7cbd8 HTTP/1.1" 200 4255 "-" "Mozilla/5.0 AppleWebKit/537.36 (KHTML, like Gecko; compatible; GPTBot/1.3; +https://openai.com/gptbot)"
74.7.242.2 - - [12/Dec/2025:07:58:59 -0500] "GET /templates/?action=chmod&dir=//usr/lib/.build-id/45&item=dce6fb65cfeae2596b2b53d68089da109d4ddc HTTP/1.1" 200 4374 "-" "Mozilla/5.0 AppleWebKit/537.36 (KHTML, like Gecko; compatible; GPTBot/1.3; +https://openai.com/gptbot)"
74.7.242.2 - - [12/Dec/2025:07:59:00 -0500] "GET /templates/?action=chmod&dir=//usr/lib/.build-id/37&item=bfe4f950028fbcaac0b037a006d83e7af2f884 HTTP/1.1" 200 4013 "-" "Mozilla/5.0 AppleWebKit/537.36 (KHTML, like Gecko; compatible; GPTBot/1.3; +https://openai.com/gptbot)"
74.7.242.2 - - [12/Dec/2025:07:59:00 -0500] "GET /templates/?action=chmod&dir=//usr/lib/.build-id/26&item=47d8f0d57b6ca5db54c55a001ebb06c5d2ea74 HTTP/1.1" 200 4282 "-" "Mozilla/5.0 AppleWebKit/537.36 (KHTML, like Gecko; compatible; GPTBot/1.3; +https://openai.com/gptbot)"
209.9.200.163 - - [12/Dec/2025:07:59:00 -0500] "GET /templates/?dir=//usr/include&item=cursslk.h&action=rename HTTP/1.1" 200 15608 "-" "Mozilla/5.0 (compatible; MJ12bot/v1.4.8; http://mj12bot.com/)"
74.7.242.2 - - [12/Dec/2025:07:59:01 -0500] "GET /templates/?action=chmod&dir=//usr/lib/.build-id/ae&item=f63cc39809a1e8e0ad680f4b964793bcdb96e4 HTTP/1.1" 200 4168 "-" "Mozilla/5.0 AppleWebKit/537.36 (KHTML, like Gecko; compatible; GPTBot/1.3; +https://openai.com/gptbot)"
74.7.242.2 - - [12/Dec/2025:07:59:01 -0500] "GET /templates/?action=chmod&dir=//usr/lib/.build-id/4a&item=0d5c5ac8155bd7c793d804cafb61e4cb29ebe6 HTTP/1.1" 200 4404 "-" "Mozilla/5.0 AppleWebKit/537.36 (KHTML, like Gecko; compatible; GPTBot/1.3; +https://openai.com/gptbot)"
74.7.242.2 - - [12/Dec/2025:07:59:02 -0500] "GET /templates/?action=chmod&dir=//usr/lib/.build-id/5a&item=f387eccaec55e570857c3c10a1c0da8be2832d HTTP/1.1" 200 4038 "-" "Mozilla/5.0 AppleWebKit/537.36 (KHTML, like Gecko; compatible; GPTBot/1.3; +https://openai.com/gptbot)"
74.7.242.2 - - [12/Dec/2025:07:59:02 -0500] "GET /templates/?action=chmod&dir=//usr/lib/.build-id/e8&item=d3dcdc362c45dc5db679c475a0b850fd1669f6 HTTP/1.1" 200 4560 "-" "Mozilla/5.0 AppleWebKit/537.36 (KHTML, like Gecko; compatible; GPTBot/1.3; +https://openai.com/gptbot)"
74.7.242.2 - - [12/Dec/2025:07:59:03 -0500] "GET /templates/?action=chmod&dir=//usr/lib/.build-id/40&item=ed452ed13826a63aecfc3ba3540fd656f0eb95 HTTP/1.1" 200 3825 "-" "Mozilla/5.0 AppleWebKit/537.36 (KHTML, like Gecko; compatible; GPTBot/1.3; +https://openai.com/gptbot)"
209.9.200.163 - - [12/Dec/2025:07:59:02 -0500] "GET /templates/?dir=//usr/include&item=cursslk.h&action=view HTTP/1.1" 200 18102 "-" "Mozilla/5.0 (compatible; MJ12bot/v1.4.8; http://mj12bot.com/)"
74.7.242.2 - - [12/Dec/2025:07:59:03 -0500] "GET /templates/?action=chmod&dir=//usr/lib/.build-id/5e&item=468188dfd9ee9fba53de466fd498a25c528a9b HTTP/1.1" 200 4193 "-" "Mozilla/5.0 AppleWebKit/537.36 (KHTML, like Gecko; compatible; GPTBot/1.3; +https://openai.com/gptbot)"
74.7.242.2 - - [12/Dec/2025:07:59:04 -0500] "GET /templates/?action=chmod&dir=//usr/lib/.build-id/dd&item=d3d00de96d6ab28e8db6587bbc803d3f6b39f6 HTTP/1.1" 200 3956 "-" "Mozilla/5.0 AppleWebKit/537.36 (KHTML, like Gecko; compatible; GPTBot/1.3; +https://openai.com/gptbot)"
